Apr 15 15:38:34 server sshd[48774]: Received disconnect from 61.177.173.57 port 53434:11: [preauth]
Apr 15 15:38:34 server sshd[48774]: Disconnected from authenticating user root 61.177.173.57 port 53434 [preauth]
Apr 15 15:38:34 server sshd[48774]: PAM 2 more authentication failures; logname= uid=0 euid=0 tty=ssh ruser= rhost=61.177.173.57 user=root
Apr 15 15:39:02 server sshd[48776]: pam_unix(sshd:auth): authentication failure; logname= uid=0 euid=0 tty=ssh ruser= rhost=61.177.173.57 user=root
Apr 15 15:39:03 server sshd[48776]: Failed password for root from 61.177.173.57 port 29729 ssh2
Apr 15 15:39:10 server sshd[48776]: message repeated 2 times: [ Failed password for root from 61.177.173.57 port 29729 ssh2]
Apr 15 15:39:12 server sshd[48776]: Received disconnect from 61.177.173.57 port 29729:11: [preauth]
Apr 15 15:39:12 server sshd[48776]: Disconnected from authenticating user root 61.177.173.57 port 29729 [preauth]
Apr 15 15:39:12 server sshd[48776]: PAM 2 more authentication failures; logname= uid=0 euid=0 tty=ssh ruser= rhost=61.177.173.57 user=root
Apr 15 15:39:28 server sshd[48778]: pam_unix(sshd:auth): authentication failure; logname= uid=0 euid=0 tty=ssh ruser= rhost=61.177.173.57 user=root
Apr 15 15:39:30 server sshd[48778]: Failed password for root from 61.177.173.57 port 56219 ssh2
Apr 15 15:39:37 server sshd[48778]: message repeated 2 times: [ Failed password for root from 61.177.173.57 port 56219 ssh2]
Apr 15 15:39:40 server sshd[48778]: Received disconnect from 61.177.173.57 port 56219:11: [preauth]
Apr 15 15:39:40 server sshd[48778]: Disconnected from authenticating user root 61.177.173.57 port 56219 [preauth]
Apr 15 15:39:40 server sshd[48778]: PAM 2 more authentication failures; logname= uid=0 euid=0 tty=ssh ruser= rhost=61.177.173.57 user=root
Apr 15 15:39:59 server sshd[48780]: pam_unix(sshd:auth): authentication failure; logname= uid=0 euid=0 tty=ssh ruser= rhost=61.177.173.57 user=root
Apr 15 15:40:01 server sshd[48780]: Failed password for root from 61.177.173.57 port 19532 ssh2
Apr 15 15:40:07 server sshd[48780]: message repeated 2 times: [ Failed password for root from 61.177.173.57 port 19532 ssh2]
Apr 15 15:40:10 server sshd[48780]: Received disconnect from 61.177.173.57 port 19532:11: [preauth]
Apr 15 15:40:10 server sshd[48780]: Disconnected from authenticating user root 61.177.173.57 port 19532 [preauth]
Apr 15 15:40:10 server sshd[48780]: PAM 2 more authentication failures; logname= uid=0 euid=0 tty=ssh ruser= rhost=61.177.173.57 user=root
Apr 15 15:40:26 server sshd[48782]: pam_unix(sshd:auth): authentication failure; logname= uid=0 euid=0 tty=ssh ruser= rhost=61.177.173.57 user=root
Apr 15 15:40:28 server sshd[48782]: Failed password for root from 61.177.173.57 port 34212 ssh2
Apr 15 15:40:36 server sshd[48782]: message repeated 2 times: [ Failed password for root from 61.177.173.57 port 34212 ssh2]
Apr 15 15:40:36 server sshd[48782]: Received disconnect from 61.177.173.57 port 34212:11: [preauth]
Apr 15 15:40:36 server sshd[48782]: Disconnected from authenticating user root 61.177.173.57 port 34212 [preauth]
Apr 15 15:40:36 server sshd[48782]: PAM 2 more authentication failures; logname= uid=0 euid=0 tty=ssh ruser= rhost=61.177.173.57 user=root
Apr 15 15:40:57 server sshd[48784]: pam_unix(sshd:auth): authentication failure; logname= uid=0 euid=0 tty=ssh ruser= rhost=61.177.173.57 user=root
Apr 15 15:40:58 server sshd[48784]: Failed password for root from 61.177.173.57 port 48802 ssh2
Apr 15 15:41:04 server sshd[48784]: message repeated 2 times: [ Failed password for root from 61.177.173.57 port 48802 ssh2]
Apr 15 15:41:07 server sshd[48784]: Received disconnect from 61.177.173.57 port 48802:11: [preauth]
Apr 15 15:41:07 server sshd[48784]: Disconnected from authenticating user root 61.177.173.57 port 48802 [preauth]
Apr 15 15:41:07 server sshd[48784]: PAM 2 more authentication failures; logname= uid=0 euid=0 tty=ssh ruser= rhost=61.177.173.57 user=root
Apr 15 15:41:26 server sshd[48786]: pam_unix(sshd:auth): authentication failure; logname= uid=0 euid=0 tty=ssh ruser= rhost=61.177.173.57 user=root
Apr 15 15:41:28 server sshd[48786]: Failed password for root from 61.177.173.57 port 18303 ssh2
Apr 15 15:41:35 server sshd[48786]: message repeated 2 times: [ Failed password for root from 61.177.173.57 port 18303 ssh2]
Apr 15 15:41:36 server sshd[48786]: Received disconnect from 61.177.173.57 port 18303:11: [preauth]
Apr 15 15:41:36 server sshd[48786]: Disconnected from authenticating user root 61.177.173.57 port 18303 [preauth]
Apr 15 15:41:36 server sshd[48786]: PAM 2 more authentication failures; logname= uid=0 euid=0 tty=ssh ruser= rhost=61.177.173.57 user=root
Apr 15 15:41:56 server sshd[48788]: pam_unix(sshd:auth): authentication failure; logname= uid=0 euid=0 tty=ssh ruser= rhost=61.177.173.57 user=root
Apr 15 15:41:58 server sshd[48788]: Failed password for root from 61.177.173.57 port 52219 ssh2
Apr 15 15:42:03 server sshd[48788]: message repeated 2 times: [ Failed password for root from 61.177.173.57 port 52219 ssh2]
Apr 15 15:42:06 server sshd[48788]: Received disconnect from 61.177.173.57 port 52219:11: [preauth]
Apr 15 15:42:06 server sshd[48788]: Disconnected from authenticating user root 61.177.173.57 port 52219 [preauth]
Apr 15 15:42:06 server sshd[48788]: PAM 2 more authentication failures; logname= uid=0 euid=0 tty=ssh ruser= rhost=61.177.173.57 user=root
Apr 15 15:42:25 server sshd[48790]: pam_unix(sshd:auth): authentication failure; logname= uid=0 euid=0 tty=ssh ruser= rhost=61.177.173.57 user=root
Apr 15 15:42:27 server sshd[48790]: Failed password for root from 61.177.173.57 port 28592 ssh2
Apr 15 15:42:33 server sshd[48790]: message repeated 2 times: [ Failed password for root from 61.177.173.57 port 28592 ssh2]
Apr 15 15:42:34 server sshd[48790]: Received disconnect from 61.177.173.57 port 28592:11: [preauth]
Apr 15 15:42:34 server sshd[48790]: Disconnected from authenticating user root 61.177.173.57 port 28592 [preauth]
Apr 15 15:42:34 server sshd[48790]: PAM 2 more authentication failures; logname= uid=0 euid=0 tty=ssh ruser= rhost=61.177.173.57 user=root
Apr 15 15:42:57 server sshd[48792]: pam_unix(sshd:auth): authentication failure; logname= uid=0 euid=0 tty=ssh ruser= rhost=61.177.173.57 user=root
Apr 15 15:42:59 server sshd[48792]: Failed password for root from 61.177.173.57 port 41728 ssh2
Apr 15 15:43:08 server sshd[48792]: message repeated 2 times: [ Failed password for root from 61.177.173.57 port 41728 ssh2]
Apr 15 15:43:08 server sshd[48792]: Received disconnect from 61.177.173.57 port 41728:11: [preauth]
Apr 15 15:43:08 server sshd[48792]: Disconnected from authenticating user root 61.177.173.57 port 41728 [preauth]
Apr 15 15:43:08 server sshd[48792]: PAM 2 more authentication failures; logname= uid=0 euid=0 tty=ssh ruser= rhost=61.177.173.57 user=root
Apr 15 15:43:27 server sshd[48794]: pam_unix(sshd:auth): authentication failure; logname= uid=0 euid=0 tty=ssh ruser= rhost=61.177.173.57 user=root
Apr 15 15:43:29 server sshd[48794]: Failed password for root from 61.177.173.57 port 55414 ssh2
Apr 15 15:43:35 server sshd[48794]: message repeated 2 times: [ Failed password for root from 61.177.173.57 port 55414 ssh2]
Apr 15 15:43:36 server sshd[48794]: Received disconnect from 61.177.173.57 port 55414:11: [preauth]
Apr 15 15:43:36 server sshd[48794]: Disconnected from authenticating user root 61.177.173.57 port 55414 [preauth]
Apr 15 15:43:36 server sshd[48794]: PAM 2 more authentication failures; logname= uid=0 euid=0 tty=ssh ruser= rhost=61.177.173.57 user=root
Apr 15 15:43:52 server sshd[48796]: pam_unix(sshd:auth): authentication failure; logname= uid=0 euid=0 tty=ssh ruser= rhost=61.177.173.57 user=root
Apr 15 15:43:54 server sshd[48796]: Failed password for root from 61.177.173.57 port 60332 ssh2
Apr 15 15:44:01 server sshd[48796]: message repeated 2 times: [ Failed password for root from 61.177.173.57 port 60332 ssh2]
Apr 15 15:44:02 server sshd[48796]: Received disconnect from 61.177.173.57 port 60332:11: [preauth]
Apr 15 15:44:02 server sshd[48796]: Disconnected from authenticating user root 61.177.173.57 port 60332 [preauth]
Apr 15 15:44:02 server sshd[48796]: PAM 2 more authentication failures; logname= uid=0 euid=0 tty=ssh ruser= rhost=61.177.173.57 user=root
Apr 15 15:44:22 server sshd[48798]: pam_unix(sshd:auth): authentication failure; logname= uid=0 euid=0 tty=ssh ruser= rhost=61.177.173.57 user=root
Apr 15 15:44:24 server sshd[48798]: Failed password for root from 61.177.173.57 port 33677 ssh2
Apr 15 15:44:31 server sshd[48798]: message repeated 2 times: [ Failed password for root from 61.177.173.57 port 33677 ssh2]
Apr 15 15:44:33 server sshd[48798]: Received disconnect from 61.177.173.57 port 33677:11: [preauth]
Apr 15 15:44:33 server sshd[48798]: Disconnected from authenticating user root 61.177.173.57 port 33677 [preauth]
Apr 15 15:44:33 server sshd[48798]: PAM 2 more authentication failures; logname= uid=0 euid=0 tty=ssh ruser= rhost=61.177.173.57 user=root
Apr 15 15:44:56 server sshd[48800]: pam_unix(sshd:auth): authentication failure; logname= uid=0 euid=0 tty=ssh ruser= rhost=61.177.173.57 user=root
Apr 15 15:44:58 server sshd[48800]: Failed password for root from 61.177.173.57 port 57865 ssh2
Apr 15 15:45:06 server sshd[48800]: message repeated 2 times: [ Failed password for root from 61.177.173.57 port 57865 ssh2]
Apr 15 15:45:08 server sshd[48800]: Received disconnect from 61.177.173.57 port 57865:11: [preauth]
Apr 15 15:45:08 server sshd[48800]: Disconnected from authenticating user root 61.177.173.57 port 57865 [preauth]
Apr 15 15:45:08 server sshd[48800]: PAM 2 more authentication failures; logname= uid=0 euid=0 tty=ssh ruser= rhost=61.177.173.57 user=root
Apr 15 15:45:27 server sshd[48802]: pam_unix(sshd:auth): authentication failure; logname= uid=0 euid=0 tty=ssh ruser= rhost=61.177.173.57 user=root
Apr 15 15:45:29 server sshd[48802]: Failed password for root from 61.177.173.57 port 18074 ssh2
Apr 15 15:45:34 server sshd[48802]: Failed password for root from 61.177.173.57 port 18074 ssh2
Apr 15 15:45:36 server sshd[48802]: Received disconnect from 61.177.173.57 port 18074:11: [preauth]
Apr 15 15:45:36 server sshd[48802]: Disconnected from authenticating user root 61.177.173.57 port 18074 [preauth]
Apr 15 15:45:36 server sshd[48802]: PAM 1 more authentication failure; logname= uid=0 euid=0 tty=ssh ruser= rhost=61.177.173.57 user=root
Apr 15 15:46:00 server sshd[48804]: pam_unix(sshd:auth): authentication failure; logname= uid=0 euid=0 tty=ssh ruser= rhost=61.177.173.57 user=root
Apr 15 15:46:02 server sshd[48804]: Failed password for root from 61.177.173.57 port 54868 ssh2
Apr 15 15:46:12 server sshd[48804]: message repeated 2 times: [ Failed password for root from 61.177.173.57 port 54868 ssh2]
Apr 15 15:46:14 server sshd[48804]: Received disconnect from 61.177.173.57 port 54868:11: [preauth]
Apr 15 15:46:14 server sshd[48804]: Disconnected from authenticating user root 61.177.173.57 port 54868 [preauth]
Apr 15 15:46:14 server sshd[48804]: PAM 2 more authentication failures; logname= uid=0 euid=0 tty=ssh ruser= rhost=61.177.173.57 user=root
Apr 15 15:46:23 server sshd[48806]: pam_unix(sshd:auth): authentication failure; logname= uid=0 euid=0 tty=ssh ruser= rhost=99.27.129.7 user=root
Apr 15 15:46:25 server sshd[48806]: Failed password for root from 99.27.129.7 port 51254 ssh2
Apr 15 15:46:34 server sshd[48806]: message repeated 3 times: [ Failed password for root from 99.27.129.7 port 51254 ssh2]
Apr 15 15:46:34 server sshd[48808]: pam_unix(sshd:auth): authentication failure; logname= uid=0 euid=0 tty=ssh ruser= rhost=61.177.173.57 user=root
Apr 15 15:46:36 server sshd[48808]: Failed password for root from 61.177.173.57 port 11479 ssh2
Apr 15 15:46:38 server sshd[48806]: Failed password for root from 99.27.129.7 port 51254 ssh2
Apr 15 15:46:39 server sshd[48808]: Failed password for root from 61.177.173.57 port 11479 ssh2
Apr 15 15:46:42 server sshd[48806]: Failed password for root from 99.27.129.7 port 51254 ssh2
Apr 15 15:46:42 server sshd[48806]: error: maximum authentication attempts exceeded for root from 99.27.129.7 port 51254 ssh2 [preauth]
Apr 15 15:46:42 server sshd[48806]: Disconnecting authenticating user root 99.27.129.7 port 51254: Too many authentication failures [preauth]
Apr 15 15:46:42 server sshd[48806]: PAM 5 more authentication failures; logname= uid=0 euid=0 tty=ssh ruser= rhost=99.27.129.7 user=root
Apr 15 15:46:42 server sshd[48806]: PAM service(sshd) ignoring max retries; 6 > 3
Apr 15 15:46:44 server sshd[48808]: Failed password for root from 61.177.173.57 port 11479 ssh2
Apr 15 15:46:47 server sshd[48808]: Received disconnect from 61.177.173.57 port 11479:11: [preauth]
Apr 15 15:46:47 server sshd[48808]: Disconnected from authenticating user root 61.177.173.57 port 11479 [preauth]
Apr 15 15:46:47 server sshd[48808]: PAM 2 more authentication failures; logname= uid=0 euid=0 tty=ssh ruser= rhost=61.177.173.57 user=root
Apr 15 15:46:48 server sshd[48810]: pam_unix(sshd:auth): authentication failure; logname= uid=0 euid=0 tty=ssh ruser= rhost=99.27.129.7 user=root
Apr 15 15:46:50 server sshd[48810]: Failed password for root from 99.27.129.7 port 51341 ssh2
Apr 15 15:46:57 server sshd[48810]: message repeated 2 times: [ Failed password for root from 99.27.129.7 port 51341 ssh2]
Apr 15 15:46:59 server sshd[48812]: pam_unix(sshd:auth): authentication failure; logname= uid=0 euid=0 tty=ssh ruser= rhost=61.177.173.57 user=root
Apr 15 15:47:00 server sshd[48810]: Failed password for root from 99.27.129.7 port 51341 ssh2
Apr 15 15:47:02 server sshd[48812]: Failed password for root from 61.177.173.57 port 26661 ssh2
Apr 15 15:47:03 server sshd[48810]: Failed password for root from 99.27.129.7 port 51341 ssh2
Apr 15 15:47:04 server sshd[48810]: Failed password for root from 99.27.129.7 port 51341 ssh2
Apr 15 15:47:05 server sshd[48810]: error: maximum authentication attempts exceeded for root from 99.27.129.7 port 51341 ssh2 [preauth]
Apr 15 15:47:05 server sshd[48810]: Disconnecting authenticating user root 99.27.129.7 port 51341: Too many authentication failures [preauth]
Apr 15 15:47:05 server sshd[48810]: PAM 5 more authentication failures; logname= uid=0 euid=0 tty=ssh ruser= rhost=99.27.129.7 user=root
Apr 15 15:47:05 server sshd[48810]: PAM service(sshd) ignoring max retries; 6 > 3
Apr 15 15:47:06 server sshd[48812]: Failed password for root from 61.177.173.57 port 26661 ssh2
Apr 15 15:47:10 server sshd[48812]: Failed password for root from 61.177.173.57 port 26661 ssh2
Apr 15 15:47:12 server sshd[48812]: Received disconnect from 61.177.173.57 port 26661:11: [preauth]
Apr 15 15:47:12 server sshd[48812]: Disconnected from authenticating user root 61.177.173.57 port 26661 [preauth]
Apr 15 15:47:12 server sshd[48812]: PAM 2 more authentication failures; logname= uid=0 euid=0 tty=ssh ruser= rhost=61.177.173.57 user=root
Apr 15 15:47:13 server sshd[48814]: pam_unix(sshd:auth): authentication failure; logname= uid=0 euid=0 tty=ssh ruser= rhost=99.27.129.7 user=root
Apr 15 15:47:15 server sshd[48814]: Failed password for root from 99.27.129.7 port 51428 ssh2
Apr 15 15:47:23 server sshd[48814]: message repeated 3 times: [ Failed password for root from 99.27.129.7 port 51428 ssh2]
Apr 15 15:47:23 server sshd[48814]: Received disconnect from 99.27.129.7 port 51428:11: disconnected by user [preauth]
Apr 15 15:47:23 server sshd[48814]: Disconnected from authenticating user root 99.27.129.7 port 51428 [preauth]
Apr 15 15:47:23 server sshd[48814]: PAM 3 more authentication failures; logname= uid=0 euid=0 tty=ssh ruser= rhost=99.27.129.7 user=root
Apr 15 15:47:23 server sshd[48814]: PAM service(sshd) ignoring max retries; 4 > 3
Apr 15 15:47:27 server sshd[48818]: pam_unix(sshd:auth): authentication failure; logname= uid=0 euid=0 tty=ssh ruser= rhost=61.177.173.57 user=root
Apr 15 15:47:29 server sshd[48818]: Failed password for root from 61.177.173.57 port 47723 ssh2
Apr 15 15:47:31 server sshd[48816]: Invalid user admin from 99.27.129.7 port 51508
Apr 15 15:47:31 server sshd[48816]: pam_unix(sshd:auth): check pass; user unknown
Apr 15 15:47:31 server sshd[48816]: pam_unix(sshd:auth): authentication failure; logname= uid=0 euid=0 tty=ssh ruser= rhost=99.27.129.7
Apr 15 15:47:32 server sshd[48818]: Failed password for root from 61.177.173.57 port 47723 ssh2
Apr 15 15:47:34 server sshd[48816]: Failed password for invalid user admin from 99.27.129.7 port 51508 ssh2
Apr 15 15:47:35 server sshd[48816]: pam_unix(sshd:auth): check pass; user unknown
Apr 15 15:47:36 server sshd[48818]: Failed password for root from 61.177.173.57 port 47723 ssh2
Apr 15 15:47:37 server sshd[48816]: Failed password for invalid user admin from 99.27.129.7 port 51508 ssh2
Apr 15 15:47:37 server sshd[48816]: pam_unix(sshd:auth): check pass; user unknown
Apr 15 15:47:37 server sshd[48818]: Received disconnect from 61.177.173.57 port 47723:11: [preauth]
Apr 15 15:47:37 server sshd[48818]: Disconnected from authenticating user root 61.177.173.57 port 47723 [preauth]
Apr 15 15:47:37 server sshd[48818]: PAM 2 more authentication failures; logname= uid=0 euid=0 tty=ssh ruser= rhost=61.177.173.57 user=root
Apr 15 15:47:39 server sshd[48816]: Failed password for invalid user admin from 99.27.129.7 port 51508 ssh2
Apr 15 15:47:41 server sshd[48816]: pam_unix(sshd:auth): check pass; user unknown
Apr 15 15:47:43 server sshd[48816]: Failed password for invalid user admin from 99.27.129.7 port 51508 ssh2
Apr 15 15:47:45 server sshd[48816]: pam_unix(sshd:auth): check pass; user unknown
Apr 15 15:47:46 server sshd[48816]: Failed password for invalid user admin from 99.27.129.7 port 51508 ssh2
Apr 15 15:47:47 server sshd[48816]: pam_unix(sshd:auth): check pass; user unknown
Apr 15 15:47:48 server sshd[48816]: Failed password for invalid user admin from 99.27.129.7 port 51508 ssh2
Apr 15 15:47:49 server sshd[48816]: error: maximum authentication attempts exceeded for invalid user admin from 99.27.129.7 port 51508 ssh2 [preauth]
Apr 15 15:47:49 server sshd[48816]: Disconnecting invalid user admin 99.27.129.7 port 51508: Too many authentication failures [preauth]
Apr 15 15:47:49 server sshd[48816]: PAM 5 more authentication failures; logname= uid=0 euid=0 tty=ssh ruser= rhost=99.27.129.7
Apr 15 15:47:49 server sshd[48816]: PAM service(sshd) ignoring max retries; 6 > 3
Apr 15 15:47:57 server sshd[48820]: Invalid user admin from 99.27.129.7 port 51602
Apr 15 15:47:57 server sshd[48820]: pam_unix(sshd:auth): check pass; user unknown
Apr 15 15:47:57 server sshd[48820]: pam_unix(sshd:auth): authentication failure; logname= uid=0 euid=0 tty=ssh ruser= rhost=99.27.129.7
Apr 15 15:47:58 server sshd[48820]: Failed password for invalid user admin from 99.27.129.7 port 51602 ssh2
Apr 15 15:47:58 server sshd[48822]: pam_unix(sshd:auth): authentication failure; logname= uid=0 euid=0 tty=ssh ruser= rhost=61.177.173.57 user=root
Apr 15 15:47:59 server sshd[48820]: pam_unix(sshd:auth): check pass; user unknown
Apr 15 15:48:00 server sshd[48822]: Failed password for root from 61.177.173.57 port 61219 ssh2
Apr 15 15:48:00 server sshd[48820]: Failed password for invalid user admin from 99.27.129.7 port 51602 ssh2
Apr 15 15:48:01 server sshd[48820]: pam_unix(sshd:auth): check pass; user unknown
Apr 15 15:48:03 server sshd[48820]: Failed password for invalid user admin from 99.27.129.7 port 51602 ssh2
Apr 15 15:48:03 server sshd[48822]: Failed password for root from 61.177.173.57 port 61219 ssh2
Apr 15 15:48:05 server sshd[48820]: pam_unix(sshd:auth): check pass; user unknown
Apr 15 15:48:07 server sshd[48820]: Failed password for invalid user admin from 99.27.129.7 port 51602 ssh2
Apr 15 15:48:08 server sshd[48822]: Failed password for root from 61.177.173.57 port 61219 ssh2
Apr 15 15:48:08 server sshd[48820]: pam_unix(sshd:auth): check pass; user unknown
Apr 15 15:48:10 server sshd[48820]: Failed password for invalid user admin from 99.27.129.7 port 51602 ssh2
Apr 15 15:48:10 server sshd[48820]: pam_unix(sshd:auth): check pass; user unknown
Apr 15 15:48:11 server sshd[48822]: Received disconnect from 61.177.173.57 port 61219:11: [preauth]
Apr 15 15:48:11 server sshd[48822]: Disconnected from authenticating user root 61.177.173.57 port 61219 [preauth]
Apr 15 15:48:11 server sshd[48822]: PAM 2 more authentication failures; logname= uid=0 euid=0 tty=ssh ruser= rhost=61.177.173.57 user=root
Apr 15 15:48:12 server sshd[48820]: Failed password for invalid user admin from 99.27.129.7 port 51602 ssh2
Apr 15 15:48:12 server sshd[48820]: error: maximum authentication attempts exceeded for invalid user admin from 99.27.129.7 port 51602 ssh2 [preauth]
Apr 15 15:48:12 server sshd[48820]: Disconnecting invalid user admin 99.27.129.7 port 51602: Too many authentication failures [preauth]
Apr 15 15:48:12 server sshd[48820]: PAM 5 more authentication failures; logname= uid=0 euid=0 tty=ssh ruser= rhost=99.27.129.7
Apr 15 15:48:12 server sshd[48820]: PAM service(sshd) ignoring max retries; 6 > 3
Apr 15 15:48:20 server sshd[48824]: Invalid user admin from 99.27.129.7 port 51685
Apr 15 15:48:20 server sshd[48824]: pam_unix(sshd:auth): check pass; user unknown
Apr 15 15:48:20 server sshd[48824]: pam_unix(sshd:auth): authentication failure; logname= uid=0 euid=0 tty=ssh ruser= rhost=99.27.129.7
Apr 15 15:48:22 server sshd[48824]: Failed password for invalid user admin from 99.27.129.7 port 51685 ssh2
Apr 15 15:48:22 server sshd[48824]: pam_unix(sshd:auth): check pass; user unknown
Apr 15 15:48:23 server sshd[48824]: Failed password for invalid user admin from 99.27.129.7 port 51685 ssh2
Apr 15 15:48:24 server sshd[48824]: pam_unix(sshd:auth): check pass; user unknown
Apr 15 15:48:26 server sshd[48824]: Failed password for invalid user admin from 99.27.129.7 port 51685 ssh2
Apr 15 15:48:28 server sshd[48824]: Received disconnect from 99.27.129.7 port 51685:11: disconnected by user [preauth]
Apr 15 15:48:28 server sshd[48824]: Disconnected from invalid user admin 99.27.129.7 port 51685 [preauth]
Apr 15 15:48:28 server sshd[48824]: PAM 2 more authentication failures; logname= uid=0 euid=0 tty=ssh ruser= rhost=99.27.129.7
Apr 15 15:48:28 server sshd[48826]: pam_unix(sshd:auth): authentication failure; logname= uid=0 euid=0 tty=ssh ruser= rhost=61.177.173.57 user=root
Apr 15 15:48:30 server sshd[48826]: Failed password for root from 61.177.173.57 port 37370 ssh2
Apr 15 15:48:34 server sshd[48826]: Failed password for root from 61.177.173.57 port 37370 ssh2
Apr 15 15:48:36 server sshd[48828]: Invalid user oracle from 99.27.129.7 port 51747
Apr 15 15:48:36 server sshd[48828]: pam_unix(sshd:auth): check pass; user unknown
Apr 15 15:48:36 server sshd[48828]: pam_unix(sshd:auth): authentication failure; logname= uid=0 euid=0 tty=ssh ruser= rhost=99.27.129.7
Apr 15 15:48:37 server sshd[48826]: Failed password for root from 61.177.173.57 port 37370 ssh2
Apr 15 15:48:37 server sshd[48826]: Received disconnect from 61.177.173.57 port 37370:11: [preauth]
Apr 15 15:48:37 server sshd[48826]: Disconnected from authenticating user root 61.177.173.57 port 37370 [preauth]
Apr 15 15:48:37 server sshd[48826]: PAM 2 more authentication failures; logname= uid=0 euid=0 tty=ssh ruser= rhost=61.177.173.57 user=root
Apr 15 15:48:38 server sshd[48828]: Failed password for invalid user oracle from 99.27.129.7 port 51747 ssh2
Apr 15 15:48:38 server sshd[48828]: pam_unix(sshd:auth): check pass; user unknown
Apr 15 15:48:40 server sshd[48828]: Failed password for invalid user oracle from 99.27.129.7 port 51747 ssh2
Apr 15 15:48:40 server sshd[48828]: pam_unix(sshd:auth): check pass; user unknown
Apr 15 15:48:42 server sshd[48828]: Failed password for invalid user oracle from 99.27.129.7 port 51747 ssh2
Apr 15 15:48:42 server sshd[48828]: pam_unix(sshd:auth): check pass; user unknown
Apr 15 15:48:44 server sshd[48828]: Failed password for invalid user oracle from 99.27.129.7 port 51747 ssh2
Apr 15 15:48:45 server sshd[48828]: pam_unix(sshd:auth): check pass; user unknown
Apr 15 15:48:46 server sshd[48828]: Failed password for invalid user oracle from 99.27.129.7 port 51747 ssh2
Apr 15 15:48:47 server sshd[48828]: pam_unix(sshd:auth): check pass; user unknown
Apr 15 15:48:49 server sshd[48828]: Failed password for invalid user oracle from 99.27.129.7 port 51747 ssh2
Apr 15 15:48:49 server sshd[48828]: error: maximum authentication attempts exceeded for invalid user oracle from 99.27.129.7 port 51747 ssh2 [preauth]
Apr 15 15:48:49 server sshd[48828]: Disconnecting invalid user oracle 99.27.129.7 port 51747: Too many authentication failures [preauth]
Apr 15 15:48:49 server sshd[48828]: PAM 5 more authentication failures; logname= uid=0 euid=0 tty=ssh ruser= rhost=99.27.129.7
Apr 15 15:48:49 server sshd[48828]: PAM service(sshd) ignoring max retries; 6 > 3
Apr 15 15:48:57 server sshd[48832]: pam_unix(sshd:auth): authentication failure; logname= uid=0 euid=0 tty=ssh ruser= rhost=61.177.173.57 user=root
Apr 15 15:48:57 server sshd[48830]: Invalid user oracle from 99.27.129.7 port 51827
Apr 15 15:48:57 server sshd[48830]: pam_unix(sshd:auth): check pass; user unknown
Apr 15 15:48:57 server sshd[48830]: pam_unix(sshd:auth): authentication failure; logname= uid=0 euid=0 tty=ssh ruser= rhost=99.27.129.7
Apr 15 15:48:59 server sshd[48832]: Failed password for root from 61.177.173.57 port 55002 ssh2
Apr 15 15:48:59 server sshd[48830]: Failed password for invalid user oracle from 99.27.129.7 port 51827 ssh2
Apr 15 15:48:59 server sshd[48830]: pam_unix(sshd:auth): check pass; user unknown
Apr 15 15:49:01 server sshd[48830]: Failed password for invalid user oracle from 99.27.129.7 port 51827 ssh2
Apr 15 15:49:01 server sshd[48832]: Failed password for root from 61.177.173.57 port 55002 ssh2
Apr 15 15:49:02 server sshd[48830]: pam_unix(sshd:auth): check pass; user unknown
Apr 15 15:49:03 server sshd[48830]: Failed password for invalid user oracle from 99.27.129.7 port 51827 ssh2
Apr 15 15:49:04 server sshd[48830]: pam_unix(sshd:auth): check pass; user unknown
Apr 15 15:49:04 server sshd[48832]: Failed password for root from 61.177.173.57 port 55002 ssh2
Apr 15 15:49:05 server sshd[48832]: Received disconnect from 61.177.173.57 port 55002:11: [preauth]
Apr 15 15:49:05 server sshd[48832]: Disconnected from authenticating user root 61.177.173.57 port 55002 [preauth]
Apr 15 15:49:05 server sshd[48832]: PAM 2 more authentication failures; logname= uid=0 euid=0 tty=ssh ruser= rhost=61.177.173.57 user=root
Apr 15 15:49:06 server sshd[48830]: Failed password for invalid user oracle from 99.27.129.7 port 51827 ssh2
Apr 15 15:49:06 server sshd[48830]: pam_unix(sshd:auth): check pass; user unknown
Apr 15 15:49:08 server sshd[48830]: Failed password for invalid user oracle from 99.27.129.7 port 51827 ssh2
Apr 15 15:49:10 server sshd[48830]: pam_unix(sshd:auth): check pass; user unknown
Apr 15 15:49:12 server sshd[48830]: Failed password for invalid user oracle from 99.27.129.7 port 51827 ssh2
Apr 15 15:49:12 server sshd[48830]: error: maximum authentication attempts exceeded for invalid user oracle from 99.27.129.7 port 51827 ssh2 [preauth]
Apr 15 15:49:12 server sshd[48830]: Disconnecting invalid user oracle 99.27.129.7 port 51827: Too many authentication failures [preauth]
Apr 15 15:49:12 server sshd[48830]: PAM 5 more authentication failures; logname= uid=0 euid=0 tty=ssh ruser= rhost=99.27.129.7
Apr 15 15:49:12 server sshd[48830]: PAM service(sshd) ignoring max retries; 6 > 3
Apr 15 15:49:20 server sshd[48834]: Invalid user oracle from 99.27.129.7 port 51907
Apr 15 15:49:20 server sshd[48834]: pam_unix(sshd:auth): check pass; user unknown
Apr 15 15:49:20 server sshd[48834]: pam_unix(sshd:auth): authentication failure; logname= uid=0 euid=0 tty=ssh ruser= rhost=99.27.129.7
Apr 15 15:49:21 server sshd[48834]: Failed password for invalid user oracle from 99.27.129.7 port 51907 ssh2
Apr 15 15:49:22 server sshd[48834]: pam_unix(sshd:auth): check pass; user unknown
Apr 15 15:49:23 server sshd[48834]: Failed password for invalid user oracle from 99.27.129.7 port 51907 ssh2
Apr 15 15:49:24 server sshd[48834]: pam_unix(sshd:auth): check pass; user unknown
Apr 15 15:49:25 server sshd[48836]: pam_unix(sshd:auth): authentication failure; logname= uid=0 euid=0 tty=ssh ruser= rhost=61.177.173.57 user=root
Apr 15 15:49:26 server sshd[48834]: Failed password for invalid user oracle from 99.27.129.7 port 51907 ssh2
Apr 15 15:49:26 server sshd[48834]: Received disconnect from 99.27.129.7 port 51907:11: disconnected by user [preauth]
Apr 15 15:49:26 server sshd[48834]: Disconnected from invalid user oracle 99.27.129.7 port 51907 [preauth]
Apr 15 15:49:26 server sshd[48834]: PAM 2 more authentication failures; logname= uid=0 euid=0 tty=ssh ruser= rhost=99.27.129.7
Apr 15 15:49:28 server sshd[48836]: Failed password for root from 61.177.173.57 port 12339 ssh2
Apr 15 15:49:32 server sshd[48836]: Failed password for root from 61.177.173.57 port 12339 ssh2
Apr 15 15:49:34 server sshd[48838]: Invalid user usuario from 99.27.129.7 port 51955
Apr 15 15:49:34 server sshd[48838]: pam_unix(sshd:auth): check pass; user unknown
Apr 15 15:49:34 server sshd[48838]: pam_unix(sshd:auth): authentication failure; logname= uid=0 euid=0 tty=ssh ruser= rhost=99.27.129.7
Apr 15 15:49:35 server sshd[48836]: Received disconnect from 61.177.173.57 port 12339:11: [preauth]
Apr 15 15:49:35 server sshd[48836]: Disconnected from authenticating user root 61.177.173.57 port 12339 [preauth]
Apr 15 15:49:35 server sshd[48836]: PAM 1 more authentication failure; logname= uid=0 euid=0 tty=ssh ruser= rhost=61.177.173.57 user=root
Apr 15 15:49:36 server sshd[48838]: Failed password for invalid user usuario from 99.27.129.7 port 51955 ssh2
Apr 15 15:49:36 server sshd[48838]: pam_unix(sshd:auth): check pass; user unknown
Apr 15 15:49:38 server sshd[48838]: Failed password for invalid user usuario from 99.27.129.7 port 51955 ssh2
Apr 15 15:49:38 server sshd[48838]: pam_unix(sshd:auth): check pass; user unknown
Apr 15 15:49:40 server sshd[48838]: Failed password for invalid user usuario from 99.27.129.7 port 51955 ssh2
Apr 15 15:49:41 server sshd[48838]: pam_unix(sshd:auth): check pass; user unknown
Apr 15 15:49:42 server sshd[48838]: Failed password for invalid user usuario from 99.27.129.7 port 51955 ssh2
Apr 15 15:49:43 server sshd[48838]: pam_unix(sshd:auth): check pass; user unknown
Apr 15 15:49:45 server sshd[48838]: Failed password for invalid user usuario from 99.27.129.7 port 51955 ssh2
Apr 15 15:49:45 server sshd[48838]: pam_unix(sshd:auth): check pass; user unknown
Apr 15 15:49:46 server sshd[48838]: Failed password for invalid user usuario from 99.27.129.7 port 51955 ssh2
Apr 15 15:49:47 server sshd[48838]: error: maximum authentication attempts exceeded for invalid user usuario from 99.27.129.7 port 51955 ssh2 [preauth]
Apr 15 15:49:47 server sshd[48838]: Disconnecting invalid user usuario 99.27.129.7 port 51955: Too many authentication failures [preauth]
Apr 15 15:49:47 server sshd[48838]: PAM 5 more authentication failures; logname= uid=0 euid=0 tty=ssh ruser= rhost=99.27.129.7
Apr 15 15:49:47 server sshd[48838]: PAM service(sshd) ignoring max retries; 6 > 3
Apr 15 15:49:54 server sshd[48840]: Invalid user usuario from 99.27.129.7 port 52032
Apr 15 15:49:54 server sshd[48840]: pam_unix(sshd:auth): check pass; user unknown
Apr 15 15:49:54 server sshd[48840]: pam_unix(sshd:auth): authentication failure; logname= uid=0 euid=0 tty=ssh ruser= rhost=99.27.129.7
Apr 15 15:49:55 server sshd[48842]: pam_unix(sshd:auth): authentication failure; logname= uid=0 euid=0 tty=ssh ruser= rhost=61.177.173.57 user=root
Apr 15 15:49:56 server sshd[48840]: Failed password for invalid user usuario from 99.27.129.7 port 52032 ssh2
Apr 15 15:49:57 server sshd[48840]: pam_unix(sshd:auth): check pass; user unknown
Apr 15 15:49:57 server sshd[48842]: Failed password for root from 61.177.173.57 port 37475 ssh2
Apr 15 15:49:58 server sshd[48840]: Failed password for invalid user usuario from 99.27.129.7 port 52032 ssh2
Apr 15 15:49:59 server sshd[48840]: pam_unix(sshd:auth): check pass; user unknown
Apr 15 15:50:00 server sshd[48842]: Failed password for root from 61.177.173.57 port 37475 ssh2
Apr 15 15:50:01 server sshd[48840]: Failed password for invalid user usuario from 99.27.129.7 port 52032 ssh2
Apr 15 15:50:01 server sshd[48840]: pam_unix(sshd:auth): check pass; user unknown
Apr 15 15:50:03 server sshd[48842]: Failed password for root from 61.177.173.57 port 37475 ssh2
Apr 15 15:50:03 server sshd[48840]: Failed password for invalid user usuario from 99.27.129.7 port 52032 ssh2
Apr 15 15:50:03 server sshd[48840]: pam_unix(sshd:auth): check pass; user unknown
Apr 15 15:50:05 server sshd[48842]: Received disconnect from 61.177.173.57 port 37475:11: [preauth]
Apr 15 15:50:05 server sshd[48842]: Disconnected from authenticating user root 61.177.173.57 port 37475 [preauth]
Apr 15 15:50:05 server sshd[48842]: PAM 2 more authentication failures; logname= uid=0 euid=0 tty=ssh ruser= rhost=61.177.173.57 user=root
Apr 15 15:50:05 server sshd[48840]: Failed password for invalid user usuario from 99.27.129.7 port 52032 ssh2
Apr 15 15:50:05 server sshd[48840]: pam_unix(sshd:auth): check pass; user unknown
Apr 15 15:50:07 server sshd[48840]: Failed password for invalid user usuario from 99.27.129.7 port 52032 ssh2
Apr 15 15:50:08 server sshd[48840]: error: maximum authentication attempts exceeded for invalid user usuario from 99.27.129.7 port 52032 ssh2 [preauth]
Apr 15 15:50:08 server sshd[48840]: Disconnecting invalid user usuario 99.27.129.7 port 52032: Too many authentication failures [preauth]
Apr 15 15:50:08 server sshd[48840]: PAM 5 more authentication failures; logname= uid=0 euid=0 tty=ssh ruser= rhost=99.27.129.7
Apr 15 15:50:08 server sshd[48840]: PAM service(sshd) ignoring max retries; 6 > 3
Apr 15 15:50:15 server sshd[48844]: Invalid user usuario from 99.27.129.7 port 59226
Apr 15 15:50:15 server sshd[48844]: pam_unix(sshd:auth): check pass; user unknown
Apr 15 15:50:15 server sshd[48844]: pam_unix(sshd:auth): authentication failure; logname= uid=0 euid=0 tty=ssh ruser= rhost=99.27.129.7
Apr 15 15:50:17 server sshd[48844]: Failed password for invalid user usuario from 99.27.129.7 port 59226 ssh2
Apr 15 15:50:17 server sshd[48844]: pam_unix(sshd:auth): check pass; user unknown
Apr 15 15:50:19 server sshd[48844]: Failed password for invalid user usuario from 99.27.129.7 port 59226 ssh2
Apr 15 15:50:20 server sshd[48844]: pam_unix(sshd:auth): check pass; user unknown
Apr 15 15:50:21 server sshd[48844]: Failed password for invalid user usuario from 99.27.129.7 port 59226 ssh2
Apr 15 15:50:22 server sshd[48844]: Received disconnect from 99.27.129.7 port 59226:11: disconnected by user [preauth]
Apr 15 15:50:22 server sshd[48844]: Disconnected from invalid user usuario 99.27.129.7 port 59226 [preauth]
Apr 15 15:50:22 server sshd[48844]: PAM 2 more authentication failures; logname= uid=0 euid=0 tty=ssh ruser= rhost=99.27.129.7
Apr 15 15:50:22 server sshd[48846]: pam_unix(sshd:auth): authentication failure; logname= uid=0 euid=0 tty=ssh ruser= rhost=61.177.173.57 user=root
Apr 15 15:50:24 server sshd[48846]: Failed password for root from 61.177.173.57 port 52761 ssh2
Apr 15 15:50:29 server sshd[48846]: Failed password for root from 61.177.173.57 port 52761 ssh2
Apr 15 15:50:30 server sshd[48848]: Invalid user test from 99.27.129.7 port 59283
Apr 15 15:50:30 server sshd[48848]: pam_unix(sshd:auth): check pass; user unknown
Apr 15 15:50:30 server sshd[48848]: pam_unix(sshd:auth): authentication failure; logname= uid=0 euid=0 tty=ssh ruser= rhost=99.27.129.7
Apr 15 15:50:31 server sshd[48846]: Failed password for root from 61.177.173.57 port 52761 ssh2
Apr 15 15:50:31 server sshd[48848]: Failed password for invalid user test from 99.27.129.7 port 59283 ssh2
Apr 15 15:50:32 server sshd[48846]: Received disconnect from 61.177.173.57 port 52761:11: [preauth]
Apr 15 15:50:32 server sshd[48846]: Disconnected from authenticating user root 61.177.173.57 port 52761 [preauth]
Apr 15 15:50:32 server sshd[48846]: PAM 2 more authentication failures; logname= uid=0 euid=0 tty=ssh ruser= rhost=61.177.173.57 user=root
Apr 15 15:50:33 server sshd[48848]: pam_unix(sshd:auth): check pass; user unknown
Apr 15 15:50:35 server sshd[48848]: Failed password for invalid user test from 99.27.129.7 port 59283 ssh2
Apr 15 15:50:36 server sshd[48848]: pam_unix(sshd:auth): check pass; user unknown
Apr 15 15:50:39 server sshd[48848]: Failed password for invalid user test from 99.27.129.7 port 59283 ssh2
Apr 15 15:50:40 server sshd[48848]: pam_unix(sshd:auth): check pass; user unknown
Apr 15 15:50:41 server sshd[48848]: Failed password for invalid user test from 99.27.129.7 port 59283 ssh2
Apr 15 15:50:43 server sshd[48848]: pam_unix(sshd:auth): check pass; user unknown
Apr 15 15:50:46 server sshd[48848]: Failed password for invalid user test from 99.27.129.7 port 59283 ssh2
Apr 15 15:50:46 server sshd[48848]: pam_unix(sshd:auth): check pass; user unknown
Apr 15 15:50:49 server sshd[48848]: Failed password for invalid user test from 99.27.129.7 port 59283 ssh2
Apr 15 15:50:50 server sshd[48848]: error: maximum authentication attempts exceeded for invalid user test from 99.27.129.7 port 59283 ssh2 [preauth]
Apr 15 15:50:50 server sshd[48848]: Disconnecting invalid user test 99.27.129.7 port 59283: Too many authentication failures [preauth]
Apr 15 15:50:50 server sshd[48848]: PAM 5 more authentication failures; logname= uid=0 euid=0 tty=ssh ruser= rhost=99.27.129.7
Apr 15 15:50:50 server sshd[48848]: PAM service(sshd) ignoring max retries; 6 > 3
Apr 15 15:50:53 server sshd[48852]: pam_unix(sshd:auth): authentication failure; logname= uid=0 euid=0 tty=ssh ruser= rhost=61.177.173.57 user=root
Apr 15 15:50:55 server sshd[48852]: Failed password for root from 61.177.173.57 port 17184 ssh2
Apr 15 15:50:57 server sshd[48850]: Invalid user test from 99.27.129.7 port 59386
Apr 15 15:50:57 server sshd[48850]: pam_unix(sshd:auth): check pass; user unknown
Apr 15 15:50:57 server sshd[48850]: pam_unix(sshd:auth): authentication failure; logname= uid=0 euid=0 tty=ssh ruser= rhost=99.27.129.7
Apr 15 15:50:58 server sshd[48852]: Failed password for root from 61.177.173.57 port 17184 ssh2
Apr 15 15:50:59 server sshd[48850]: Failed password for invalid user test from 99.27.129.7 port 59386 ssh2
Apr 15 15:51:00 server sshd[48850]: pam_unix(sshd:auth): check pass; user unknown
Apr 15 15:51:01 server sshd[48852]: Failed password for root from 61.177.173.57 port 17184 ssh2
Apr 15 15:51:02 server sshd[48852]: Received disconnect from 61.177.173.57 port 17184:11: [preauth]
Apr 15 15:51:02 server sshd[48852]: Disconnected from authenticating user root 61.177.173.57 port 17184 [preauth]
Apr 15 15:51:02 server sshd[48852]: PAM 2 more authentication failures; logname= uid=0 euid=0 tty=ssh ruser= rhost=61.177.173.57 user=root
Apr 15 15:51:02 server sshd[48850]: Failed password for invalid user test from 99.27.129.7 port 59386 ssh2
Apr 15 15:51:04 server sshd[48850]: pam_unix(sshd:auth): check pass; user unknown
Apr 15 15:51:06 server sshd[48850]: Failed password for invalid user test from 99.27.129.7 port 59386 ssh2
Apr 15 15:51:07 server sshd[48850]: pam_unix(sshd:auth): check pass; user unknown
Apr 15 15:51:09 server sshd[48850]: Failed password for invalid user test from 99.27.129.7 port 59386 ssh2
Apr 15 15:51:20 server sshd[48854]: pam_unix(sshd:auth): authentication failure; logname= uid=0 euid=0 tty=ssh ruser= rhost=61.177.173.57 user=root
Apr 15 15:51:22 server sshd[48856]: Invalid user test from 99.27.129.7 port 59491
Apr 15 15:51:22 server sshd[48856]: pam_unix(sshd:auth): check pass; user unknown
Apr 15 15:51:22 server sshd[48856]: pam_unix(sshd:auth): authentication failure; logname= uid=0 euid=0 tty=ssh ruser= rhost=99.27.129.7
Apr 15 15:51:22 server sshd[48854]: Failed password for root from 61.177.173.57 port 14982 ssh2
Apr 15 15:51:24 server sshd[48856]: Failed password for invalid user test from 99.27.129.7 port 59491 ssh2
Apr 15 15:51:25 server sshd[48856]: pam_unix(sshd:auth): check pass; user unknown
Apr 15 15:51:27 server sshd[48854]: Failed password for root from 61.177.173.57 port 14982 ssh2
Apr 15 15:51:28 server sshd[48856]: Failed password for invalid user test from 99.27.129.7 port 59491 ssh2
Apr 15 15:51:29 server sshd[48856]: pam_unix(sshd:auth): check pass; user unknown
Apr 15 15:51:31 server sshd[48856]: Failed password for invalid user test from 99.27.129.7 port 59491 ssh2
Apr 15 15:51:31 server sshd[48854]: Failed password for root from 61.177.173.57 port 14982 ssh2
Apr 15 15:51:32 server sshd[48856]: pam_unix(sshd:auth): check pass; user unknown
Apr 15 15:51:34 server sshd[48854]: Received disconnect from 61.177.173.57 port 14982:11: [preauth]
Apr 15 15:51:34 server sshd[48854]: Disconnected from authenticating user root 61.177.173.57 port 14982 [preauth]
Apr 15 15:51:34 server sshd[48854]: PAM 2 more authentication failures; logname= uid=0 euid=0 tty=ssh ruser= rhost=61.177.173.57 user=root
Apr 15 15:51:35 server sshd[48856]: Failed password for invalid user test from 99.27.129.7 port 59491 ssh2
Apr 15 15:51:35 server sshd[48856]: pam_unix(sshd:auth): check pass; user unknown
Apr 15 15:51:38 server sshd[48856]: Failed password for invalid user test from 99.27.129.7 port 59491 ssh2
Apr 15 15:51:38 server sshd[48850]: Received disconnect from 99.27.129.7 port 59386:11: disconnected by user [preauth]
Apr 15 15:51:38 server sshd[48850]: Disconnected from invalid user test 99.27.129.7 port 59386 [preauth]
Apr 15 15:51:38 server sshd[48850]: PAM 3 more authentication failures; logname= uid=0 euid=0 tty=ssh ruser= rhost=99.27.129.7
Apr 15 15:51:38 server sshd[48850]: PAM service(sshd) ignoring max retries; 4 > 3
Apr 15 15:51:39 server sshd[48856]: Received disconnect from 99.27.129.7 port 59491:11: disconnected by user [preauth]
Apr 15 15:51:39 server sshd[48856]: Disconnected from invalid user test 99.27.129.7 port 59491 [preauth]
Apr 15 15:51:39 server sshd[48856]: PAM 4 more authentication failures; logname= uid=0 euid=0 tty=ssh ruser= rhost=99.27.129.7
Apr 15 15:51:39 server sshd[48856]: PAM service(sshd) ignoring max retries; 5 > 3
Apr 15 15:51:45 server sshd[48858]: Invalid user user from 99.27.129.7 port 59566
Apr 15 15:51:45 server sshd[48858]: pam_unix(sshd:auth): check pass; user unknown
Apr 15 15:51:45 server sshd[48858]: pam_unix(sshd:auth): authentication failure; logname= uid=0 euid=0 tty=ssh ruser= rhost=99.27.129.7
Apr 15 15:51:47 server sshd[48858]: Failed password for invalid user user from 99.27.129.7 port 59566 ssh2
Apr 15 15:51:47 server sshd[48858]: pam_unix(sshd:auth): check pass; user unknown
Apr 15 15:51:49 server sshd[48858]: Failed password for invalid user user from 99.27.129.7 port 59566 ssh2
Apr 15 15:51:51 server sshd[48858]: pam_unix(sshd:auth): check pass; user unknown
Apr 15 15:51:51 server sshd[48860]: pam_unix(sshd:auth): authentication failure; logname= uid=0 euid=0 tty=ssh ruser= rhost=61.177.173.57 user=root
Apr 15 15:51:53 server sshd[48858]: Failed password for invalid user user from 99.27.129.7 port 59566 ssh2
Apr 15 15:51:53 server sshd[48860]: Failed password for root from 61.177.173.57 port 43706 ssh2
Apr 15 15:51:54 server sshd[48858]: pam_unix(sshd:auth): check pass; user unknown
Apr 15 15:51:56 server sshd[48858]: Failed password for invalid user user from 99.27.129.7 port 59566 ssh2
Apr 15 15:51:58 server sshd[48858]: pam_unix(sshd:auth): check pass; user unknown
Apr 15 15:51:59 server sshd[48860]: Failed password for root from 61.177.173.57 port 43706 ssh2
Apr 15 15:52:00 server sshd[48858]: Failed password for invalid user user from 99.27.129.7 port 59566 ssh2
Apr 15 15:52:01 server sshd[48858]: pam_unix(sshd:auth): check pass; user unknown
Apr 15 15:52:03 server sshd[48860]: Failed password for root from 61.177.173.57 port 43706 ssh2
Apr 15 15:52:03 server sshd[48858]: Failed password for invalid user user from 99.27.129.7 port 59566 ssh2
Apr 15 15:52:05 server sshd[48858]: error: maximum authentication attempts exceeded for invalid user user from 99.27.129.7 port 59566 ssh2 [preauth]
Apr 15 15:52:05 server sshd[48858]: Disconnecting invalid user user 99.27.129.7 port 59566: Too many authentication failures [preauth]
Apr 15 15:52:05 server sshd[48858]: PAM 5 more authentication failures; logname= uid=0 euid=0 tty=ssh ruser= rhost=99.27.129.7
Apr 15 15:52:05 server sshd[48858]: PAM service(sshd) ignoring max retries; 6 > 3
Apr 15 15:52:05 server sshd[48860]: Received disconnect from 61.177.173.57 port 43706:11: [preauth]
Apr 15 15:52:05 server sshd[48860]: Disconnected from authenticating user root 61.177.173.57 port 43706 [preauth]
Apr 15 15:52:05 server sshd[48860]: PAM 2 more authentication failures; logname= uid=0 euid=0 tty=ssh ruser= rhost=61.177.173.57 user=root
Apr 15 15:52:12 server sshd[48862]: Invalid user user from 99.27.129.7 port 59670
Apr 15 15:52:12 server sshd[48862]: pam_unix(sshd:auth): check pass; user unknown
Apr 15 15:52:12 server sshd[48862]: pam_unix(sshd:auth): authentication failure; logname= uid=0 euid=0 tty=ssh ruser= rhost=99.27.129.7
Apr 15 15:52:14 server sshd[48862]: Failed password for invalid user user from 99.27.129.7 port 59670 ssh2
Apr 15 15:52:15 server sshd[48862]: pam_unix(sshd:auth): check pass; user unknown
Apr 15 15:52:17 server sshd[48862]: Failed password for invalid user user from 99.27.129.7 port 59670 ssh2
Apr 15 15:52:19 server sshd[48862]: pam_unix(sshd:auth): check pass; user unknown
Apr 15 15:52:19 server sshd[48864]: pam_unix(sshd:auth): authentication failure; logname= uid=0 euid=0 tty=ssh ruser= rhost=61.177.173.57 user=root
Apr 15 15:52:21 server sshd[48862]: Failed password for invalid user user from 99.27.129.7 port 59670 ssh2
Apr 15 15:52:22 server sshd[48864]: Failed password for root from 61.177.173.57 port 11227 ssh2
Apr 15 15:52:23 server sshd[48862]: pam_unix(sshd:auth): check pass; user unknown
Apr 15 15:52:25 server sshd[48862]: Failed password for invalid user user from 99.27.129.7 port 59670 ssh2
Apr 15 15:52:26 server sshd[48862]: pam_unix(sshd:auth): check pass; user unknown
Apr 15 15:52:26 server sshd[48864]: Failed password for root from 61.177.173.57 port 11227 ssh2
Apr 15 15:52:29 server sshd[48862]: Failed password for invalid user user from 99.27.129.7 port 59670 ssh2
Apr 15 15:52:30 server sshd[48862]: pam_unix(sshd:auth): check pass; user unknown
Apr 15 15:52:30 server sshd[48864]: Failed password for root from 61.177.173.57 port 11227 ssh2
Apr 15 15:52:30 server sshd[48864]: Received disconnect from 61.177.173.57 port 11227:11: [preauth]
Apr 15 15:52:30 server sshd[48864]: Disconnected from authenticating user root 61.177.173.57 port 11227 [preauth]
Apr 15 15:52:30 server sshd[48864]: PAM 2 more authentication failures; logname= uid=0 euid=0 tty=ssh ruser= rhost=61.177.173.57 user=root
Apr 15 15:52:32 server sshd[48862]: Failed password for invalid user user from 99.27.129.7 port 59670 ssh2
Apr 15 15:52:33 server sshd[48862]: error: maximum authentication attempts exceeded for invalid user user from 99.27.129.7 port 59670 ssh2 [preauth]
Apr 15 15:52:33 server sshd[48862]: Disconnecting invalid user user 99.27.129.7 port 59670: Too many authentication failures [preauth]
Apr 15 15:52:33 server sshd[48862]: PAM 5 more authentication failures; logname= uid=0 euid=0 tty=ssh ruser= rhost=99.27.129.7
Apr 15 15:52:33 server sshd[48862]: PAM service(sshd) ignoring max retries; 6 > 3
Apr 15 15:52:41 server sshd[48866]: Invalid user user from 99.27.129.7 port 59770
Apr 15 15:52:41 server sshd[48866]: pam_unix(sshd:auth): check pass; user unknown
Apr 15 15:52:41 server sshd[48866]: pam_unix(sshd:auth): authentication failure; logname= uid=0 euid=0 tty=ssh ruser= rhost=99.27.129.7
Apr 15 15:52:43 server sshd[48866]: Failed password for invalid user user from 99.27.129.7 port 59770 ssh2
Apr 15 15:52:44 server sshd[48866]: pam_unix(sshd:auth): check pass; user unknown
Apr 15 15:52:46 server sshd[48866]: Failed password for invalid user user from 99.27.129.7 port 59770 ssh2
Apr 15 15:52:48 server sshd[48866]: pam_unix(sshd:auth): check pass; user unknown
Apr 15 15:52:50 server sshd[48866]: Failed password for invalid user user from 99.27.129.7 port 59770 ssh2
Apr 15 15:52:51 server sshd[48866]: Received disconnect from 99.27.129.7 port 59770:11: disconnected by user [preauth]
Apr 15 15:52:51 server sshd[48866]: Disconnected from invalid user user 99.27.129.7 port 59770 [preauth]
Apr 15 15:52:51 server sshd[48866]: PAM 2 more authentication failures; logname= uid=0 euid=0 tty=ssh ruser= rhost=99.27.129.7
Apr 15 15:52:54 server sshd[48868]: pam_unix(sshd:auth): authentication failure; logname= uid=0 euid=0 tty=ssh ruser= rhost=61.177.173.57 user=root
Apr 15 15:52:56 server sshd[48868]: Failed password for root from 61.177.173.57 port 31949 ssh2
Apr 15 15:52:59 server sshd[48868]: Failed password for root from 61.177.173.57 port 31949 ssh2
Apr 15 15:52:59 server sshd[48870]: Invalid user ftpuser from 99.27.129.7 port 59839
Apr 15 15:52:59 server sshd[48870]: pam_unix(sshd:auth): check pass; user unknown
Apr 15 15:52:59 server sshd[48870]: pam_unix(sshd:auth): authentication failure; logname= uid=0 euid=0 tty=ssh ruser= rhost=99.27.129.7
Apr 15 15:53:01 server sshd[48870]: Failed password for invalid user ftpuser from 99.27.129.7 port 59839 ssh2
Apr 15 15:53:03 server sshd[48870]: pam_unix(sshd:auth): check pass; user unknown
Apr 15 15:53:04 server sshd[48868]: Failed password for root from 61.177.173.57 port 31949 ssh2
Apr 15 15:53:05 server sshd[48870]: Failed password for invalid user ftpuser from 99.27.129.7 port 59839 ssh2
Apr 15 15:53:05 server sshd[48870]: pam_unix(sshd:auth): check pass; user unknown
Apr 15 15:53:06 server sshd[48868]: Received disconnect from 61.177.173.57 port 31949:11: [preauth]
Apr 15 15:53:06 server sshd[48868]: Disconnected from authenticating user root 61.177.173.57 port 31949 [preauth]
