Apr 17 15:23:15 craftaro sshd[65924]: pam_unix(sshd:auth): authentication failure; logname= uid=0 euid=0 tty=ssh ruser= rhost=61.177.172.143 user=root
Apr 17 15:23:18 craftaro sshd[65924]: Failed password for root from 61.177.172.143 port 48323 ssh2
Apr 17 15:23:24 craftaro sshd[65924]: message repeated 2 times: [ Failed password for root from 61.177.172.143 port 48323 ssh2]
Apr 17 15:23:25 craftaro sshd[65924]: Received disconnect from 61.177.172.143 port 48323:11: [preauth]
Apr 17 15:23:25 craftaro sshd[65924]: Disconnected from authenticating user root 61.177.172.143 port 48323 [preauth]
Apr 17 15:23:25 craftaro sshd[65924]: PAM 2 more authentication failures; logname= uid=0 euid=0 tty=ssh ruser= rhost=61.177.172.143 user=root
Apr 17 15:23:43 craftaro sshd[65926]: pam_unix(sshd:auth): authentication failure; logname= uid=0 euid=0 tty=ssh ruser= rhost=61.177.172.143 user=root
Apr 17 15:23:45 craftaro sshd[65926]: Failed password for root from 61.177.172.143 port 49527 ssh2
Apr 17 15:23:52 craftaro sshd[65926]: message repeated 2 times: [ Failed password for root from 61.177.172.143 port 49527 ssh2]
Apr 17 15:23:53 craftaro sshd[65926]: Received disconnect from 61.177.172.143 port 49527:11: [preauth]
Apr 17 15:23:53 craftaro sshd[65926]: Disconnected from authenticating user root 61.177.172.143 port 49527 [preauth]
Apr 17 15:23:53 craftaro sshd[65926]: PAM 2 more authentication failures; logname= uid=0 euid=0 tty=ssh ruser= rhost=61.177.172.143 user=root
Apr 17 15:24:11 craftaro sshd[65928]: pam_unix(sshd:auth): authentication failure; logname= uid=0 euid=0 tty=ssh ruser= rhost=61.177.172.143 user=root
Apr 17 15:24:13 craftaro sshd[65928]: Failed password for root from 61.177.172.143 port 44891 ssh2
Apr 17 15:24:19 craftaro sshd[65928]: message repeated 2 times: [ Failed password for root from 61.177.172.143 port 44891 ssh2]
Apr 17 15:24:20 craftaro sshd[65928]: Received disconnect from 61.177.172.143 port 44891:11: [preauth]
Apr 17 15:24:20 craftaro sshd[65928]: Disconnected from authenticating user root 61.177.172.143 port 44891 [preauth]
Apr 17 15:24:20 craftaro sshd[65928]: PAM 2 more authentication failures; logname= uid=0 euid=0 tty=ssh ruser= rhost=61.177.172.143 user=root
Apr 17 15:24:41 craftaro sshd[65930]: pam_unix(sshd:auth): authentication failure; logname= uid=0 euid=0 tty=ssh ruser= rhost=61.177.172.143 user=root
Apr 17 15:24:42 craftaro sshd[65930]: Failed password for root from 61.177.172.143 port 61387 ssh2
Apr 17 15:24:49 craftaro sshd[65930]: message repeated 2 times: [ Failed password for root from 61.177.172.143 port 61387 ssh2]
Apr 17 15:24:50 craftaro sshd[65930]: Received disconnect from 61.177.172.143 port 61387:11: [preauth]
Apr 17 15:24:50 craftaro sshd[65930]: Disconnected from authenticating user root 61.177.172.143 port 61387 [preauth]
Apr 17 15:24:50 craftaro sshd[65930]: PAM 2 more authentication failures; logname= uid=0 euid=0 tty=ssh ruser= rhost=61.177.172.143 user=root
Apr 17 15:25:11 craftaro sshd[65932]: pam_unix(sshd:auth): authentication failure; logname= uid=0 euid=0 tty=ssh ruser= rhost=61.177.172.143 user=root
Apr 17 15:25:13 craftaro sshd[65932]: Failed password for root from 61.177.172.143 port 28252 ssh2
Apr 17 15:25:19 craftaro sshd[65932]: message repeated 2 times: [ Failed password for root from 61.177.172.143 port 28252 ssh2]
Apr 17 15:25:19 craftaro sshd[65932]: Received disconnect from 61.177.172.143 port 28252:11: [preauth]
Apr 17 15:25:19 craftaro sshd[65932]: Disconnected from authenticating user root 61.177.172.143 port 28252 [preauth]
Apr 17 15:25:19 craftaro sshd[65932]: PAM 2 more authentication failures; logname= uid=0 euid=0 tty=ssh ruser= rhost=61.177.172.143 user=root
Apr 17 15:25:41 craftaro sshd[65934]: pam_unix(sshd:auth): authentication failure; logname= uid=0 euid=0 tty=ssh ruser= rhost=61.177.172.143 user=root
Apr 17 15:25:43 craftaro sshd[65934]: Failed password for root from 61.177.172.143 port 49182 ssh2
Apr 17 15:25:49 craftaro sshd[65934]: message repeated 2 times: [ Failed password for root from 61.177.172.143 port 49182 ssh2]
Apr 17 15:25:49 craftaro sshd[65934]: Received disconnect from 61.177.172.143 port 49182:11: [preauth]
Apr 17 15:25:49 craftaro sshd[65934]: Disconnected from authenticating user root 61.177.172.143 port 49182 [preauth]
Apr 17 15:25:49 craftaro sshd[65934]: PAM 2 more authentication failures; logname= uid=0 euid=0 tty=ssh ruser= rhost=61.177.172.143 user=root
Apr 17 15:26:12 craftaro sshd[65937]: pam_unix(sshd:auth): authentication failure; logname= uid=0 euid=0 tty=ssh ruser= rhost=61.177.172.143 user=root
Apr 17 15:26:13 craftaro sshd[65937]: Failed password for root from 61.177.172.143 port 58846 ssh2
Apr 17 15:26:19 craftaro sshd[65937]: message repeated 2 times: [ Failed password for root from 61.177.172.143 port 58846 ssh2]
Apr 17 15:26:20 craftaro sshd[65937]: Received disconnect from 61.177.172.143 port 58846:11: [preauth]
Apr 17 15:26:20 craftaro sshd[65937]: Disconnected from authenticating user root 61.177.172.143 port 58846 [preauth]
Apr 17 15:26:20 craftaro sshd[65937]: PAM 2 more authentication failures; logname= uid=0 euid=0 tty=ssh ruser= rhost=61.177.172.143 user=root
Apr 17 15:26:37 craftaro sshd[65939]: pam_unix(sshd:auth): authentication failure; logname= uid=0 euid=0 tty=ssh ruser= rhost=61.177.172.143 user=root
Apr 17 15:26:39 craftaro sshd[65939]: Failed password for root from 61.177.172.143 port 53724 ssh2
Apr 17 15:26:46 craftaro sshd[65939]: message repeated 2 times: [ Failed password for root from 61.177.172.143 port 53724 ssh2]
Apr 17 15:26:46 craftaro sshd[65939]: Received disconnect from 61.177.172.143 port 53724:11: [preauth]
Apr 17 15:26:46 craftaro sshd[65939]: Disconnected from authenticating user root 61.177.172.143 port 53724 [preauth]
Apr 17 15:26:46 craftaro sshd[65939]: PAM 2 more authentication failures; logname= uid=0 euid=0 tty=ssh ruser= rhost=61.177.172.143 user=root
Apr 17 15:27:07 craftaro sshd[65941]: pam_unix(sshd:auth): authentication failure; logname= uid=0 euid=0 tty=ssh ruser= rhost=61.177.172.143 user=root
Apr 17 15:27:09 craftaro sshd[65941]: Failed password for root from 61.177.172.143 port 13293 ssh2
Apr 17 15:27:11 craftaro sshd[65945]: Invalid user user from 179.43.163.131 port 37152
Apr 17 15:27:11 craftaro sshd[65944]: Invalid user admin from 179.43.163.131 port 37144
Apr 17 15:27:11 craftaro sshd[65943]: Invalid user guest from 179.43.163.131 port 37148
Apr 17 15:27:11 craftaro sshd[65945]: pam_unix(sshd:auth): check pass; user unknown
Apr 17 15:27:11 craftaro sshd[65945]: pam_unix(sshd:auth): authentication failure; logname= uid=0 euid=0 tty=ssh ruser= rhost=179.43.163.131
Apr 17 15:27:11 craftaro sshd[65947]: pam_unix(sshd:auth): authentication failure; logname= uid=0 euid=0 tty=ssh ruser= rhost=179.43.163.131 user=root
Apr 17 15:27:11 craftaro sshd[65944]: pam_unix(sshd:auth): check pass; user unknown
Apr 17 15:27:11 craftaro sshd[65944]: pam_unix(sshd:auth): authentication failure; logname= uid=0 euid=0 tty=ssh ruser= rhost=179.43.163.131
Apr 17 15:27:11 craftaro sshd[65946]: pam_unix(sshd:auth): authentication failure; logname= uid=0 euid=0 tty=ssh ruser= rhost=179.43.163.131 user=root
Apr 17 15:27:11 craftaro sshd[65943]: pam_unix(sshd:auth): check pass; user unknown
Apr 17 15:27:11 craftaro sshd[65943]: pam_unix(sshd:auth): authentication failure; logname= uid=0 euid=0 tty=ssh ruser= rhost=179.43.163.131
Apr 17 15:27:12 craftaro sshd[65941]: Failed password for root from 61.177.172.143 port 13293 ssh2
Apr 17 15:27:13 craftaro sshd[65945]: Failed password for invalid user user from 179.43.163.131 port 37152 ssh2
Apr 17 15:27:13 craftaro sshd[65947]: Failed password for root from 179.43.163.131 port 37134 ssh2
Apr 17 15:27:13 craftaro sshd[65944]: Failed password for invalid user admin from 179.43.163.131 port 37144 ssh2
Apr 17 15:27:13 craftaro sshd[65946]: Failed password for root from 179.43.163.131 port 37138 ssh2
Apr 17 15:27:13 craftaro sshd[65943]: Failed password for invalid user guest from 179.43.163.131 port 37148 ssh2
Apr 17 15:27:13 craftaro sshd[65944]: Connection closed by invalid user admin 179.43.163.131 port 37144 [preauth]
Apr 17 15:27:13 craftaro sshd[65945]: Connection closed by invalid user user 179.43.163.131 port 37152 [preauth]
Apr 17 15:27:14 craftaro sshd[65943]: Connection closed by invalid user guest 179.43.163.131 port 37148 [preauth]
Apr 17 15:27:14 craftaro sshd[65947]: Connection closed by authenticating user root 179.43.163.131 port 37134 [preauth]
Apr 17 15:27:14 craftaro sshd[65946]: Connection closed by authenticating user root 179.43.163.131 port 37138 [preauth]
Apr 17 15:27:15 craftaro sshd[65941]: Failed password for root from 61.177.172.143 port 13293 ssh2
Apr 17 15:27:16 craftaro sshd[65941]: Received disconnect from 61.177.172.143 port 13293:11: [preauth]
Apr 17 15:27:16 craftaro sshd[65941]: Disconnected from authenticating user root 61.177.172.143 port 13293 [preauth]
Apr 17 15:27:16 craftaro sshd[65941]: PAM 2 more authentication failures; logname= uid=0 euid=0 tty=ssh ruser= rhost=61.177.172.143 user=root
Apr 17 15:27:35 craftaro sshd[65953]: pam_unix(sshd:auth): authentication failure; logname= uid=0 euid=0 tty=ssh ruser= rhost=61.177.172.143 user=root
Apr 17 15:27:37 craftaro sshd[65953]: Failed password for root from 61.177.172.143 port 17891 ssh2
Apr 17 15:27:44 craftaro sshd[65953]: message repeated 2 times: [ Failed password for root from 61.177.172.143 port 17891 ssh2]
Apr 17 15:27:45 craftaro sshd[65953]: Received disconnect from 61.177.172.143 port 17891:11: [preauth]
Apr 17 15:27:45 craftaro sshd[65953]: Disconnected from authenticating user root 61.177.172.143 port 17891 [preauth]
Apr 17 15:27:45 craftaro sshd[65953]: PAM 2 more authentication failures; logname= uid=0 euid=0 tty=ssh ruser= rhost=61.177.172.143 user=root
Apr 17 15:28:08 craftaro sshd[65955]: pam_unix(sshd:auth): authentication failure; logname= uid=0 euid=0 tty=ssh ruser= rhost=61.177.172.143 user=root
Apr 17 15:28:10 craftaro sshd[65955]: Failed password for root from 61.177.172.143 port 55995 ssh2
Apr 17 15:28:13 craftaro sshd[65955]: Failed password for root from 61.177.172.143 port 55995 ssh2
Apr 17 15:28:14 craftaro sshd[65957]: pam_unix(sshd:auth): authentication failure; logname= uid=0 euid=0 tty=ssh ruser= rhost=187.138.127.173 user=root
Apr 17 15:28:16 craftaro sshd[65955]: Failed password for root from 61.177.172.143 port 55995 ssh2
Apr 17 15:28:16 craftaro sshd[65957]: Failed password for root from 187.138.127.173 port 23115 ssh2
Apr 17 15:28:18 craftaro sshd[65955]: Received disconnect from 61.177.172.143 port 55995:11: [preauth]
Apr 17 15:28:18 craftaro sshd[65955]: Disconnected from authenticating user root 61.177.172.143 port 55995 [preauth]
Apr 17 15:28:18 craftaro sshd[65955]: PAM 2 more authentication failures; logname= uid=0 euid=0 tty=ssh ruser= rhost=61.177.172.143 user=root
Apr 17 15:28:19 craftaro sshd[65957]: Failed password for root from 187.138.127.173 port 23115 ssh2
Apr 17 15:28:32 craftaro sshd[65957]: message repeated 4 times: [ Failed password for root from 187.138.127.173 port 23115 ssh2]
Apr 17 15:28:32 craftaro sshd[65957]: error: maximum authentication attempts exceeded for root from 187.138.127.173 port 23115 ssh2 [preauth]
Apr 17 15:28:32 craftaro sshd[65957]: Disconnecting authenticating user root 187.138.127.173 port 23115: Too many authentication failures [preauth]
Apr 17 15:28:32 craftaro sshd[65957]: PAM 5 more authentication failures; logname= uid=0 euid=0 tty=ssh ruser= rhost=187.138.127.173 user=root
Apr 17 15:28:32 craftaro sshd[65957]: PAM service(sshd) ignoring max retries; 6 > 3
Apr 17 15:28:33 craftaro sshd[65961]: pam_unix(sshd:auth): authentication failure; logname= uid=0 euid=0 tty=ssh ruser= rhost=187.138.127.173 user=root
Apr 17 15:28:34 craftaro sshd[65959]: pam_unix(sshd:auth): authentication failure; logname= uid=0 euid=0 tty=ssh ruser= rhost=61.177.172.143 user=root
Apr 17 15:28:35 craftaro sshd[65961]: Failed password for root from 187.138.127.173 port 23807 ssh2
Apr 17 15:28:36 craftaro sshd[65959]: Failed password for root from 61.177.172.143 port 41837 ssh2
Apr 17 15:28:38 craftaro sshd[65961]: Failed password for root from 187.138.127.173 port 23807 ssh2
Apr 17 15:28:39 craftaro sshd[65959]: Failed password for root from 61.177.172.143 port 41837 ssh2
Apr 17 15:28:41 craftaro sshd[65961]: Failed password for root from 187.138.127.173 port 23807 ssh2
Apr 17 15:28:42 craftaro sshd[65959]: Failed password for root from 61.177.172.143 port 41837 ssh2
Apr 17 15:28:44 craftaro sshd[65961]: Failed password for root from 187.138.127.173 port 23807 ssh2
Apr 17 15:28:44 craftaro sshd[65959]: Received disconnect from 61.177.172.143 port 41837:11: [preauth]
Apr 17 15:28:44 craftaro sshd[65959]: Disconnected from authenticating user root 61.177.172.143 port 41837 [preauth]
Apr 17 15:28:44 craftaro sshd[65959]: PAM 2 more authentication failures; logname= uid=0 euid=0 tty=ssh ruser= rhost=61.177.172.143 user=root
Apr 17 15:28:47 craftaro sshd[65961]: Failed password for root from 187.138.127.173 port 23807 ssh2
Apr 17 15:28:50 craftaro sshd[65961]: Failed password for root from 187.138.127.173 port 23807 ssh2
Apr 17 15:28:51 craftaro sshd[65961]: error: maximum authentication attempts exceeded for root from 187.138.127.173 port 23807 ssh2 [preauth]
Apr 17 15:28:51 craftaro sshd[65961]: Disconnecting authenticating user root 187.138.127.173 port 23807: Too many authentication failures [preauth]
Apr 17 15:28:51 craftaro sshd[65961]: PAM 5 more authentication failures; logname= uid=0 euid=0 tty=ssh ruser= rhost=187.138.127.173 user=root
Apr 17 15:28:51 craftaro sshd[65961]: PAM service(sshd) ignoring max retries; 6 > 3
Apr 17 15:29:04 craftaro sshd[65963]: pam_unix(sshd:auth): authentication failure; logname= uid=0 euid=0 tty=ssh ruser= rhost=61.177.172.143 user=root
Apr 17 15:29:06 craftaro sshd[65963]: Failed password for root from 61.177.172.143 port 59405 ssh2
Apr 17 15:29:13 craftaro sshd[65963]: message repeated 2 times: [ Failed password for root from 61.177.172.143 port 59405 ssh2]
Apr 17 15:29:14 craftaro sshd[65963]: Received disconnect from 61.177.172.143 port 59405:11: [preauth]
Apr 17 15:29:14 craftaro sshd[65963]: Disconnected from authenticating user root 61.177.172.143 port 59405 [preauth]
Apr 17 15:29:14 craftaro sshd[65963]: PAM 2 more authentication failures; logname= uid=0 euid=0 tty=ssh ruser= rhost=61.177.172.143 user=root
Apr 17 15:29:36 craftaro sshd[65965]: pam_unix(sshd:auth): authentication failure; logname= uid=0 euid=0 tty=ssh ruser= rhost=61.177.172.143 user=root
Apr 17 15:29:38 craftaro sshd[65965]: Failed password for root from 61.177.172.143 port 31450 ssh2
Apr 17 15:29:45 craftaro sshd[65965]: message repeated 2 times: [ Failed password for root from 61.177.172.143 port 31450 ssh2]
Apr 17 15:29:46 craftaro sshd[65965]: Received disconnect from 61.177.172.143 port 31450:11: [preauth]
Apr 17 15:29:46 craftaro sshd[65965]: Disconnected from authenticating user root 61.177.172.143 port 31450 [preauth]
Apr 17 15:29:46 craftaro sshd[65965]: PAM 2 more authentication failures; logname= uid=0 euid=0 tty=ssh ruser= rhost=61.177.172.143 user=root
Apr 17 15:30:03 craftaro sshd[65967]: pam_unix(sshd:auth): authentication failure; logname= uid=0 euid=0 tty=ssh ruser= rhost=61.177.172.143 user=root
Apr 17 15:30:06 craftaro sshd[65967]: Failed password for root from 61.177.172.143 port 25902 ssh2
Apr 17 15:30:12 craftaro sshd[65967]: message repeated 2 times: [ Failed password for root from 61.177.172.143 port 25902 ssh2]
Apr 17 15:30:13 craftaro sshd[65967]: Received disconnect from 61.177.172.143 port 25902:11: [preauth]
Apr 17 15:30:13 craftaro sshd[65967]: Disconnected from authenticating user root 61.177.172.143 port 25902 [preauth]
Apr 17 15:30:13 craftaro sshd[65967]: PAM 2 more authentication failures; logname= uid=0 euid=0 tty=ssh ruser= rhost=61.177.172.143 user=root
Apr 17 15:30:17 craftaro sshd[65969]: Invalid user 0 from 185.217.1.246 port 44106
Apr 17 15:30:21 craftaro sshd[65969]: pam_unix(sshd:auth): check pass; user unknown
Apr 17 15:30:21 craftaro sshd[65969]: pam_unix(sshd:auth): authentication failure; logname= uid=0 euid=0 tty=ssh ruser= rhost=185.217.1.246
Apr 17 15:30:23 craftaro sshd[65969]: Failed password for invalid user 0 from 185.217.1.246 port 44106 ssh2
Apr 17 15:30:27 craftaro sshd[65969]: Disconnecting invalid user 0 185.217.1.246 port 44106: Change of username or service not allowed: (0,ssh-connection) -> (root,ssh-connection) [preauth]
Apr 17 15:30:32 craftaro sshd[65972]: pam_unix(sshd:auth): authentication failure; logname= uid=0 euid=0 tty=ssh ruser= rhost=61.177.172.143 user=root
Apr 17 15:30:34 craftaro sshd[65972]: Failed password for root from 61.177.172.143 port 30550 ssh2
Apr 17 15:30:40 craftaro sshd[65972]: message repeated 2 times: [ Failed password for root from 61.177.172.143 port 30550 ssh2]
Apr 17 15:30:41 craftaro sshd[65972]: Received disconnect from 61.177.172.143 port 30550:11: [preauth]
Apr 17 15:30:41 craftaro sshd[65972]: Disconnected from authenticating user root 61.177.172.143 port 30550 [preauth]
Apr 17 15:30:41 craftaro sshd[65972]: PAM 2 more authentication failures; logname= uid=0 euid=0 tty=ssh ruser= rhost=61.177.172.143 user=root
Apr 17 15:31:02 craftaro sshd[65976]: pam_unix(sshd:auth): authentication failure; logname= uid=0 euid=0 tty=ssh ruser= rhost=61.177.172.143 user=root
Apr 17 15:31:03 craftaro sshd[65971]: pam_unix(sshd:auth): authentication failure; logname= uid=0 euid=0 tty=ssh ruser= rhost=185.217.1.246 user=root
Apr 17 15:31:04 craftaro sshd[65976]: Failed password for root from 61.177.172.143 port 47176 ssh2
Apr 17 15:31:05 craftaro sshd[65971]: Failed password for root from 185.217.1.246 port 40856 ssh2
Apr 17 15:31:07 craftaro sshd[65976]: Failed password for root from 61.177.172.143 port 47176 ssh2
Apr 17 15:31:10 craftaro sshd[65976]: Failed password for root from 61.177.172.143 port 47176 ssh2
Apr 17 15:31:11 craftaro sshd[65971]: Disconnecting authenticating user root 185.217.1.246 port 40856: Change of username or service not allowed: (root,ssh-connection) -> (admin,ssh-connection) [preauth]
Apr 17 15:31:11 craftaro sshd[65976]: Received disconnect from 61.177.172.143 port 47176:11: [preauth]
Apr 17 15:31:11 craftaro sshd[65976]: Disconnected from authenticating user root 61.177.172.143 port 47176 [preauth]
Apr 17 15:31:11 craftaro sshd[65976]: PAM 2 more authentication failures; logname= uid=0 euid=0 tty=ssh ruser= rhost=61.177.172.143 user=root
Apr 17 15:31:32 craftaro sshd[65979]: pam_unix(sshd:auth): authentication failure; logname= uid=0 euid=0 tty=ssh ruser= rhost=61.177.172.143 user=root
Apr 17 15:31:34 craftaro sshd[65979]: Failed password for root from 61.177.172.143 port 12371 ssh2
Apr 17 15:31:41 craftaro sshd[65979]: message repeated 2 times: [ Failed password for root from 61.177.172.143 port 12371 ssh2]
Apr 17 15:31:42 craftaro sshd[65979]: Received disconnect from 61.177.172.143 port 12371:11: [preauth]
Apr 17 15:31:42 craftaro sshd[65979]: Disconnected from authenticating user root 61.177.172.143 port 12371 [preauth]
Apr 17 15:31:42 craftaro sshd[65979]: PAM 2 more authentication failures; logname= uid=0 euid=0 tty=ssh ruser= rhost=61.177.172.143 user=root
Apr 17 15:31:51 craftaro sshd[65978]: Invalid user admin from 185.217.1.246 port 19958
Apr 17 15:31:51 craftaro sshd[65978]: pam_unix(sshd:auth): check pass; user unknown
Apr 17 15:31:51 craftaro sshd[65978]: pam_unix(sshd:auth): authentication failure; logname= uid=0 euid=0 tty=ssh ruser= rhost=185.217.1.246
Apr 17 15:31:53 craftaro sshd[65978]: Failed password for invalid user admin from 185.217.1.246 port 19958 ssh2
Apr 17 15:32:01 craftaro sshd[65978]: Disconnecting invalid user admin 185.217.1.246 port 19958: Change of username or service not allowed: (admin,ssh-connection) -> (ubnt,ssh-connection) [preauth]
Apr 17 15:32:01 craftaro sshd[65983]: pam_unix(sshd:auth): authentication failure; logname= uid=0 euid=0 tty=ssh ruser= rhost=61.177.172.143 user=root
Apr 17 15:32:02 craftaro sshd[65985]: Invalid user ubnt from 185.217.1.246 port 49811
Apr 17 15:32:02 craftaro sshd[65985]: pam_unix(sshd:auth): check pass; user unknown
Apr 17 15:32:02 craftaro sshd[65985]: pam_unix(sshd:auth): authentication failure; logname= uid=0 euid=0 tty=ssh ruser= rhost=185.217.1.246
Apr 17 15:32:03 craftaro sshd[65983]: Failed password for root from 61.177.172.143 port 21267 ssh2
Apr 17 15:32:04 craftaro sshd[65985]: Failed password for invalid user ubnt from 185.217.1.246 port 49811 ssh2
Apr 17 15:32:05 craftaro sshd[65985]: Disconnecting invalid user ubnt 185.217.1.246 port 49811: Change of username or service not allowed: (ubnt,ssh-connection) -> (uucp,ssh-connection) [preauth]
Apr 17 15:32:06 craftaro sshd[65983]: Failed password for root from 61.177.172.143 port 21267 ssh2
Apr 17 15:32:06 craftaro sshd[65987]: pam_unix(sshd:auth): authentication failure; logname= uid=0 euid=0 tty=ssh ruser= rhost=185.217.1.246 user=uucp
Apr 17 15:32:08 craftaro sshd[65987]: Failed password for uucp from 185.217.1.246 port 60622 ssh2
Apr 17 15:32:09 craftaro sshd[65987]: Disconnecting authenticating user uucp 185.217.1.246 port 60622: Change of username or service not allowed: (uucp,ssh-connection) -> (admin,ssh-connection) [preauth]
Apr 17 15:32:10 craftaro sshd[65983]: Failed password for root from 61.177.172.143 port 21267 ssh2
Apr 17 15:32:11 craftaro sshd[65983]: Received disconnect from 61.177.172.143 port 21267:11: [preauth]
Apr 17 15:32:11 craftaro sshd[65983]: Disconnected from authenticating user root 61.177.172.143 port 21267 [preauth]
Apr 17 15:32:11 craftaro sshd[65983]: PAM 2 more authentication failures; logname= uid=0 euid=0 tty=ssh ruser= rhost=61.177.172.143 user=root
Apr 17 15:32:28 craftaro sshd[65991]: pam_unix(sshd:auth): authentication failure; logname= uid=0 euid=0 tty=ssh ruser= rhost=61.177.172.143 user=root
Apr 17 15:32:29 craftaro sshd[65991]: Failed password for root from 61.177.172.143 port 13933 ssh2
Apr 17 15:32:36 craftaro sshd[65991]: message repeated 2 times: [ Failed password for root from 61.177.172.143 port 13933 ssh2]
Apr 17 15:32:37 craftaro sshd[65991]: Received disconnect from 61.177.172.143 port 13933:11: [preauth]
Apr 17 15:32:37 craftaro sshd[65991]: Disconnected from authenticating user root 61.177.172.143 port 13933 [preauth]
Apr 17 15:32:37 craftaro sshd[65991]: PAM 2 more authentication failures; logname= uid=0 euid=0 tty=ssh ruser= rhost=61.177.172.143 user=root
Apr 17 15:32:54 craftaro sshd[65989]: Invalid user admin from 185.217.1.246 port 52284
Apr 17 15:32:55 craftaro sshd[65989]: pam_unix(sshd:auth): check pass; user unknown
Apr 17 15:32:55 craftaro sshd[65989]: pam_unix(sshd:auth): authentication failure; logname= uid=0 euid=0 tty=ssh ruser= rhost=185.217.1.246
Apr 17 15:32:57 craftaro sshd[65989]: Failed password for invalid user admin from 185.217.1.246 port 52284 ssh2
Apr 17 15:33:02 craftaro sshd[65989]: Disconnecting invalid user admin 185.217.1.246 port 52284: Change of username or service not allowed: (admin,ssh-connection) -> (adm,ssh-connection) [preauth]
Apr 17 15:33:04 craftaro sshd[65993]: pam_unix(sshd:auth): authentication failure; logname= uid=0 euid=0 tty=ssh ruser= rhost=61.177.172.143 user=root
Apr 17 15:33:05 craftaro sshd[65993]: Failed password for root from 61.177.172.143 port 13118 ssh2
Apr 17 15:33:13 craftaro sshd[65993]: message repeated 2 times: [ Failed password for root from 61.177.172.143 port 13118 ssh2]
Apr 17 15:33:14 craftaro sshd[65993]: Received disconnect from 61.177.172.143 port 13118:11: [preauth]
Apr 17 15:33:14 craftaro sshd[65993]: Disconnected from authenticating user root 61.177.172.143 port 13118 [preauth]
Apr 17 15:33:14 craftaro sshd[65993]: PAM 2 more authentication failures; logname= uid=0 euid=0 tty=ssh ruser= rhost=61.177.172.143 user=root
Apr 17 15:33:29 craftaro sshd[65997]: pam_unix(sshd:auth): authentication failure; logname= uid=0 euid=0 tty=ssh ruser= rhost=61.177.172.143 user=root
Apr 17 15:33:31 craftaro sshd[65997]: Failed password for root from 61.177.172.143 port 58049 ssh2
Apr 17 15:33:31 craftaro sshd[65995]: Invalid user adm from 185.217.1.246 port 6851
Apr 17 15:33:33 craftaro sshd[65995]: pam_unix(sshd:auth): check pass; user unknown
Apr 17 15:33:33 craftaro sshd[65995]: pam_unix(sshd:auth): authentication failure; logname= uid=0 euid=0 tty=ssh ruser= rhost=185.217.1.246
Apr 17 15:33:34 craftaro sshd[65995]: Failed password for invalid user adm from 185.217.1.246 port 6851 ssh2
Apr 17 15:33:35 craftaro sshd[65997]: Failed password for root from 61.177.172.143 port 58049 ssh2
Apr 17 15:33:37 craftaro sshd[65995]: Disconnecting invalid user adm 185.217.1.246 port 6851: Change of username or service not allowed: (adm,ssh-connection) -> (admin,ssh-connection) [preauth]
Apr 17 15:33:38 craftaro sshd[65997]: Failed password for root from 61.177.172.143 port 58049 ssh2
Apr 17 15:33:39 craftaro sshd[65997]: Received disconnect from 61.177.172.143 port 58049:11: [preauth]
Apr 17 15:33:39 craftaro sshd[65997]: Disconnected from authenticating user root 61.177.172.143 port 58049 [preauth]
Apr 17 15:33:39 craftaro sshd[65997]: PAM 2 more authentication failures; logname= uid=0 euid=0 tty=ssh ruser= rhost=61.177.172.143 user=root
Apr 17 15:33:56 craftaro sshd[66001]: pam_unix(sshd:auth): authentication failure; logname= uid=0 euid=0 tty=ssh ruser= rhost=61.177.172.143 user=root
Apr 17 15:33:58 craftaro sshd[66001]: Failed password for root from 61.177.172.143 port 51457 ssh2
Apr 17 15:34:04 craftaro sshd[66001]: message repeated 2 times: [ Failed password for root from 61.177.172.143 port 51457 ssh2]
Apr 17 15:34:06 craftaro sshd[66001]: Received disconnect from 61.177.172.143 port 51457:11: [preauth]
Apr 17 15:34:06 craftaro sshd[66001]: Disconnected from authenticating user root 61.177.172.143 port 51457 [preauth]
Apr 17 15:34:06 craftaro sshd[66001]: PAM 2 more authentication failures; logname= uid=0 euid=0 tty=ssh ruser= rhost=61.177.172.143 user=root
Apr 17 15:34:07 craftaro sshd[65999]: Invalid user admin from 185.217.1.246 port 38561
Apr 17 15:34:08 craftaro sshd[65999]: pam_unix(sshd:auth): check pass; user unknown
Apr 17 15:34:08 craftaro sshd[65999]: pam_unix(sshd:auth): authentication failure; logname= uid=0 euid=0 tty=ssh ruser= rhost=185.217.1.246
Apr 17 15:34:10 craftaro sshd[65999]: Failed password for invalid user admin from 185.217.1.246 port 38561 ssh2
Apr 17 15:34:18 craftaro sshd[65999]: Disconnecting invalid user admin 185.217.1.246 port 38561: Change of username or service not allowed: (admin,ssh-connection) -> (NONE,ssh-connection) [preauth]
Apr 17 15:34:25 craftaro sshd[66003]: pam_unix(sshd:auth): authentication failure; logname= uid=0 euid=0 tty=ssh ruser= rhost=61.177.172.143 user=root
Apr 17 15:34:28 craftaro sshd[66003]: Failed password for root from 61.177.172.143 port 60199 ssh2
Apr 17 15:34:34 craftaro sshd[66003]: message repeated 2 times: [ Failed password for root from 61.177.172.143 port 60199 ssh2]
Apr 17 15:34:35 craftaro sshd[66003]: Received disconnect from 61.177.172.143 port 60199:11: [preauth]
Apr 17 15:34:35 craftaro sshd[66003]: Disconnected from authenticating user root 61.177.172.143 port 60199 [preauth]
Apr 17 15:34:35 craftaro sshd[66003]: PAM 2 more authentication failures; logname= uid=0 euid=0 tty=ssh ruser= rhost=61.177.172.143 user=root
Apr 17 15:34:45 craftaro sshd[66005]: Invalid user NONE from 185.217.1.246 port 15527
Apr 17 15:34:45 craftaro sshd[66005]: pam_unix(sshd:auth): check pass; user unknown
Apr 17 15:34:45 craftaro sshd[66005]: pam_unix(sshd:auth): authentication failure; logname= uid=0 euid=0 tty=ssh ruser= rhost=185.217.1.246
Apr 17 15:34:47 craftaro sshd[66005]: Failed password for invalid user NONE from 185.217.1.246 port 15527 ssh2
Apr 17 15:34:52 craftaro sshd[66005]: Disconnecting invalid user NONE 185.217.1.246 port 15527: Change of username or service not allowed: (NONE,ssh-connection) -> (user,ssh-connection) [preauth]
Apr 17 15:35:01 craftaro sshd[66009]: Unable to negotiate with 185.217.1.246 port 2930: no matching key exchange method found. Their offer: diffie-hellman-group-exchange-sha256,diffie-hellman-group-exchange-sha1,diffie-hellman-group14-sha1,diffie-hellman-group1-sha1 [preauth]
Apr 17 15:35:01 craftaro sshd[66007]: pam_unix(sshd:auth): authentication failure; logname= uid=0 euid=0 tty=ssh ruser= rhost=61.177.172.143 user=root
Apr 17 15:35:03 craftaro sshd[66007]: Failed password for root from 61.177.172.143 port 42412 ssh2
Apr 17 15:35:09 craftaro sshd[66007]: message repeated 2 times: [ Failed password for root from 61.177.172.143 port 42412 ssh2]
Apr 17 15:35:10 craftaro sshd[66007]: Received disconnect from 61.177.172.143 port 42412:11: [preauth]
Apr 17 15:35:10 craftaro sshd[66007]: Disconnected from authenticating user root 61.177.172.143 port 42412 [preauth]
Apr 17 15:35:10 craftaro sshd[66007]: PAM 2 more authentication failures; logname= uid=0 euid=0 tty=ssh ruser= rhost=61.177.172.143 user=root
Apr 17 15:35:12 craftaro sshd[66011]: Unable to negotiate with 185.217.1.246 port 3514: no matching key exchange method found. Their offer: diffie-hellman-group-exchange-sha256,diffie-hellman-group-exchange-sha1,diffie-hellman-group14-sha1,diffie-hellman-group1-sha1 [preauth]
Apr 17 15:35:20 craftaro sshd[66015]: Invalid user from 64.62.197.46 port 13171
Apr 17 15:35:24 craftaro sshd[66015]: Connection closed by invalid user 64.62.197.46 port 13171 [preauth]
Apr 17 15:35:26 craftaro sshd[66017]: pam_unix(sshd:auth): authentication failure; logname= uid=0 euid=0 tty=ssh ruser= rhost=61.177.172.143 user=root
Apr 17 15:35:26 craftaro sshd[66013]: Invalid user user from 185.217.1.246 port 55770
Apr 17 15:35:28 craftaro sshd[66017]: Failed password for root from 61.177.172.143 port 36864 ssh2
Apr 17 15:35:34 craftaro sshd[66017]: message repeated 2 times: [ Failed password for root from 61.177.172.143 port 36864 ssh2]
Apr 17 15:35:35 craftaro sshd[66017]: Received disconnect from 61.177.172.143 port 36864:11: [preauth]
Apr 17 15:35:35 craftaro sshd[66017]: Disconnected from authenticating user root 61.177.172.143 port 36864 [preauth]
Apr 17 15:35:35 craftaro sshd[66017]: PAM 2 more authentication failures; logname= uid=0 euid=0 tty=ssh ruser= rhost=61.177.172.143 user=root
Apr 17 15:35:42 craftaro sshd[66013]: pam_unix(sshd:auth): check pass; user unknown
Apr 17 15:35:42 craftaro sshd[66013]: pam_unix(sshd:auth): authentication failure; logname= uid=0 euid=0 tty=ssh ruser= rhost=185.217.1.246
Apr 17 15:35:44 craftaro sshd[66013]: Failed password for invalid user user from 185.217.1.246 port 55770 ssh2
Apr 17 15:35:51 craftaro sshd[66013]: Disconnecting invalid user user 185.217.1.246 port 55770: Change of username or service not allowed: (user,ssh-connection) -> (ubnt,ssh-connection) [preauth]
Apr 17 15:35:54 craftaro sshd[66019]: pam_unix(sshd:auth): authentication failure; logname= uid=0 euid=0 tty=ssh ruser= rhost=61.177.172.143 user=root
Apr 17 15:35:57 craftaro sshd[66019]: Failed password for root from 61.177.172.143 port 41266 ssh2
Apr 17 15:36:02 craftaro sshd[66019]: message repeated 2 times: [ Failed password for root from 61.177.172.143 port 41266 ssh2]
Apr 17 15:36:04 craftaro sshd[66019]: Received disconnect from 61.177.172.143 port 41266:11: [preauth]
Apr 17 15:36:04 craftaro sshd[66019]: Disconnected from authenticating user root 61.177.172.143 port 41266 [preauth]
Apr 17 15:36:04 craftaro sshd[66019]: PAM 2 more authentication failures; logname= uid=0 euid=0 tty=ssh ruser= rhost=61.177.172.143 user=root
Apr 17 15:36:24 craftaro sshd[66023]: pam_unix(sshd:auth): authentication failure; logname= uid=0 euid=0 tty=ssh ruser= rhost=61.177.172.143 user=root
Apr 17 15:36:26 craftaro sshd[66021]: Invalid user ubnt from 185.217.1.246 port 15546
Apr 17 15:36:26 craftaro sshd[66023]: Failed password for root from 61.177.172.143 port 59798 ssh2
Apr 17 15:36:26 craftaro sshd[66021]: pam_unix(sshd:auth): check pass; user unknown
Apr 17 15:36:26 craftaro sshd[66021]: pam_unix(sshd:auth): authentication failure; logname= uid=0 euid=0 tty=ssh ruser= rhost=185.217.1.246
Apr 17 15:36:28 craftaro sshd[66021]: Failed password for invalid user ubnt from 185.217.1.246 port 15546 ssh2
Apr 17 15:36:28 craftaro sshd[66023]: Failed password for root from 61.177.172.143 port 59798 ssh2
Apr 17 15:36:29 craftaro sshd[66021]: Disconnecting invalid user ubnt 185.217.1.246 port 15546: Change of username or service not allowed: (ubnt,ssh-connection) -> (root,ssh-connection) [preauth]
Apr 17 15:36:31 craftaro sshd[66025]: Unable to negotiate with 185.217.1.246 port 28424: no matching key exchange method found. Their offer: diffie-hellman-group-exchange-sha256,diffie-hellman-group-exchange-sha1,diffie-hellman-group14-sha1,diffie-hellman-group1-sha1 [preauth]
Apr 17 15:36:33 craftaro sshd[66023]: Failed password for root from 61.177.172.143 port 59798 ssh2
Apr 17 15:36:34 craftaro sshd[66023]: Received disconnect from 61.177.172.143 port 59798:11: [preauth]
Apr 17 15:36:34 craftaro sshd[66023]: Disconnected from authenticating user root 61.177.172.143 port 59798 [preauth]
Apr 17 15:36:34 craftaro sshd[66023]: PAM 2 more authentication failures; logname= uid=0 euid=0 tty=ssh ruser= rhost=61.177.172.143 user=root
Apr 17 15:36:45 craftaro sshd[66027]: pam_unix(sshd:auth): authentication failure; logname= uid=0 euid=0 tty=ssh ruser= rhost=185.217.1.246 user=root
Apr 17 15:36:47 craftaro sshd[66027]: Failed password for root from 185.217.1.246 port 36047 ssh2
Apr 17 15:36:51 craftaro sshd[66029]: pam_unix(sshd:auth): authentication failure; logname= uid=0 euid=0 tty=ssh ruser= rhost=61.177.172.143 user=root
Apr 17 15:36:54 craftaro sshd[66029]: Failed password for root from 61.177.172.143 port 59474 ssh2
Apr 17 15:36:56 craftaro sshd[66027]: Disconnecting authenticating user root 185.217.1.246 port 36047: Change of username or service not allowed: (root,ssh-connection) -> (1234,ssh-connection) [preauth]
Apr 17 15:36:57 craftaro sshd[66029]: Failed password for root from 61.177.172.143 port 59474 ssh2
Apr 17 15:36:59 craftaro sshd[66029]: Failed password for root from 61.177.172.143 port 59474 ssh2
Apr 17 15:37:01 craftaro sshd[66029]: Received disconnect from 61.177.172.143 port 59474:11: [preauth]
Apr 17 15:37:01 craftaro sshd[66029]: Disconnected from authenticating user root 61.177.172.143 port 59474 [preauth]
Apr 17 15:37:01 craftaro sshd[66029]: PAM 2 more authentication failures; logname= uid=0 euid=0 tty=ssh ruser= rhost=61.177.172.143 user=root
Apr 17 15:37:07 craftaro sshd[66032]: Unable to negotiate with 185.217.1.246 port 47719: no matching key exchange method found. Their offer: diffie-hellman-group-exchange-sha256,diffie-hellman-group-exchange-sha1,diffie-hellman-group14-sha1,diffie-hellman-group1-sha1 [preauth]
Apr 17 15:37:23 craftaro sshd[66035]: pam_unix(sshd:auth): authentication failure; logname= uid=0 euid=0 tty=ssh ruser= rhost=61.177.172.143 user=root
Apr 17 15:37:25 craftaro sshd[66035]: Failed password for root from 61.177.172.143 port 20035 ssh2
Apr 17 15:37:31 craftaro sshd[66035]: message repeated 2 times: [ Failed password for root from 61.177.172.143 port 20035 ssh2]
Apr 17 15:37:32 craftaro sshd[66035]: Received disconnect from 61.177.172.143 port 20035:11: [preauth]
Apr 17 15:37:32 craftaro sshd[66035]: Disconnected from authenticating user root 61.177.172.143 port 20035 [preauth]
Apr 17 15:37:32 craftaro sshd[66035]: PAM 2 more authentication failures; logname= uid=0 euid=0 tty=ssh ruser= rhost=61.177.172.143 user=root
Apr 17 15:37:45 craftaro sshd[66034]: Invalid user 1234 from 185.217.1.246 port 5418
Apr 17 15:37:46 craftaro sshd[66034]: pam_unix(sshd:auth): check pass; user unknown
Apr 17 15:37:46 craftaro sshd[66034]: pam_unix(sshd:auth): authentication failure; logname= uid=0 euid=0 tty=ssh ruser= rhost=185.217.1.246
Apr 17 15:37:48 craftaro sshd[66034]: Failed password for invalid user 1234 from 185.217.1.246 port 5418 ssh2
Apr 17 15:37:49 craftaro sshd[66034]: Disconnecting invalid user 1234 185.217.1.246 port 5418: Change of username or service not allowed: (1234,ssh-connection) -> (admin,ssh-connection) [preauth]
Apr 17 15:37:49 craftaro sshd[66038]: Unable to negotiate with 185.217.1.246 port 23513: no matching key exchange method found. Their offer: diffie-hellman-group-exchange-sha256,diffie-hellman-group-exchange-sha1,diffie-hellman-group14-sha1,diffie-hellman-group1-sha1 [preauth]
Apr 17 15:37:50 craftaro sshd[66040]: Invalid user admin from 185.217.1.246 port 24426
Apr 17 15:37:51 craftaro sshd[66040]: pam_unix(sshd:auth): check pass; user unknown
Apr 17 15:37:51 craftaro sshd[66040]: pam_unix(sshd:auth): authentication failure; logname= uid=0 euid=0 tty=ssh ruser= rhost=185.217.1.246
Apr 17 15:37:52 craftaro sshd[66042]: pam_unix(sshd:auth): authentication failure; logname= uid=0 euid=0 tty=ssh ruser= rhost=61.177.172.143 user=root
Apr 17 15:37:53 craftaro sshd[66040]: Failed password for invalid user admin from 185.217.1.246 port 24426 ssh2
Apr 17 15:37:54 craftaro sshd[66040]: Disconnecting invalid user admin 185.217.1.246 port 24426: Change of username or service not allowed: (admin,ssh-connection) -> (root,ssh-connection) [preauth]
Apr 17 15:37:54 craftaro sshd[66042]: Failed password for root from 61.177.172.143 port 42437 ssh2
Apr 17 15:38:00 craftaro sshd[66042]: message repeated 2 times: [ Failed password for root from 61.177.172.143 port 42437 ssh2]
Apr 17 15:38:01 craftaro sshd[66042]: Received disconnect from 61.177.172.143 port 42437:11: [preauth]
Apr 17 15:38:01 craftaro sshd[66042]: Disconnected from authenticating user root 61.177.172.143 port 42437 [preauth]
Apr 17 15:38:01 craftaro sshd[66042]: PAM 2 more authentication failures; logname= uid=0 euid=0 tty=ssh ruser= rhost=61.177.172.143 user=root
Apr 17 15:38:19 craftaro sshd[66046]: pam_unix(sshd:auth): authentication failure; logname= uid=0 euid=0 tty=ssh ruser= rhost=61.177.172.143 user=root
Apr 17 15:38:21 craftaro sshd[66046]: Failed password for root from 61.177.172.143 port 37147 ssh2
Apr 17 15:38:22 craftaro sshd[66044]: pam_unix(sshd:auth): authentication failure; logname= uid=0 euid=0 tty=ssh ruser= rhost=185.217.1.246 user=root
Apr 17 15:38:23 craftaro sshd[66044]: Failed password for root from 185.217.1.246 port 19431 ssh2
Apr 17 15:38:23 craftaro sshd[66046]: Failed password for root from 61.177.172.143 port 37147 ssh2
Apr 17 15:38:26 craftaro sshd[66044]: Disconnecting authenticating user root 185.217.1.246 port 19431: Change of username or service not allowed: (root,ssh-connection) -> (12345,ssh-connection) [preauth]
Apr 17 15:38:27 craftaro sshd[66046]: Failed password for root from 61.177.172.143 port 37147 ssh2
Apr 17 15:38:28 craftaro sshd[66046]: Received disconnect from 61.177.172.143 port 37147:11: [preauth]
Apr 17 15:38:28 craftaro sshd[66046]: Disconnected from authenticating user root 61.177.172.143 port 37147 [preauth]
Apr 17 15:38:28 craftaro sshd[66046]: PAM 2 more authentication failures; logname= uid=0 euid=0 tty=ssh ruser= rhost=61.177.172.143 user=root
Apr 17 15:38:49 craftaro sshd[66050]: pam_unix(sshd:auth): authentication failure; logname= uid=0 euid=0 tty=ssh ruser= rhost=61.177.172.143 user=root
Apr 17 15:38:51 craftaro sshd[66050]: Failed password for root from 61.177.172.143 port 54847 ssh2
Apr 17 15:38:57 craftaro sshd[66050]: message repeated 2 times: [ Failed password for root from 61.177.172.143 port 54847 ssh2]
Apr 17 15:38:58 craftaro sshd[66050]: Received disconnect from 61.177.172.143 port 54847:11: [preauth]
Apr 17 15:38:58 craftaro sshd[66050]: Disconnected from authenticating user root 61.177.172.143 port 54847 [preauth]
Apr 17 15:38:58 craftaro sshd[66050]: PAM 2 more authentication failures; logname= uid=0 euid=0 tty=ssh ruser= rhost=61.177.172.143 user=root
Apr 17 15:39:07 craftaro sshd[66048]: Invalid user 12345 from 185.217.1.246 port 37364
Apr 17 15:39:07 craftaro sshd[66048]: pam_unix(sshd:auth): check pass; user unknown
Apr 17 15:39:07 craftaro sshd[66048]: pam_unix(sshd:auth): authentication failure; logname= uid=0 euid=0 tty=ssh ruser= rhost=185.217.1.246
Apr 17 15:39:09 craftaro sshd[66048]: Failed password for invalid user 12345 from 185.217.1.246 port 37364 ssh2
Apr 17 15:39:12 craftaro sshd[66048]: Disconnecting invalid user 12345 185.217.1.246 port 37364: Change of username or service not allowed: (12345,ssh-connection) -> (admin,ssh-connection) [preauth]
Apr 17 15:39:19 craftaro sshd[66054]: pam_unix(sshd:auth): authentication failure; logname= uid=0 euid=0 tty=ssh ruser= rhost=61.177.172.143 user=root
Apr 17 15:39:21 craftaro sshd[66054]: Failed password for root from 61.177.172.143 port 21054 ssh2
Apr 17 15:39:28 craftaro sshd[66054]: message repeated 2 times: [ Failed password for root from 61.177.172.143 port 21054 ssh2]
Apr 17 15:39:29 craftaro sshd[66054]: Received disconnect from 61.177.172.143 port 21054:11: [preauth]
Apr 17 15:39:29 craftaro sshd[66054]: Disconnected from authenticating user root 61.177.172.143 port 21054 [preauth]
Apr 17 15:39:29 craftaro sshd[66054]: PAM 2 more authentication failures; logname= uid=0 euid=0 tty=ssh ruser= rhost=61.177.172.143 user=root
Apr 17 15:39:42 craftaro sshd[66052]: Invalid user admin from 185.217.1.246 port 57149
Apr 17 15:39:43 craftaro sshd[66052]: pam_unix(sshd:auth): check pass; user unknown
Apr 17 15:39:43 craftaro sshd[66052]: pam_unix(sshd:auth): authentication failure; logname= uid=0 euid=0 tty=ssh ruser= rhost=185.217.1.246
Apr 17 15:39:45 craftaro sshd[66052]: Failed password for invalid user admin from 185.217.1.246 port 57149 ssh2
Apr 17 15:39:48 craftaro sshd[66056]: pam_unix(sshd:auth): authentication failure; logname= uid=0 euid=0 tty=ssh ruser= rhost=61.177.172.143 user=root
Apr 17 15:39:49 craftaro sshd[66056]: Failed password for root from 61.177.172.143 port 20074 ssh2
Apr 17 15:39:53 craftaro sshd[66056]: Failed password for root from 61.177.172.143 port 20074 ssh2
Apr 17 15:39:55 craftaro sshd[66052]: Disconnecting invalid user admin 185.217.1.246 port 57149: Change of username or service not allowed: (admin,ssh-connection) -> (test,ssh-connection) [preauth]
Apr 17 15:39:55 craftaro sshd[66056]: Failed password for root from 61.177.172.143 port 20074 ssh2
Apr 17 15:39:56 craftaro sshd[66056]: Received disconnect from 61.177.172.143 port 20074:11: [preauth]
Apr 17 15:39:56 craftaro sshd[66056]: Disconnected from authenticating user root 61.177.172.143 port 20074 [preauth]
Apr 17 15:39:56 craftaro sshd[66056]: PAM 2 more authentication failures; logname= uid=0 euid=0 tty=ssh ruser= rhost=61.177.172.143 user=root
Apr 17 15:40:11 craftaro sshd[66058]: Invalid user test from 185.217.1.246 port 48623
Apr 17 15:40:11 craftaro sshd[66058]: pam_unix(sshd:auth): check pass; user unknown
Apr 17 15:40:11 craftaro sshd[66058]: pam_unix(sshd:auth): authentication failure; logname= uid=0 euid=0 tty=ssh ruser= rhost=185.217.1.246
Apr 17 15:40:13 craftaro sshd[66058]: Failed password for invalid user test from 185.217.1.246 port 48623 ssh2
Apr 17 15:40:14 craftaro sshd[66058]: Disconnecting invalid user test 185.217.1.246 port 48623: Change of username or service not allowed: (test,ssh-connection) -> (admin,ssh-connection) [preauth]
Apr 17 15:40:15 craftaro sshd[66060]: Unable to negotiate with 185.217.1.246 port 60569: no matching key exchange method found. Their offer: diffie-hellman-group-exchange-sha256,diffie-hellman-group-exchange-sha1,diffie-hellman-group14-sha1,diffie-hellman-group1-sha1 [preauth]
Apr 17 15:40:17 craftaro sshd[66062]: pam_unix(sshd:auth): authentication failure; logname= uid=0 euid=0 tty=ssh ruser= rhost=61.177.172.143 user=root
Apr 17 15:40:19 craftaro sshd[66062]: Failed password for root from 61.177.172.143 port 45322 ssh2
Apr 17 15:40:26 craftaro sshd[66062]: message repeated 2 times: [ Failed password for root from 61.177.172.143 port 45322 ssh2]
Apr 17 15:40:27 craftaro sshd[66062]: Received disconnect from 61.177.172.143 port 45322:11: [preauth]
Apr 17 15:40:27 craftaro sshd[66062]: Disconnected from authenticating user root 61.177.172.143 port 45322 [preauth]
Apr 17 15:40:27 craftaro sshd[66062]: PAM 2 more authentication failures; logname= uid=0 euid=0 tty=ssh ruser= rhost=61.177.172.143 user=root
Apr 17 15:40:27 craftaro sshd[66064]: Unable to negotiate with 185.217.1.246 port 8478: no matching key exchange method found. Their offer: diffie-hellman-group-exchange-sha256,diffie-hellman-group-exchange-sha1,diffie-hellman-group14-sha1,diffie-hellman-group1-sha1 [preauth]
Apr 17 15:40:45 craftaro sshd[66067]: pam_unix(sshd:auth): authentication failure; logname= uid=0 euid=0 tty=ssh ruser= rhost=61.177.172.143 user=root
Apr 17 15:40:46 craftaro sshd[66067]: Failed password for root from 61.177.172.143 port 41872 ssh2
Apr 17 15:40:52 craftaro sshd[66067]: message repeated 2 times: [ Failed password for root from 61.177.172.143 port 41872 ssh2]
Apr 17 15:40:53 craftaro sshd[66067]: Received disconnect from 61.177.172.143 port 41872:11: [preauth]
Apr 17 15:40:53 craftaro sshd[66067]: Disconnected from authenticating user root 61.177.172.143 port 41872 [preauth]
Apr 17 15:40:53 craftaro sshd[66067]: PAM 2 more authentication failures; logname= uid=0 euid=0 tty=ssh ruser= rhost=61.177.172.143 user=root
Apr 17 15:40:58 craftaro sshd[66066]: Invalid user admin from 185.217.1.246 port 17704
Apr 17 15:41:00 craftaro sshd[66066]: pam_unix(sshd:auth): check pass; user unknown
Apr 17 15:41:00 craftaro sshd[66066]: pam_unix(sshd:auth): authentication failure; logname= uid=0 euid=0 tty=ssh ruser= rhost=185.217.1.246
Apr 17 15:41:02 craftaro sshd[66066]: Failed password for invalid user admin from 185.217.1.246 port 17704 ssh2
Apr 17 15:41:17 craftaro sshd[66071]: pam_unix(sshd:auth): authentication failure; logname= uid=0 euid=0 tty=ssh ruser= rhost=61.177.172.143 user=root
Apr 17 15:41:19 craftaro sshd[66066]: Disconnecting invalid user admin 185.217.1.246 port 17704: Change of username or service not allowed: (admin,ssh-connection) -> (root,ssh-connection) [preauth]
Apr 17 15:41:19 craftaro sshd[66071]: Failed password for root from 61.177.172.143 port 15741 ssh2
Apr 17 15:41:25 craftaro sshd[66071]: message repeated 2 times: [ Failed password for root from 61.177.172.143 port 15741 ssh2]
Apr 17 15:41:26 craftaro sshd[66071]: Received disconnect from 61.177.172.143 port 15741:11: [preauth]
Apr 17 15:41:26 craftaro sshd[66071]: Disconnected from authenticating user root 61.177.172.143 port 15741 [preauth]
Apr 17 15:41:26 craftaro sshd[66071]: PAM 2 more authentication failures; logname= uid=0 euid=0 tty=ssh ruser= rhost=61.177.172.143 user=root
Apr 17 15:41:44 craftaro sshd[66073]: Unable to negotiate with 185.217.1.246 port 31884: no matching key exchange method found. Their offer: diffie-hellman-group-exchange-sha256,diffie-hellman-group-exchange-sha1,diffie-hellman-group14-sha1,diffie-hellman-group1-sha1 [preauth]
Apr 17 15:41:44 craftaro sshd[66074]: pam_unix(sshd:auth): authentication failure; logname= uid=0 euid=0 tty=ssh ruser= rhost=61.177.172.143 user=root
Apr 17 15:41:47 craftaro sshd[66074]: Failed password for root from 61.177.172.143 port 15809 ssh2
Apr 17 15:41:50 craftaro sshd[66074]: Failed password for root from 61.177.172.143 port 15809 ssh2
Apr 17 15:41:52 craftaro sshd[66077]: error: kex_exchange_identification: Connection closed by remote host
Apr 17 15:41:53 craftaro sshd[66074]: Failed password for root from 61.177.172.143 port 15809 ssh2
Apr 17 15:41:54 craftaro sshd[66074]: Received disconnect from 61.177.172.143 port 15809:11: [preauth]
Apr 17 15:41:54 craftaro sshd[66074]: Disconnected from authenticating user root 61.177.172.143 port 15809 [preauth]
Apr 17 15:41:54 craftaro sshd[66074]: PAM 2 more authentication failures; logname= uid=0 euid=0 tty=ssh ruser= rhost=61.177.172.143 user=root
Apr 17 15:42:05 craftaro sshd[66078]: pam_unix(sshd:auth): authentication failure; logname= uid=0 euid=0 tty=ssh ruser= rhost=185.217.1.246 user=root
Apr 17 15:42:07 craftaro sshd[66078]: Failed password for root from 185.217.1.246 port 31756 ssh2
Apr 17 15:42:14 craftaro sshd[66080]: pam_unix(sshd:auth): authentication failure; logname= uid=0 euid=0 tty=ssh ruser= rhost=61.177.172.143 user=root
Apr 17 15:42:16 craftaro sshd[66080]: Failed password for root from 61.177.172.143 port 33627 ssh2
Apr 17 15:42:19 craftaro sshd[66080]: Failed password for root from 61.177.172.143 port 33627 ssh2
Apr 17 15:42:21 craftaro sshd[66078]: Disconnecting authenticating user root 185.217.1.246 port 31756: Change of username or service not allowed: (root,ssh-connection) -> (admin,ssh-connection) [preauth]
Apr 17 15:42:23 craftaro sshd[66080]: Failed password for root from 61.177.172.143 port 33627 ssh2
Apr 17 15:42:24 craftaro sshd[66080]: Received disconnect from 61.177.172.143 port 33627:11: [preauth]
Apr 17 15:42:24 craftaro sshd[66080]: Disconnected from authenticating user root 61.177.172.143 port 33627 [preauth]
Apr 17 15:42:24 craftaro sshd[66080]: PAM 2 more authentication failures; logname= uid=0 euid=0 tty=ssh ruser= rhost=61.177.172.143 user=root
Apr 17 15:42:34 craftaro sshd[66082]: Invalid user admin from 185.217.1.246 port 45855
Apr 17 15:42:34 craftaro sshd[66082]: pam_unix(sshd:auth): check pass; user unknown
Apr 17 15:42:34 craftaro sshd[66082]: pam_unix(sshd:auth): authentication failure; logname= uid=0 euid=0 tty=ssh ruser= rhost=185.217.1.246
Apr 17 15:42:36 craftaro sshd[66082]: Failed password for invalid user admin from 185.217.1.246 port 45855 ssh2
Apr 17 15:42:38 craftaro sshd[66082]: Disconnecting invalid user admin 185.217.1.246 port 45855: Change of username or service not allowed: (admin,ssh-connection) -> (22,ssh-connection) [preauth]
Apr 17 15:42:41 craftaro sshd[66084]: Invalid user 22 from 185.217.1.246 port 10373
Apr 17 15:42:41 craftaro sshd[66084]: pam_unix(sshd:auth): check pass; user unknown
