Apr 17 15:42:41 craftaro sshd[66084]: pam_unix(sshd:auth): authentication failure; logname= uid=0 euid=0 tty=ssh ruser= rhost=185.217.1.246
Apr 17 15:42:42 craftaro sshd[66086]: pam_unix(sshd:auth): authentication failure; logname= uid=0 euid=0 tty=ssh ruser= rhost=61.177.172.143 user=root
Apr 17 15:42:43 craftaro sshd[66084]: Failed password for invalid user 22 from 185.217.1.246 port 10373 ssh2
Apr 17 15:42:44 craftaro sshd[66086]: Failed password for root from 61.177.172.143 port 32145 ssh2
Apr 17 15:42:51 craftaro sshd[66086]: message repeated 2 times: [ Failed password for root from 61.177.172.143 port 32145 ssh2]
Apr 17 15:42:52 craftaro sshd[66086]: Received disconnect from 61.177.172.143 port 32145:11: [preauth]
Apr 17 15:42:52 craftaro sshd[66086]: Disconnected from authenticating user root 61.177.172.143 port 32145 [preauth]
Apr 17 15:42:52 craftaro sshd[66086]: PAM 2 more authentication failures; logname= uid=0 euid=0 tty=ssh ruser= rhost=61.177.172.143 user=root
Apr 17 15:43:03 craftaro sshd[66084]: Disconnecting invalid user 22 185.217.1.246 port 10373: Change of username or service not allowed: (22,ssh-connection) -> (ubnt,ssh-connection) [preauth]
Apr 17 15:43:10 craftaro sshd[66089]: pam_unix(sshd:auth): authentication failure; logname= uid=0 euid=0 tty=ssh ruser= rhost=61.177.172.143 user=root
Apr 17 15:43:11 craftaro sshd[66089]: Failed password for root from 61.177.172.143 port 29239 ssh2
Apr 17 15:43:18 craftaro sshd[66089]: message repeated 2 times: [ Failed password for root from 61.177.172.143 port 29239 ssh2]
Apr 17 15:43:20 craftaro sshd[66089]: Received disconnect from 61.177.172.143 port 29239:11: [preauth]
Apr 17 15:43:20 craftaro sshd[66089]: Disconnected from authenticating user root 61.177.172.143 port 29239 [preauth]
Apr 17 15:43:20 craftaro sshd[66089]: PAM 2 more authentication failures; logname= uid=0 euid=0 tty=ssh ruser= rhost=61.177.172.143 user=root
Apr 17 15:43:34 craftaro sshd[66091]: Invalid user ubnt from 185.217.1.246 port 28091
Apr 17 15:43:42 craftaro sshd[66093]: pam_unix(sshd:auth): authentication failure; logname= uid=0 euid=0 tty=ssh ruser= rhost=61.177.172.143 user=root
Apr 17 15:43:43 craftaro sshd[66091]: pam_unix(sshd:auth): check pass; user unknown
Apr 17 15:43:43 craftaro sshd[66091]: pam_unix(sshd:auth): authentication failure; logname= uid=0 euid=0 tty=ssh ruser= rhost=185.217.1.246
Apr 17 15:43:44 craftaro sshd[66093]: Failed password for root from 61.177.172.143 port 57629 ssh2
Apr 17 15:43:45 craftaro sshd[66091]: Failed password for invalid user ubnt from 185.217.1.246 port 28091 ssh2
Apr 17 15:43:48 craftaro sshd[66093]: Failed password for root from 61.177.172.143 port 57629 ssh2
Apr 17 15:43:50 craftaro sshd[66093]: Failed password for root from 61.177.172.143 port 57629 ssh2
Apr 17 15:43:51 craftaro sshd[66093]: Received disconnect from 61.177.172.143 port 57629:11: [preauth]
Apr 17 15:43:51 craftaro sshd[66093]: Disconnected from authenticating user root 61.177.172.143 port 57629 [preauth]
Apr 17 15:43:51 craftaro sshd[66093]: PAM 2 more authentication failures; logname= uid=0 euid=0 tty=ssh ruser= rhost=61.177.172.143 user=root
Apr 17 15:43:52 craftaro sshd[66091]: Disconnecting invalid user ubnt 185.217.1.246 port 28091: Change of username or service not allowed: (ubnt,ssh-connection) -> (root,ssh-connection) [preauth]
Apr 17 15:44:09 craftaro sshd[66097]: pam_unix(sshd:auth): authentication failure; logname= uid=0 euid=0 tty=ssh ruser= rhost=61.177.172.143 user=root
Apr 17 15:44:12 craftaro sshd[66097]: Failed password for root from 61.177.172.143 port 59469 ssh2
Apr 17 15:44:18 craftaro sshd[66097]: message repeated 2 times: [ Failed password for root from 61.177.172.143 port 59469 ssh2]
Apr 17 15:44:19 craftaro sshd[66097]: Received disconnect from 61.177.172.143 port 59469:11: [preauth]
Apr 17 15:44:19 craftaro sshd[66097]: Disconnected from authenticating user root 61.177.172.143 port 59469 [preauth]
Apr 17 15:44:19 craftaro sshd[66097]: PAM 2 more authentication failures; logname= uid=0 euid=0 tty=ssh ruser= rhost=61.177.172.143 user=root
Apr 17 15:44:21 craftaro sshd[66095]: pam_unix(sshd:auth): authentication failure; logname= uid=0 euid=0 tty=ssh ruser= rhost=185.217.1.246 user=root
Apr 17 15:44:23 craftaro sshd[66095]: Failed password for root from 185.217.1.246 port 52365 ssh2
Apr 17 15:44:24 craftaro sshd[66095]: Disconnecting authenticating user root 185.217.1.246 port 52365: Change of username or service not allowed: (root,ssh-connection) -> (,ssh-connection) [preauth]
Apr 17 15:44:42 craftaro sshd[66101]: pam_unix(sshd:auth): authentication failure; logname= uid=0 euid=0 tty=ssh ruser= rhost=61.177.172.143 user=root
Apr 17 15:44:43 craftaro sshd[66101]: Failed password for root from 61.177.172.143 port 29600 ssh2
Apr 17 15:44:47 craftaro sshd[66101]: Failed password for root from 61.177.172.143 port 29600 ssh2
Apr 17 15:44:49 craftaro sshd[66103]: Connection closed by 101.86.26.231 port 49718 [preauth]
Apr 17 15:44:50 craftaro sshd[66101]: Failed password for root from 61.177.172.143 port 29600 ssh2
Apr 17 15:44:51 craftaro sshd[66101]: Received disconnect from 61.177.172.143 port 29600:11: [preauth]
Apr 17 15:44:51 craftaro sshd[66101]: Disconnected from authenticating user root 61.177.172.143 port 29600 [preauth]
Apr 17 15:44:51 craftaro sshd[66101]: PAM 2 more authentication failures; logname= uid=0 euid=0 tty=ssh ruser= rhost=61.177.172.143 user=root
Apr 17 15:45:10 craftaro sshd[66105]: pam_unix(sshd:auth): authentication failure; logname= uid=0 euid=0 tty=ssh ruser= rhost=61.177.172.143 user=root
Apr 17 15:45:12 craftaro sshd[66105]: Failed password for root from 61.177.172.143 port 31542 ssh2
Apr 17 15:45:19 craftaro sshd[66105]: message repeated 2 times: [ Failed password for root from 61.177.172.143 port 31542 ssh2]
Apr 17 15:45:19 craftaro sshd[66099]: Invalid user from 185.217.1.246 port 4328
Apr 17 15:45:20 craftaro sshd[66105]: Received disconnect from 61.177.172.143 port 31542:11: [preauth]
Apr 17 15:45:20 craftaro sshd[66105]: Disconnected from authenticating user root 61.177.172.143 port 31542 [preauth]
Apr 17 15:45:20 craftaro sshd[66105]: PAM 2 more authentication failures; logname= uid=0 euid=0 tty=ssh ruser= rhost=61.177.172.143 user=root
Apr 17 15:45:28 craftaro sshd[66099]: pam_unix(sshd:auth): check pass; user unknown
Apr 17 15:45:28 craftaro sshd[66099]: pam_unix(sshd:auth): authentication failure; logname= uid=0 euid=0 tty=ssh ruser= rhost=185.217.1.246
Apr 17 15:45:30 craftaro sshd[66099]: Failed password for invalid user from 185.217.1.246 port 4328 ssh2
Apr 17 15:45:38 craftaro sshd[66107]: pam_unix(sshd:auth): authentication failure; logname= uid=0 euid=0 tty=ssh ruser= rhost=61.177.172.143 user=root
Apr 17 15:45:41 craftaro sshd[66107]: Failed password for root from 61.177.172.143 port 47664 ssh2
Apr 17 15:45:41 craftaro sshd[66099]: Disconnecting invalid user 185.217.1.246 port 4328: Change of username or service not allowed: (,ssh-connection) -> (admin,ssh-connection) [preauth]
Apr 17 15:45:43 craftaro sshd[66107]: Failed password for root from 61.177.172.143 port 47664 ssh2
Apr 17 15:45:47 craftaro sshd[66107]: Failed password for root from 61.177.172.143 port 47664 ssh2
Apr 17 15:45:48 craftaro sshd[66107]: Received disconnect from 61.177.172.143 port 47664:11: [preauth]
Apr 17 15:45:48 craftaro sshd[66107]: Disconnected from authenticating user root 61.177.172.143 port 47664 [preauth]
Apr 17 15:45:48 craftaro sshd[66107]: PAM 2 more authentication failures; logname= uid=0 euid=0 tty=ssh ruser= rhost=61.177.172.143 user=root
Apr 17 15:46:08 craftaro sshd[66111]: pam_unix(sshd:auth): authentication failure; logname= uid=0 euid=0 tty=ssh ruser= rhost=61.177.172.143 user=root
Apr 17 15:46:10 craftaro sshd[66111]: Failed password for root from 61.177.172.143 port 64252 ssh2
Apr 17 15:46:12 craftaro sshd[66109]: Invalid user admin from 185.217.1.246 port 13665
Apr 17 15:46:13 craftaro sshd[66109]: pam_unix(sshd:auth): check pass; user unknown
Apr 17 15:46:13 craftaro sshd[66109]: pam_unix(sshd:auth): authentication failure; logname= uid=0 euid=0 tty=ssh ruser= rhost=185.217.1.246
Apr 17 15:46:13 craftaro sshd[66111]: Failed password for root from 61.177.172.143 port 64252 ssh2
Apr 17 15:46:15 craftaro sshd[66109]: Failed password for invalid user admin from 185.217.1.246 port 13665 ssh2
Apr 17 15:46:16 craftaro sshd[66111]: Failed password for root from 61.177.172.143 port 64252 ssh2
Apr 17 15:46:17 craftaro sshd[66111]: Received disconnect from 61.177.172.143 port 64252:11: [preauth]
Apr 17 15:46:17 craftaro sshd[66111]: Disconnected from authenticating user root 61.177.172.143 port 64252 [preauth]
Apr 17 15:46:17 craftaro sshd[66111]: PAM 2 more authentication failures; logname= uid=0 euid=0 tty=ssh ruser= rhost=61.177.172.143 user=root
Apr 17 15:46:19 craftaro sshd[66109]: pam_unix(sshd:auth): check pass; user unknown
Apr 17 15:46:21 craftaro sshd[66109]: Failed password for invalid user admin from 185.217.1.246 port 13665 ssh2
Apr 17 15:46:23 craftaro sshd[66109]: pam_unix(sshd:auth): check pass; user unknown
Apr 17 15:46:25 craftaro sshd[66109]: Failed password for invalid user admin from 185.217.1.246 port 13665 ssh2
Apr 17 15:46:30 craftaro sshd[66109]: Disconnecting invalid user admin 185.217.1.246 port 13665: Change of username or service not allowed: (admin,ssh-connection) -> (service,ssh-connection) [preauth]
Apr 17 15:46:30 craftaro sshd[66109]: PAM 2 more authentication failures; logname= uid=0 euid=0 tty=ssh ruser= rhost=185.217.1.246
Apr 17 15:46:32 craftaro sshd[66113]: Unable to negotiate with 185.217.1.246 port 23426: no matching key exchange method found. Their offer: diffie-hellman-group-exchange-sha256,diffie-hellman-group-exchange-sha1,diffie-hellman-group14-sha1,diffie-hellman-group1-sha1 [preauth]
Apr 17 15:46:33 craftaro sshd[66115]: Invalid user service from 185.217.1.246 port 31076
Apr 17 15:46:33 craftaro sshd[66115]: pam_unix(sshd:auth): check pass; user unknown
Apr 17 15:46:33 craftaro sshd[66115]: pam_unix(sshd:auth): authentication failure; logname= uid=0 euid=0 tty=ssh ruser= rhost=185.217.1.246
Apr 17 15:46:35 craftaro sshd[66117]: pam_unix(sshd:auth): authentication failure; logname= uid=0 euid=0 tty=ssh ruser= rhost=61.177.172.143 user=root
Apr 17 15:46:36 craftaro sshd[66115]: Failed password for invalid user service from 185.217.1.246 port 31076 ssh2
Apr 17 15:46:37 craftaro sshd[66115]: Disconnecting invalid user service 185.217.1.246 port 31076: Change of username or service not allowed: (service,ssh-connection) -> (sales,ssh-connection) [preauth]
Apr 17 15:46:37 craftaro sshd[66117]: Failed password for root from 61.177.172.143 port 56736 ssh2
Apr 17 15:46:43 craftaro sshd[66117]: message repeated 2 times: [ Failed password for root from 61.177.172.143 port 56736 ssh2]
Apr 17 15:46:44 craftaro sshd[66117]: Received disconnect from 61.177.172.143 port 56736:11: [preauth]
Apr 17 15:46:44 craftaro sshd[66117]: Disconnected from authenticating user root 61.177.172.143 port 56736 [preauth]
Apr 17 15:46:44 craftaro sshd[66117]: PAM 2 more authentication failures; logname= uid=0 euid=0 tty=ssh ruser= rhost=61.177.172.143 user=root
Apr 17 15:47:04 craftaro sshd[66121]: pam_unix(sshd:auth): authentication failure; logname= uid=0 euid=0 tty=ssh ruser= rhost=61.177.172.143 user=root
Apr 17 15:47:06 craftaro sshd[66121]: Failed password for root from 61.177.172.143 port 14859 ssh2
Apr 17 15:47:12 craftaro sshd[66121]: message repeated 2 times: [ Failed password for root from 61.177.172.143 port 14859 ssh2]
Apr 17 15:47:14 craftaro sshd[66121]: Received disconnect from 61.177.172.143 port 14859:11: [preauth]
Apr 17 15:47:14 craftaro sshd[66121]: Disconnected from authenticating user root 61.177.172.143 port 14859 [preauth]
Apr 17 15:47:14 craftaro sshd[66121]: PAM 2 more authentication failures; logname= uid=0 euid=0 tty=ssh ruser= rhost=61.177.172.143 user=root
Apr 17 15:47:32 craftaro sshd[66119]: Invalid user sales from 185.217.1.246 port 7246
Apr 17 15:47:35 craftaro sshd[66123]: pam_unix(sshd:auth): authentication failure; logname= uid=0 euid=0 tty=ssh ruser= rhost=61.177.172.143 user=root
Apr 17 15:47:37 craftaro sshd[66123]: Failed password for root from 61.177.172.143 port 35519 ssh2
Apr 17 15:47:40 craftaro sshd[66119]: pam_unix(sshd:auth): check pass; user unknown
Apr 17 15:47:40 craftaro sshd[66119]: pam_unix(sshd:auth): authentication failure; logname= uid=0 euid=0 tty=ssh ruser= rhost=185.217.1.246
Apr 17 15:47:41 craftaro sshd[66123]: Failed password for root from 61.177.172.143 port 35519 ssh2
Apr 17 15:47:43 craftaro sshd[66119]: Failed password for invalid user sales from 185.217.1.246 port 7246 ssh2
Apr 17 15:47:43 craftaro sshd[66123]: Failed password for root from 61.177.172.143 port 35519 ssh2
Apr 17 15:47:44 craftaro sshd[66123]: Received disconnect from 61.177.172.143 port 35519:11: [preauth]
Apr 17 15:47:44 craftaro sshd[66123]: Disconnected from authenticating user root 61.177.172.143 port 35519 [preauth]
Apr 17 15:47:44 craftaro sshd[66123]: PAM 2 more authentication failures; logname= uid=0 euid=0 tty=ssh ruser= rhost=61.177.172.143 user=root
Apr 17 15:47:48 craftaro sshd[66119]: Disconnecting invalid user sales 185.217.1.246 port 7246: Change of username or service not allowed: (sales,ssh-connection) -> (default,ssh-connection) [preauth]
Apr 17 15:48:02 craftaro sshd[66125]: error: Bad remote protocol version identification: 'SSH-2.0_CoreLab-1.0'
Apr 17 15:48:06 craftaro sshd[66126]: pam_unix(sshd:auth): authentication failure; logname= uid=0 euid=0 tty=ssh ruser= rhost=61.177.172.143 user=root
Apr 17 15:48:08 craftaro sshd[66126]: Failed password for root from 61.177.172.143 port 49199 ssh2
Apr 17 15:48:11 craftaro sshd[66126]: Failed password for root from 61.177.172.143 port 49199 ssh2
Apr 17 15:48:15 craftaro sshd[66130]: Invalid user user from 58.150.154.235 port 58630
Apr 17 15:48:15 craftaro sshd[66130]: pam_unix(sshd:auth): check pass; user unknown
Apr 17 15:48:15 craftaro sshd[66130]: pam_unix(sshd:auth): authentication failure; logname= uid=0 euid=0 tty=ssh ruser= rhost=58.150.154.235
Apr 17 15:48:15 craftaro sshd[66126]: Failed password for root from 61.177.172.143 port 49199 ssh2
Apr 17 15:48:16 craftaro sshd[66126]: Received disconnect from 61.177.172.143 port 49199:11: [preauth]
Apr 17 15:48:16 craftaro sshd[66126]: Disconnected from authenticating user root 61.177.172.143 port 49199 [preauth]
Apr 17 15:48:16 craftaro sshd[66126]: PAM 2 more authentication failures; logname= uid=0 euid=0 tty=ssh ruser= rhost=61.177.172.143 user=root
Apr 17 15:48:18 craftaro sshd[66130]: Failed password for invalid user user from 58.150.154.235 port 58630 ssh2
Apr 17 15:48:20 craftaro sshd[66130]: Connection closed by invalid user user 58.150.154.235 port 58630 [preauth]
Apr 17 15:48:21 craftaro sshd[66132]: Invalid user user from 73.46.208.203 port 39610
Apr 17 15:48:21 craftaro sshd[66132]: pam_unix(sshd:auth): check pass; user unknown
Apr 17 15:48:21 craftaro sshd[66132]: pam_unix(sshd:auth): authentication failure; logname= uid=0 euid=0 tty=ssh ruser= rhost=73.46.208.203
Apr 17 15:48:21 craftaro sshd[66128]: Invalid user default from 185.217.1.246 port 59680
Apr 17 15:48:22 craftaro sshd[66128]: pam_unix(sshd:auth): check pass; user unknown
Apr 17 15:48:22 craftaro sshd[66128]: pam_unix(sshd:auth): authentication failure; logname= uid=0 euid=0 tty=ssh ruser= rhost=185.217.1.246
Apr 17 15:48:23 craftaro sshd[66132]: Failed password for invalid user user from 73.46.208.203 port 39610 ssh2
Apr 17 15:48:23 craftaro sshd[66132]: Connection closed by invalid user user 73.46.208.203 port 39610 [preauth]
Apr 17 15:48:24 craftaro sshd[66128]: Failed password for invalid user default from 185.217.1.246 port 59680 ssh2
Apr 17 15:48:31 craftaro sshd[66128]: Disconnecting invalid user default 185.217.1.246 port 59680: Change of username or service not allowed: (default,ssh-connection) -> (admin,ssh-connection) [preauth]
Apr 17 15:48:35 craftaro sshd[66135]: pam_unix(sshd:auth): authentication failure; logname= uid=0 euid=0 tty=ssh ruser= rhost=61.177.172.143 user=root
Apr 17 15:48:37 craftaro sshd[66135]: Failed password for root from 61.177.172.143 port 62667 ssh2
Apr 17 15:48:43 craftaro sshd[66135]: message repeated 2 times: [ Failed password for root from 61.177.172.143 port 62667 ssh2]
Apr 17 15:48:44 craftaro sshd[66135]: Received disconnect from 61.177.172.143 port 62667:11: [preauth]
Apr 17 15:48:44 craftaro sshd[66135]: Disconnected from authenticating user root 61.177.172.143 port 62667 [preauth]
Apr 17 15:48:44 craftaro sshd[66135]: PAM 2 more authentication failures; logname= uid=0 euid=0 tty=ssh ruser= rhost=61.177.172.143 user=root
Apr 17 15:48:58 craftaro sshd[66134]: Invalid user admin from 185.217.1.246 port 7767
Apr 17 15:48:58 craftaro sshd[66134]: pam_unix(sshd:auth): check pass; user unknown
Apr 17 15:48:58 craftaro sshd[66134]: pam_unix(sshd:auth): authentication failure; logname= uid=0 euid=0 tty=ssh ruser= rhost=185.217.1.246
Apr 17 15:49:00 craftaro sshd[66134]: Failed password for invalid user admin from 185.217.1.246 port 7767 ssh2
Apr 17 15:49:03 craftaro sshd[66138]: pam_unix(sshd:auth): authentication failure; logname= uid=0 euid=0 tty=ssh ruser= rhost=61.177.172.143 user=root
Apr 17 15:49:05 craftaro sshd[66138]: Failed password for root from 61.177.172.143 port 57577 ssh2
Apr 17 15:49:11 craftaro sshd[66138]: message repeated 2 times: [ Failed password for root from 61.177.172.143 port 57577 ssh2]
Apr 17 15:49:12 craftaro sshd[66138]: Received disconnect from 61.177.172.143 port 57577:11: [preauth]
Apr 17 15:49:12 craftaro sshd[66138]: Disconnected from authenticating user root 61.177.172.143 port 57577 [preauth]
Apr 17 15:49:12 craftaro sshd[66138]: PAM 2 more authentication failures; logname= uid=0 euid=0 tty=ssh ruser= rhost=61.177.172.143 user=root
Apr 17 15:49:21 craftaro sshd[66134]: Disconnecting invalid user admin 185.217.1.246 port 7767: Change of username or service not allowed: (admin,ssh-connection) -> (root,ssh-connection) [preauth]
Apr 17 15:49:34 craftaro sshd[66140]: pam_unix(sshd:auth): authentication failure; logname= uid=0 euid=0 tty=ssh ruser= rhost=61.177.172.143 user=root
Apr 17 15:49:35 craftaro sshd[66140]: Failed password for root from 61.177.172.143 port 11948 ssh2
Apr 17 15:49:41 craftaro sshd[66140]: message repeated 2 times: [ Failed password for root from 61.177.172.143 port 11948 ssh2]
Apr 17 15:49:43 craftaro sshd[66140]: Received disconnect from 61.177.172.143 port 11948:11: [preauth]
Apr 17 15:49:43 craftaro sshd[66140]: Disconnected from authenticating user root 61.177.172.143 port 11948 [preauth]
Apr 17 15:49:43 craftaro sshd[66140]: PAM 2 more authentication failures; logname= uid=0 euid=0 tty=ssh ruser= rhost=61.177.172.143 user=root
Apr 17 15:50:05 craftaro sshd[66144]: pam_unix(sshd:auth): authentication failure; logname= uid=0 euid=0 tty=ssh ruser= rhost=61.177.172.143 user=root
Apr 17 15:50:06 craftaro sshd[66144]: Failed password for root from 61.177.172.143 port 44078 ssh2
Apr 17 15:50:11 craftaro sshd[66144]: message repeated 2 times: [ Failed password for root from 61.177.172.143 port 44078 ssh2]
Apr 17 15:50:13 craftaro sshd[66144]: Received disconnect from 61.177.172.143 port 44078:11: [preauth]
Apr 17 15:50:13 craftaro sshd[66144]: Disconnected from authenticating user root 61.177.172.143 port 44078 [preauth]
Apr 17 15:50:13 craftaro sshd[66144]: PAM 2 more authentication failures; logname= uid=0 euid=0 tty=ssh ruser= rhost=61.177.172.143 user=root
Apr 17 15:50:26 craftaro sshd[66142]: Disconnecting authenticating user root 185.217.1.246 port 48594: Change of username or service not allowed: (root,ssh-connection) -> (admin,ssh-connection) [preauth]
Apr 17 15:50:31 craftaro sshd[66146]: pam_unix(sshd:auth): authentication failure; logname= uid=0 euid=0 tty=ssh ruser= rhost=61.177.172.143 user=root
Apr 17 15:50:33 craftaro sshd[66146]: Failed password for root from 61.177.172.143 port 34764 ssh2
Apr 17 15:50:39 craftaro sshd[66146]: message repeated 2 times: [ Failed password for root from 61.177.172.143 port 34764 ssh2]
Apr 17 15:50:40 craftaro sshd[66146]: Received disconnect from 61.177.172.143 port 34764:11: [preauth]
Apr 17 15:50:40 craftaro sshd[66146]: Disconnected from authenticating user root 61.177.172.143 port 34764 [preauth]
Apr 17 15:50:40 craftaro sshd[66146]: PAM 2 more authentication failures; logname= uid=0 euid=0 tty=ssh ruser= rhost=61.177.172.143 user=root
Apr 17 15:50:42 craftaro sshd[66148]: Invalid user admin from 185.217.1.246 port 29561
Apr 17 15:50:43 craftaro sshd[66148]: pam_unix(sshd:auth): check pass; user unknown
Apr 17 15:50:43 craftaro sshd[66148]: pam_unix(sshd:auth): authentication failure; logname= uid=0 euid=0 tty=ssh ruser= rhost=185.217.1.246
Apr 17 15:50:45 craftaro sshd[66148]: Failed password for invalid user admin from 185.217.1.246 port 29561 ssh2
Apr 17 15:50:50 craftaro sshd[66148]: Disconnecting invalid user admin 185.217.1.246 port 29561: Change of username or service not allowed: (admin,ssh-connection) -> (root,ssh-connection) [preauth]
Apr 17 15:50:52 craftaro sshd[66150]: pam_unix(sshd:auth): authentication failure; logname= uid=0 euid=0 tty=ssh ruser= rhost=185.217.1.246 user=root
Apr 17 15:50:53 craftaro sshd[66150]: Failed password for root from 185.217.1.246 port 10558 ssh2
Apr 17 15:50:55 craftaro sshd[66150]: Disconnecting authenticating user root 185.217.1.246 port 10558: Change of username or service not allowed: (root,ssh-connection) -> (user,ssh-connection) [preauth]
Apr 17 15:51:03 craftaro sshd[66154]: pam_unix(sshd:auth): authentication failure; logname= uid=0 euid=0 tty=ssh ruser= rhost=61.177.172.143 user=root
Apr 17 15:51:05 craftaro sshd[66154]: Failed password for root from 61.177.172.143 port 62348 ssh2
Apr 17 15:51:11 craftaro sshd[66154]: message repeated 2 times: [ Failed password for root from 61.177.172.143 port 62348 ssh2]
Apr 17 15:51:12 craftaro sshd[66154]: Received disconnect from 61.177.172.143 port 62348:11: [preauth]
Apr 17 15:51:12 craftaro sshd[66154]: Disconnected from authenticating user root 61.177.172.143 port 62348 [preauth]
Apr 17 15:51:12 craftaro sshd[66154]: PAM 2 more authentication failures; logname= uid=0 euid=0 tty=ssh ruser= rhost=61.177.172.143 user=root
Apr 17 15:51:29 craftaro sshd[66157]: pam_unix(sshd:auth): authentication failure; logname= uid=0 euid=0 tty=ssh ruser= rhost=61.177.172.143 user=root
Apr 17 15:51:31 craftaro sshd[66157]: Failed password for root from 61.177.172.143 port 59654 ssh2
Apr 17 15:51:38 craftaro sshd[66157]: message repeated 2 times: [ Failed password for root from 61.177.172.143 port 59654 ssh2]
Apr 17 15:51:39 craftaro sshd[66157]: Received disconnect from 61.177.172.143 port 59654:11: [preauth]
Apr 17 15:51:39 craftaro sshd[66157]: Disconnected from authenticating user root 61.177.172.143 port 59654 [preauth]
Apr 17 15:51:39 craftaro sshd[66157]: PAM 2 more authentication failures; logname= uid=0 euid=0 tty=ssh ruser= rhost=61.177.172.143 user=root
Apr 17 15:52:01 craftaro sshd[66152]: Invalid user user from 185.217.1.246 port 49909
Apr 17 15:52:02 craftaro sshd[66159]: pam_unix(sshd:auth): authentication failure; logname= uid=0 euid=0 tty=ssh ruser= rhost=61.177.172.143 user=root
Apr 17 15:52:03 craftaro sshd[66152]: pam_unix(sshd:auth): check pass; user unknown
Apr 17 15:52:03 craftaro sshd[66152]: pam_unix(sshd:auth): authentication failure; logname= uid=0 euid=0 tty=ssh ruser= rhost=185.217.1.246
Apr 17 15:52:04 craftaro sshd[66159]: Failed password for root from 61.177.172.143 port 16317 ssh2
Apr 17 15:52:05 craftaro sshd[66152]: Failed password for invalid user user from 185.217.1.246 port 49909 ssh2
Apr 17 15:52:07 craftaro sshd[66159]: Failed password for root from 61.177.172.143 port 16317 ssh2
Apr 17 15:52:07 craftaro sshd[66152]: Disconnecting invalid user user 185.217.1.246 port 49909: Change of username or service not allowed: (user,ssh-connection) -> (ADMIN,ssh-connection) [preauth]
Apr 17 15:52:11 craftaro sshd[66159]: Failed password for root from 61.177.172.143 port 16317 ssh2
Apr 17 15:52:12 craftaro sshd[66159]: Received disconnect from 61.177.172.143 port 16317:11: [preauth]
Apr 17 15:52:12 craftaro sshd[66159]: Disconnected from authenticating user root 61.177.172.143 port 16317 [preauth]
Apr 17 15:52:12 craftaro sshd[66159]: PAM 2 more authentication failures; logname= uid=0 euid=0 tty=ssh ruser= rhost=61.177.172.143 user=root
Apr 17 15:52:22 craftaro sshd[66161]: Invalid user ADMIN from 185.217.1.246 port 2288
Apr 17 15:52:23 craftaro sshd[66161]: pam_unix(sshd:auth): check pass; user unknown
Apr 17 15:52:23 craftaro sshd[66161]: pam_unix(sshd:auth): authentication failure; logname= uid=0 euid=0 tty=ssh ruser= rhost=185.217.1.246
Apr 17 15:52:24 craftaro sshd[66161]: Failed password for invalid user ADMIN from 185.217.1.246 port 2288 ssh2
Apr 17 15:52:29 craftaro sshd[66163]: pam_unix(sshd:auth): authentication failure; logname= uid=0 euid=0 tty=ssh ruser= rhost=61.177.172.143 user=root
Apr 17 15:52:30 craftaro sshd[66163]: Failed password for root from 61.177.172.143 port 36397 ssh2
Apr 17 15:52:31 craftaro sshd[66161]: Disconnecting invalid user ADMIN 185.217.1.246 port 2288: Change of username or service not allowed: (ADMIN,ssh-connection) -> (,ssh-connection) [preauth]
Apr 17 15:52:32 craftaro sshd[66163]: Failed password for root from 61.177.172.143 port 36397 ssh2
Apr 17 15:52:35 craftaro sshd[66163]: Failed password for root from 61.177.172.143 port 36397 ssh2
Apr 17 15:52:36 craftaro sshd[66163]: Received disconnect from 61.177.172.143 port 36397:11: [preauth]
Apr 17 15:52:36 craftaro sshd[66163]: Disconnected from authenticating user root 61.177.172.143 port 36397 [preauth]
Apr 17 15:52:36 craftaro sshd[66163]: PAM 2 more authentication failures; logname= uid=0 euid=0 tty=ssh ruser= rhost=61.177.172.143 user=root
Apr 17 15:53:05 craftaro sshd[66167]: pam_unix(sshd:auth): authentication failure; logname= uid=0 euid=0 tty=ssh ruser= rhost=61.177.172.143 user=root
Apr 17 15:53:06 craftaro sshd[66167]: Failed password for root from 61.177.172.143 port 54317 ssh2
Apr 17 15:53:14 craftaro sshd[66167]: message repeated 2 times: [ Failed password for root from 61.177.172.143 port 54317 ssh2]
Apr 17 15:53:15 craftaro sshd[66167]: Received disconnect from 61.177.172.143 port 54317:11: [preauth]
Apr 17 15:53:15 craftaro sshd[66167]: Disconnected from authenticating user root 61.177.172.143 port 54317 [preauth]
Apr 17 15:53:15 craftaro sshd[66167]: PAM 2 more authentication failures; logname= uid=0 euid=0 tty=ssh ruser= rhost=61.177.172.143 user=root
Apr 17 15:53:30 craftaro sshd[66169]: pam_unix(sshd:auth): authentication failure; logname= uid=0 euid=0 tty=ssh ruser= rhost=61.177.172.143 user=root
Apr 17 15:53:32 craftaro sshd[66169]: Failed password for root from 61.177.172.143 port 12502 ssh2
Apr 17 15:53:33 craftaro sshd[66165]: Invalid user from 185.217.1.246 port 41620
Apr 17 15:53:35 craftaro sshd[66169]: Failed password for root from 61.177.172.143 port 12502 ssh2
Apr 17 15:53:39 craftaro sshd[66169]: Failed password for root from 61.177.172.143 port 12502 ssh2
Apr 17 15:53:40 craftaro sshd[66169]: Received disconnect from 61.177.172.143 port 12502:11: [preauth]
Apr 17 15:53:40 craftaro sshd[66169]: Disconnected from authenticating user root 61.177.172.143 port 12502 [preauth]
Apr 17 15:53:40 craftaro sshd[66169]: PAM 2 more authentication failures; logname= uid=0 euid=0 tty=ssh ruser= rhost=61.177.172.143 user=root
Apr 17 15:53:42 craftaro sshd[66165]: pam_unix(sshd:auth): check pass; user unknown
Apr 17 15:53:42 craftaro sshd[66165]: pam_unix(sshd:auth): authentication failure; logname= uid=0 euid=0 tty=ssh ruser= rhost=185.217.1.246
Apr 17 15:53:44 craftaro sshd[66165]: Failed password for invalid user from 185.217.1.246 port 41620 ssh2
Apr 17 15:53:46 craftaro sshd[66165]: Disconnecting invalid user 185.217.1.246 port 41620: Change of username or service not allowed: (,ssh-connection) -> (root,ssh-connection) [preauth]
Apr 17 15:53:49 craftaro sshd[66171]: Unable to negotiate with 185.217.1.246 port 51437: no matching key exchange method found. Their offer: diffie-hellman-group-exchange-sha256,diffie-hellman-group-exchange-sha1,diffie-hellman-group14-sha1,diffie-hellman-group1-sha1 [preauth]
Apr 17 15:53:58 craftaro sshd[66173]: pam_unix(sshd:auth): authentication failure; logname= uid=0 euid=0 tty=ssh ruser= rhost=61.177.172.143 user=root
Apr 17 15:53:59 craftaro sshd[66175]: Unable to negotiate with 185.217.1.246 port 8106: no matching key exchange method found. Their offer: diffie-hellman-group-exchange-sha256,diffie-hellman-group-exchange-sha1,diffie-hellman-group14-sha1,diffie-hellman-group1-sha1 [preauth]
Apr 17 15:54:00 craftaro sshd[66173]: Failed password for root from 61.177.172.143 port 17810 ssh2
Apr 17 15:54:06 craftaro sshd[66173]: message repeated 2 times: [ Failed password for root from 61.177.172.143 port 17810 ssh2]
Apr 17 15:54:07 craftaro sshd[66173]: Received disconnect from 61.177.172.143 port 17810:11: [preauth]
Apr 17 15:54:07 craftaro sshd[66173]: Disconnected from authenticating user root 61.177.172.143 port 17810 [preauth]
Apr 17 15:54:07 craftaro sshd[66173]: PAM 2 more authentication failures; logname= uid=0 euid=0 tty=ssh ruser= rhost=61.177.172.143 user=root
Apr 17 15:54:27 craftaro sshd[66178]: pam_unix(sshd:auth): authentication failure; logname= uid=0 euid=0 tty=ssh ruser= rhost=61.177.172.143 user=root
Apr 17 15:54:29 craftaro sshd[66178]: Failed password for root from 61.177.172.143 port 19948 ssh2
Apr 17 15:54:36 craftaro sshd[66178]: message repeated 2 times: [ Failed password for root from 61.177.172.143 port 19948 ssh2]
Apr 17 15:54:36 craftaro sshd[66178]: Received disconnect from 61.177.172.143 port 19948:11: [preauth]
Apr 17 15:54:36 craftaro sshd[66178]: Disconnected from authenticating user root 61.177.172.143 port 19948 [preauth]
Apr 17 15:54:36 craftaro sshd[66178]: PAM 2 more authentication failures; logname= uid=0 euid=0 tty=ssh ruser= rhost=61.177.172.143 user=root
Apr 17 15:54:54 craftaro sshd[66181]: pam_unix(sshd:auth): authentication failure; logname= uid=0 euid=0 tty=ssh ruser= rhost=61.177.172.143 user=root
Apr 17 15:54:57 craftaro sshd[66181]: Failed password for root from 61.177.172.143 port 23784 ssh2
Apr 17 15:55:04 craftaro sshd[66181]: message repeated 2 times: [ Failed password for root from 61.177.172.143 port 23784 ssh2]
Apr 17 15:55:05 craftaro sshd[66181]: Received disconnect from 61.177.172.143 port 23784:11: [preauth]
Apr 17 15:55:05 craftaro sshd[66181]: Disconnected from authenticating user root 61.177.172.143 port 23784 [preauth]
Apr 17 15:55:05 craftaro sshd[66181]: PAM 2 more authentication failures; logname= uid=0 euid=0 tty=ssh ruser= rhost=61.177.172.143 user=root
Apr 17 15:55:21 craftaro sshd[66177]: pam_unix(sshd:auth): authentication failure; logname= uid=0 euid=0 tty=ssh ruser= rhost=185.217.1.246 user=root
Apr 17 15:55:23 craftaro sshd[66177]: Failed password for root from 185.217.1.246 port 55031 ssh2
Apr 17 15:55:24 craftaro sshd[66183]: pam_unix(sshd:auth): authentication failure; logname= uid=0 euid=0 tty=ssh ruser= rhost=61.177.172.143 user=root
Apr 17 15:55:26 craftaro sshd[66183]: Failed password for root from 61.177.172.143 port 27594 ssh2
Apr 17 15:55:33 craftaro sshd[66183]: message repeated 2 times: [ Failed password for root from 61.177.172.143 port 27594 ssh2]
Apr 17 15:55:34 craftaro sshd[66183]: Received disconnect from 61.177.172.143 port 27594:11: [preauth]
Apr 17 15:55:34 craftaro sshd[66183]: Disconnected from authenticating user root 61.177.172.143 port 27594 [preauth]
Apr 17 15:55:34 craftaro sshd[66183]: PAM 2 more authentication failures; logname= uid=0 euid=0 tty=ssh ruser= rhost=61.177.172.143 user=root
Apr 17 15:55:40 craftaro sshd[66177]: Failed password for root from 185.217.1.246 port 55031 ssh2
Apr 17 15:55:57 craftaro sshd[66185]: pam_unix(sshd:auth): authentication failure; logname= uid=0 euid=0 tty=ssh ruser= rhost=61.177.172.143 user=root
Apr 17 15:55:59 craftaro sshd[66185]: Failed password for root from 61.177.172.143 port 57878 ssh2
Apr 17 15:56:02 craftaro sshd[66185]: Failed password for root from 61.177.172.143 port 57878 ssh2
Apr 17 15:56:02 craftaro sshd[66177]: Disconnecting authenticating user root 185.217.1.246 port 55031: Change of username or service not allowed: (root,ssh-connection) -> (manager,ssh-connection) [preauth]
Apr 17 15:56:02 craftaro sshd[66177]: PAM 1 more authentication failure; logname= uid=0 euid=0 tty=ssh ruser= rhost=185.217.1.246 user=root
Apr 17 15:56:05 craftaro sshd[66185]: Failed password for root from 61.177.172.143 port 57878 ssh2
Apr 17 15:56:06 craftaro sshd[66185]: Received disconnect from 61.177.172.143 port 57878:11: [preauth]
Apr 17 15:56:06 craftaro sshd[66185]: Disconnected from authenticating user root 61.177.172.143 port 57878 [preauth]
Apr 17 15:56:06 craftaro sshd[66185]: PAM 2 more authentication failures; logname= uid=0 euid=0 tty=ssh ruser= rhost=61.177.172.143 user=root
Apr 17 15:56:13 craftaro sshd[66187]: Unable to negotiate with 185.217.1.246 port 42983: no matching key exchange method found. Their offer: diffie-hellman-group-exchange-sha256,diffie-hellman-group-exchange-sha1,diffie-hellman-group14-sha1,diffie-hellman-group1-sha1 [preauth]
Apr 17 15:56:13 craftaro sshd[66189]: Unable to negotiate with 185.217.1.246 port 45124: no matching key exchange method found. Their offer: diffie-hellman-group-exchange-sha256,diffie-hellman-group-exchange-sha1,diffie-hellman-group14-sha1,diffie-hellman-group1-sha1 [preauth]
Apr 17 15:56:14 craftaro sshd[66191]: Invalid user manager from 185.217.1.246 port 46261
Apr 17 15:56:14 craftaro sshd[66191]: pam_unix(sshd:auth): check pass; user unknown
Apr 17 15:56:14 craftaro sshd[66191]: pam_unix(sshd:auth): authentication failure; logname= uid=0 euid=0 tty=ssh ruser= rhost=185.217.1.246
Apr 17 15:56:16 craftaro sshd[66191]: Failed password for invalid user manager from 185.217.1.246 port 46261 ssh2
Apr 17 15:56:17 craftaro sshd[66191]: Disconnecting invalid user manager 185.217.1.246 port 46261: Change of username or service not allowed: (manager,ssh-connection) -> (root,ssh-connection) [preauth]
Apr 17 15:56:18 craftaro sshd[66193]: pam_unix(sshd:auth): authentication failure; logname= uid=0 euid=0 tty=ssh ruser= rhost=185.217.1.246 user=root
Apr 17 15:56:19 craftaro sshd[66193]: Failed password for root from 185.217.1.246 port 53822 ssh2
Apr 17 15:56:21 craftaro sshd[66193]: Disconnecting authenticating user root 185.217.1.246 port 53822: Change of username or service not allowed: (root,ssh-connection) -> (mysql,ssh-connection) [preauth]
Apr 17 15:56:22 craftaro sshd[66195]: Invalid user mysql from 185.217.1.246 port 61054
Apr 17 15:56:22 craftaro sshd[66195]: pam_unix(sshd:auth): check pass; user unknown
Apr 17 15:56:22 craftaro sshd[66195]: pam_unix(sshd:auth): authentication failure; logname= uid=0 euid=0 tty=ssh ruser= rhost=185.217.1.246
Apr 17 15:56:24 craftaro sshd[66197]: pam_unix(sshd:auth): authentication failure; logname= uid=0 euid=0 tty=ssh ruser= rhost=61.177.172.143 user=root
Apr 17 15:56:25 craftaro sshd[66195]: Failed password for invalid user mysql from 185.217.1.246 port 61054 ssh2
Apr 17 15:56:26 craftaro sshd[66197]: Failed password for root from 61.177.172.143 port 12437 ssh2
Apr 17 15:56:27 craftaro sshd[66195]: Disconnecting invalid user mysql 185.217.1.246 port 61054: Change of username or service not allowed: (mysql,ssh-connection) -> (postgres,ssh-connection) [preauth]
Apr 17 15:56:27 craftaro sshd[66199]: Unable to negotiate with 185.217.1.246 port 24109: no matching key exchange method found. Their offer: diffie-hellman-group-exchange-sha256,diffie-hellman-group-exchange-sha1,diffie-hellman-group14-sha1,diffie-hellman-group1-sha1 [preauth]
Apr 17 15:56:27 craftaro sshd[66201]: Unable to negotiate with 185.217.1.246 port 26985: no matching key exchange method found. Their offer: diffie-hellman-group-exchange-sha256,diffie-hellman-group-exchange-sha1,diffie-hellman-group14-sha1,diffie-hellman-group1-sha1 [preauth]
Apr 17 15:56:29 craftaro sshd[66203]: Invalid user postgres from 185.217.1.246 port 28903
Apr 17 15:56:29 craftaro sshd[66203]: pam_unix(sshd:auth): check pass; user unknown
Apr 17 15:56:29 craftaro sshd[66203]: pam_unix(sshd:auth): authentication failure; logname= uid=0 euid=0 tty=ssh ruser= rhost=185.217.1.246
Apr 17 15:56:29 craftaro sshd[66197]: Failed password for root from 61.177.172.143 port 12437 ssh2
Apr 17 15:56:30 craftaro sshd[66203]: Failed password for invalid user postgres from 185.217.1.246 port 28903 ssh2
Apr 17 15:56:31 craftaro sshd[66203]: Disconnecting invalid user postgres 185.217.1.246 port 28903: Change of username or service not allowed: (postgres,ssh-connection) -> (nobody,ssh-connection) [preauth]
Apr 17 15:56:32 craftaro sshd[66197]: Failed password for root from 61.177.172.143 port 12437 ssh2
Apr 17 15:56:33 craftaro sshd[66197]: Received disconnect from 61.177.172.143 port 12437:11: [preauth]
Apr 17 15:56:33 craftaro sshd[66197]: Disconnected from authenticating user root 61.177.172.143 port 12437 [preauth]
Apr 17 15:56:33 craftaro sshd[66197]: PAM 2 more authentication failures; logname= uid=0 euid=0 tty=ssh ruser= rhost=61.177.172.143 user=root
Apr 17 15:56:54 craftaro sshd[66207]: pam_unix(sshd:auth): authentication failure; logname= uid=0 euid=0 tty=ssh ruser= rhost=61.177.172.143 user=root
Apr 17 15:56:56 craftaro sshd[66207]: Failed password for root from 61.177.172.143 port 25737 ssh2
Apr 17 15:57:02 craftaro sshd[66207]: message repeated 2 times: [ Failed password for root from 61.177.172.143 port 25737 ssh2]
Apr 17 15:57:03 craftaro sshd[66207]: Received disconnect from 61.177.172.143 port 25737:11: [preauth]
Apr 17 15:57:03 craftaro sshd[66207]: Disconnected from authenticating user root 61.177.172.143 port 25737 [preauth]
Apr 17 15:57:03 craftaro sshd[66207]: PAM 2 more authentication failures; logname= uid=0 euid=0 tty=ssh ruser= rhost=61.177.172.143 user=root
Apr 17 15:57:20 craftaro sshd[66209]: pam_unix(sshd:auth): authentication failure; logname= uid=0 euid=0 tty=ssh ruser= rhost=61.177.172.143 user=root
Apr 17 15:57:23 craftaro sshd[66209]: Failed password for root from 61.177.172.143 port 15435 ssh2
Apr 17 15:57:25 craftaro sshd[66209]: Failed password for root from 61.177.172.143 port 15435 ssh2
Apr 17 15:57:25 craftaro sshd[66205]: pam_unix(sshd:auth): authentication failure; logname= uid=0 euid=0 tty=ssh ruser= rhost=185.217.1.246 user=nobody
Apr 17 15:57:27 craftaro sshd[66205]: Failed password for nobody from 185.217.1.246 port 59087 ssh2
Apr 17 15:57:28 craftaro sshd[66209]: Failed password for root from 61.177.172.143 port 15435 ssh2
Apr 17 15:57:30 craftaro sshd[66209]: Received disconnect from 61.177.172.143 port 15435:11: [preauth]
Apr 17 15:57:30 craftaro sshd[66209]: Disconnected from authenticating user root 61.177.172.143 port 15435 [preauth]
Apr 17 15:57:30 craftaro sshd[66209]: PAM 2 more authentication failures; logname= uid=0 euid=0 tty=ssh ruser= rhost=61.177.172.143 user=root
Apr 17 15:57:46 craftaro sshd[66205]: Failed password for nobody from 185.217.1.246 port 59087 ssh2
Apr 17 15:57:50 craftaro sshd[66211]: pam_unix(sshd:auth): authentication failure; logname= uid=0 euid=0 tty=ssh ruser= rhost=61.177.172.143 user=root
Apr 17 15:57:52 craftaro sshd[66211]: Failed password for root from 61.177.172.143 port 32403 ssh2
Apr 17 15:57:55 craftaro sshd[66211]: Failed password for root from 61.177.172.143 port 32403 ssh2
Apr 17 15:57:56 craftaro sshd[66205]: Disconnecting authenticating user nobody 185.217.1.246 port 59087: Change of username or service not allowed: (nobody,ssh-connection) -> (root,ssh-connection) [preauth]
Apr 17 15:57:58 craftaro sshd[66211]: Failed password for root from 61.177.172.143 port 32403 ssh2
Apr 17 15:58:00 craftaro sshd[66211]: Received disconnect from 61.177.172.143 port 32403:11: [preauth]
Apr 17 15:58:00 craftaro sshd[66211]: Disconnected from authenticating user root 61.177.172.143 port 32403 [preauth]
Apr 17 15:58:00 craftaro sshd[66211]: PAM 2 more authentication failures; logname= uid=0 euid=0 tty=ssh ruser= rhost=61.177.172.143 user=root
Apr 17 15:58:19 craftaro sshd[66237]: pam_unix(sshd:auth): authentication failure; logname= uid=0 euid=0 tty=ssh ruser= rhost=61.177.172.143 user=root
Apr 17 15:58:21 craftaro sshd[66237]: Failed password for root from 61.177.172.143 port 44843 ssh2
Apr 17 15:58:27 craftaro sshd[66237]: message repeated 2 times: [ Failed password for root from 61.177.172.143 port 44843 ssh2]
Apr 17 15:58:29 craftaro sshd[66237]: Received disconnect from 61.177.172.143 port 44843:11: [preauth]
Apr 17 15:58:29 craftaro sshd[66237]: Disconnected from authenticating user root 61.177.172.143 port 44843 [preauth]
Apr 17 15:58:29 craftaro sshd[66237]: PAM 2 more authentication failures; logname= uid=0 euid=0 tty=ssh ruser= rhost=61.177.172.143 user=root
Apr 17 15:58:50 craftaro sshd[66240]: pam_unix(sshd:auth): authentication failure; logname= uid=0 euid=0 tty=ssh ruser= rhost=61.177.172.143 user=root
Apr 17 15:58:52 craftaro sshd[66240]: Failed password for root from 61.177.172.143 port 14694 ssh2
Apr 17 15:58:55 craftaro sshd[66240]: Failed password for root from 61.177.172.143 port 14694 ssh2
Apr 17 15:58:57 craftaro sshd[66236]: pam_unix(sshd:auth): authentication failure; logname= uid=0 euid=0 tty=ssh ruser= rhost=185.217.1.246 user=root
Apr 17 15:58:58 craftaro sshd[66240]: Failed password for root from 61.177.172.143 port 14694 ssh2
Apr 17 15:59:00 craftaro sshd[66236]: Failed password for root from 185.217.1.246 port 7369 ssh2
Apr 17 15:59:00 craftaro sshd[66240]: Received disconnect from 61.177.172.143 port 14694:11: [preauth]
Apr 17 15:59:00 craftaro sshd[66240]: Disconnected from authenticating user root 61.177.172.143 port 14694 [preauth]
Apr 17 15:59:00 craftaro sshd[66240]: PAM 2 more authentication failures; logname= uid=0 euid=0 tty=ssh ruser= rhost=61.177.172.143 user=root
Apr 17 15:59:07 craftaro sshd[66236]: Disconnecting authenticating user root 185.217.1.246 port 7369: Change of username or service not allowed: (root,ssh-connection) -> (default,ssh-connection) [preauth]
Apr 17 15:59:12 craftaro sshd[66242]: Invalid user default from 185.217.1.246 port 23126
Apr 17 15:59:13 craftaro sshd[66242]: pam_unix(sshd:auth): check pass; user unknown
Apr 17 15:59:13 craftaro sshd[66242]: pam_unix(sshd:auth): authentication failure; logname= uid=0 euid=0 tty=ssh ruser= rhost=185.217.1.246
Apr 17 15:59:15 craftaro sshd[66242]: Failed password for invalid user default from 185.217.1.246 port 23126 ssh2
Apr 17 15:59:17 craftaro sshd[66242]: Disconnecting invalid user default 185.217.1.246 port 23126: Change of username or service not allowed: (default,ssh-connection) -> (ftpuser,ssh-connection) [preauth]
Apr 17 15:59:18 craftaro sshd[66244]: pam_unix(sshd:auth): authentication failure; logname= uid=0 euid=0 tty=ssh ruser= rhost=61.177.172.143 user=root
Apr 17 15:59:18 craftaro sshd[66246]: Unable to negotiate with 185.217.1.246 port 46829: no matching key exchange method found. Their offer: diffie-hellman-group-exchange-sha256,diffie-hellman-group-exchange-sha1,diffie-hellman-group14-sha1,diffie-hellman-group1-sha1 [preauth]
Apr 17 15:59:20 craftaro sshd[66244]: Failed password for root from 61.177.172.143 port 64667 ssh2
Apr 17 15:59:26 craftaro sshd[66244]: message repeated 2 times: [ Failed password for root from 61.177.172.143 port 64667 ssh2]
Apr 17 15:59:27 craftaro sshd[66244]: Received disconnect from 61.177.172.143 port 64667:11: [preauth]
Apr 17 15:59:27 craftaro sshd[66244]: Disconnected from authenticating user root 61.177.172.143 port 64667 [preauth]
Apr 17 15:59:27 craftaro sshd[66244]: PAM 2 more authentication failures; logname= uid=0 euid=0 tty=ssh ruser= rhost=61.177.172.143 user=root
Apr 17 15:59:51 craftaro sshd[66250]: pam_unix(sshd:auth): authentication failure; logname= uid=0 euid=0 tty=ssh ruser= rhost=61.177.172.143 user=root
Apr 17 15:59:51 craftaro sshd[66248]: Invalid user ftpuser from 185.217.1.246 port 6976
Apr 17 15:59:52 craftaro sshd[66248]: pam_unix(sshd:auth): check pass; user unknown
Apr 17 15:59:52 craftaro sshd[66248]: pam_unix(sshd:auth): authentication failure; logname= uid=0 euid=0 tty=ssh ruser= rhost=185.217.1.246
Apr 17 15:59:53 craftaro sshd[66250]: Failed password for root from 61.177.172.143 port 50024 ssh2
Apr 17 15:59:54 craftaro sshd[66248]: Failed password for invalid user ftpuser from 185.217.1.246 port 6976 ssh2
Apr 17 15:59:55 craftaro sshd[66250]: Failed password for root from 61.177.172.143 port 50024 ssh2
Apr 17 15:59:59 craftaro sshd[66250]: Failed password for root from 61.177.172.143 port 50024 ssh2
Apr 17 16:00:00 craftaro sshd[66250]: Received disconnect from 61.177.172.143 port 50024:11: [preauth]
Apr 17 16:00:00 craftaro sshd[66250]: Disconnected from authenticating user root 61.177.172.143 port 50024 [preauth]
Apr 17 16:00:00 craftaro sshd[66250]: PAM 2 more authentication failures; logname= uid=0 euid=0 tty=ssh ruser= rhost=61.177.172.143 user=root
Apr 17 16:00:12 craftaro sshd[66248]: Disconnecting invalid user ftpuser 185.217.1.246 port 6976: Change of username or service not allowed: (ftpuser,ssh-connection) -> (1111,ssh-connection) [preauth]
Apr 17 16:00:16 craftaro sshd[66252]: pam_unix(sshd:auth): authentication failure; logname= uid=0 euid=0 tty=ssh ruser= rhost=61.177.172.143 user=root
Apr 17 16:00:18 craftaro sshd[66252]: Failed password for root from 61.177.172.143 port 34124 ssh2
Apr 17 16:00:24 craftaro sshd[66252]: message repeated 2 times: [ Failed password for root from 61.177.172.143 port 34124 ssh2]
Apr 17 16:00:26 craftaro sshd[66252]: Received disconnect from 61.177.172.143 port 34124:11: [preauth]
Apr 17 16:00:26 craftaro sshd[66252]: Disconnected from authenticating user root 61.177.172.143 port 34124 [preauth]
Apr 17 16:00:26 craftaro sshd[66252]: PAM 2 more authentication failures; logname= uid=0 euid=0 tty=ssh ruser= rhost=61.177.172.143 user=root
Apr 17 16:00:51 craftaro sshd[66256]: pam_unix(sshd:auth): authentication failure; logname= uid=0 euid=0 tty=ssh ruser= rhost=61.177.172.143 user=root
Apr 17 16:00:53 craftaro sshd[66256]: Failed password for root from 61.177.172.143 port 25883 ssh2
Apr 17 16:00:56 craftaro sshd[66256]: Failed password for root from 61.177.172.143 port 25883 ssh2
Apr 17 16:00:58 craftaro sshd[66254]: Invalid user 1111 from 185.217.1.246 port 46810
Apr 17 16:01:00 craftaro sshd[66256]: Failed password for root from 61.177.172.143 port 25883 ssh2
Apr 17 16:01:01 craftaro sshd[66256]: Received disconnect from 61.177.172.143 port 25883:11: [preauth]
Apr 17 16:01:01 craftaro sshd[66256]: Disconnected from authenticating user root 61.177.172.143 port 25883 [preauth]
Apr 17 16:01:01 craftaro sshd[66256]: PAM 2 more authentication failures; logname= uid=0 euid=0 tty=ssh ruser= rhost=61.177.172.143 user=root
Apr 17 16:01:07 craftaro sshd[66254]: pam_unix(sshd:auth): check pass; user unknown
Apr 17 16:01:07 craftaro sshd[66254]: pam_unix(sshd:auth): authentication failure; logname= uid=0 euid=0 tty=ssh ruser= rhost=185.217.1.246
Apr 17 16:01:09 craftaro sshd[66254]: Failed password for invalid user 1111 from 185.217.1.246 port 46810 ssh2
Apr 17 16:01:18 craftaro sshd[66259]: pam_unix(sshd:auth): authentication failure; logname= uid=0 euid=0 tty=ssh ruser= rhost=61.177.172.143 user=root
Apr 17 16:01:20 craftaro sshd[66259]: Failed password for root from 61.177.172.143 port 19895 ssh2
Apr 17 16:01:21 craftaro sshd[66254]: Disconnecting invalid user 1111 185.217.1.246 port 46810: Change of username or service not allowed: (1111,ssh-connection) -> (,ssh-connection) [preauth]
Apr 17 16:01:23 craftaro sshd[66259]: Failed password for root from 61.177.172.143 port 19895 ssh2
Apr 17 16:01:26 craftaro sshd[66259]: Failed password for root from 61.177.172.143 port 19895 ssh2
Apr 17 16:01:28 craftaro sshd[66259]: Received disconnect from 61.177.172.143 port 19895:11: [preauth]
Apr 17 16:01:28 craftaro sshd[66259]: Disconnected from authenticating user root 61.177.172.143 port 19895 [preauth]
Apr 17 16:01:28 craftaro sshd[66259]: PAM 2 more authentication failures; logname= uid=0 euid=0 tty=ssh ruser= rhost=61.177.172.143 user=root
Apr 17 16:01:51 craftaro sshd[66262]: pam_unix(sshd:auth): authentication failure; logname= uid=0 euid=0 tty=ssh ruser= rhost=61.177.172.143 user=root
Apr 17 16:01:54 craftaro sshd[66262]: Failed password for root from 61.177.172.143 port 13723 ssh2
Apr 17 16:01:56 craftaro sshd[66262]: Failed password for root from 61.177.172.143 port 13723 ssh2
Apr 17 16:01:58 craftaro sshd[66261]: Invalid user from 185.217.1.246 port 44249
Apr 17 16:01:59 craftaro sshd[66261]: Failed none for invalid user from 185.217.1.246 port 44249 ssh2
Apr 17 16:02:00 craftaro sshd[66262]: Failed password for root from 61.177.172.143 port 13723 ssh2
Apr 17 16:02:01 craftaro sshd[66262]: Received disconnect from 61.177.172.143 port 13723:11: [preauth]
Apr 17 16:02:01 craftaro sshd[66262]: Disconnected from authenticating user root 61.177.172.143 port 13723 [preauth]
Apr 17 16:02:01 craftaro sshd[66262]: PAM 2 more authentication failures; logname= uid=0 euid=0 tty=ssh ruser= rhost=61.177.172.143 user=root
Apr 17 16:02:22 craftaro sshd[66265]: pam_unix(sshd:auth): authentication failure; logname= uid=0 euid=0 tty=ssh ruser= rhost=61.177.172.143 user=root
Apr 17 16:02:23 craftaro sshd[66261]: Disconnecting invalid user 185.217.1.246 port 44249: Change of username or service not allowed: (,ssh-connection) -> (anonymous,ssh-connection) [preauth]
Apr 17 16:02:24 craftaro sshd[66265]: Failed password for root from 61.177.172.143 port 42319 ssh2
Apr 17 16:02:31 craftaro sshd[66265]: message repeated 2 times: [ Failed password for root from 61.177.172.143 port 42319 ssh2]
Apr 17 16:02:32 craftaro sshd[66265]: Received disconnect from 61.177.172.143 port 42319:11: [preauth]
