Apr 17 10:10:09 craftaro sshd[63611]: Disconnected from authenticating user root 61.177.173.52 port 34893 [preauth]
Apr 17 10:10:09 craftaro sshd[63611]: PAM 2 more authentication failures; logname= uid=0 euid=0 tty=ssh ruser= rhost=61.177.173.52 user=root
Apr 17 10:10:10 craftaro sshd[63613]: Failed password for root from 61.177.172.143 port 32814 ssh2
Apr 17 10:10:11 craftaro sshd[63615]: pam_unix(sshd:auth): authentication failure; logname= uid=0 euid=0 tty=ssh ruser= rhost=61.177.173.52 user=root
Apr 17 10:10:12 craftaro sshd[63613]: Failed password for root from 61.177.172.143 port 32814 ssh2
Apr 17 10:10:14 craftaro sshd[63613]: Received disconnect from 61.177.172.143 port 32814:11: [preauth]
Apr 17 10:10:14 craftaro sshd[63613]: Disconnected from authenticating user root 61.177.172.143 port 32814 [preauth]
Apr 17 10:10:14 craftaro sshd[63613]: PAM 2 more authentication failures; logname= uid=0 euid=0 tty=ssh ruser= rhost=61.177.172.143 user=root
Apr 17 10:10:14 craftaro sshd[63615]: Failed password for root from 61.177.173.52 port 44814 ssh2
Apr 17 10:10:20 craftaro sshd[63615]: message repeated 2 times: [ Failed password for root from 61.177.173.52 port 44814 ssh2]
Apr 17 10:10:21 craftaro sshd[63615]: Received disconnect from 61.177.173.52 port 44814:11: [preauth]
Apr 17 10:10:21 craftaro sshd[63615]: Disconnected from authenticating user root 61.177.173.52 port 44814 [preauth]
Apr 17 10:10:21 craftaro sshd[63615]: PAM 2 more authentication failures; logname= uid=0 euid=0 tty=ssh ruser= rhost=61.177.173.52 user=root
Apr 17 10:10:31 craftaro sshd[63617]: pam_unix(sshd:auth): authentication failure; logname= uid=0 euid=0 tty=ssh ruser= rhost=61.177.172.143 user=root
Apr 17 10:10:34 craftaro sshd[63617]: Failed password for root from 61.177.172.143 port 40430 ssh2
Apr 17 10:10:39 craftaro sshd[63617]: message repeated 2 times: [ Failed password for root from 61.177.172.143 port 40430 ssh2]
Apr 17 10:10:40 craftaro sshd[63617]: Received disconnect from 61.177.172.143 port 40430:11: [preauth]
Apr 17 10:10:40 craftaro sshd[63617]: Disconnected from authenticating user root 61.177.172.143 port 40430 [preauth]
Apr 17 10:10:40 craftaro sshd[63617]: PAM 2 more authentication failures; logname= uid=0 euid=0 tty=ssh ruser= rhost=61.177.172.143 user=root
Apr 17 10:10:59 craftaro sshd[63619]: pam_unix(sshd:auth): authentication failure; logname= uid=0 euid=0 tty=ssh ruser= rhost=61.177.172.143 user=root
Apr 17 10:11:01 craftaro sshd[63619]: Failed password for root from 61.177.172.143 port 51544 ssh2
Apr 17 10:11:08 craftaro sshd[63619]: message repeated 2 times: [ Failed password for root from 61.177.172.143 port 51544 ssh2]
Apr 17 10:11:09 craftaro sshd[63619]: Received disconnect from 61.177.172.143 port 51544:11: [preauth]
Apr 17 10:11:09 craftaro sshd[63619]: Disconnected from authenticating user root 61.177.172.143 port 51544 [preauth]
Apr 17 10:11:09 craftaro sshd[63619]: PAM 2 more authentication failures; logname= uid=0 euid=0 tty=ssh ruser= rhost=61.177.172.143 user=root
Apr 17 10:11:28 craftaro sshd[63622]: pam_unix(sshd:auth): authentication failure; logname= uid=0 euid=0 tty=ssh ruser= rhost=61.177.172.143 user=root
Apr 17 10:11:31 craftaro sshd[63622]: Failed password for root from 61.177.172.143 port 11621 ssh2
Apr 17 10:11:33 craftaro sshd[63624]: pam_unix(sshd:auth): authentication failure; logname= uid=0 euid=0 tty=ssh ruser= rhost=61.177.172.19 user=root
Apr 17 10:11:34 craftaro sshd[63622]: Failed password for root from 61.177.172.143 port 11621 ssh2
Apr 17 10:11:35 craftaro sshd[63624]: Failed password for root from 61.177.172.19 port 53920 ssh2
Apr 17 10:11:37 craftaro sshd[63622]: Failed password for root from 61.177.172.143 port 11621 ssh2
Apr 17 10:11:38 craftaro sshd[63622]: Received disconnect from 61.177.172.143 port 11621:11: [preauth]
Apr 17 10:11:38 craftaro sshd[63622]: Disconnected from authenticating user root 61.177.172.143 port 11621 [preauth]
Apr 17 10:11:38 craftaro sshd[63622]: PAM 2 more authentication failures; logname= uid=0 euid=0 tty=ssh ruser= rhost=61.177.172.143 user=root
Apr 17 10:11:39 craftaro sshd[63624]: Failed password for root from 61.177.172.19 port 53920 ssh2
Apr 17 10:11:42 craftaro sshd[63624]: Failed password for root from 61.177.172.19 port 53920 ssh2
Apr 17 10:11:43 craftaro sshd[63624]: Received disconnect from 61.177.172.19 port 53920:11: [preauth]
Apr 17 10:11:43 craftaro sshd[63624]: Disconnected from authenticating user root 61.177.172.19 port 53920 [preauth]
Apr 17 10:11:43 craftaro sshd[63624]: PAM 2 more authentication failures; logname= uid=0 euid=0 tty=ssh ruser= rhost=61.177.172.19 user=root
Apr 17 10:11:45 craftaro sshd[63626]: pam_unix(sshd:auth): authentication failure; logname= uid=0 euid=0 tty=ssh ruser= rhost=61.177.172.19 user=root
Apr 17 10:11:47 craftaro sshd[63626]: Failed password for root from 61.177.172.19 port 54502 ssh2
Apr 17 10:11:54 craftaro sshd[63626]: message repeated 2 times: [ Failed password for root from 61.177.172.19 port 54502 ssh2]
Apr 17 10:11:55 craftaro sshd[63626]: Received disconnect from 61.177.172.19 port 54502:11: [preauth]
Apr 17 10:11:55 craftaro sshd[63626]: Disconnected from authenticating user root 61.177.172.19 port 54502 [preauth]
Apr 17 10:11:55 craftaro sshd[63626]: PAM 2 more authentication failures; logname= uid=0 euid=0 tty=ssh ruser= rhost=61.177.172.19 user=root
Apr 17 10:12:01 craftaro sshd[63628]: pam_unix(sshd:auth): authentication failure; logname= uid=0 euid=0 tty=ssh ruser= rhost=61.177.172.143 user=root
Apr 17 10:12:03 craftaro sshd[63628]: Failed password for root from 61.177.172.143 port 40843 ssh2
Apr 17 10:12:09 craftaro sshd[63628]: message repeated 2 times: [ Failed password for root from 61.177.172.143 port 40843 ssh2]
Apr 17 10:12:11 craftaro sshd[63628]: Received disconnect from 61.177.172.143 port 40843:11: [preauth]
Apr 17 10:12:11 craftaro sshd[63628]: Disconnected from authenticating user root 61.177.172.143 port 40843 [preauth]
Apr 17 10:12:11 craftaro sshd[63628]: PAM 2 more authentication failures; logname= uid=0 euid=0 tty=ssh ruser= rhost=61.177.172.143 user=root
Apr 17 10:12:27 craftaro sshd[63630]: pam_unix(sshd:auth): authentication failure; logname= uid=0 euid=0 tty=ssh ruser= rhost=61.177.172.143 user=root
Apr 17 10:12:29 craftaro sshd[63630]: Failed password for root from 61.177.172.143 port 42345 ssh2
Apr 17 10:12:36 craftaro sshd[63630]: message repeated 2 times: [ Failed password for root from 61.177.172.143 port 42345 ssh2]
Apr 17 10:12:37 craftaro sshd[63630]: Received disconnect from 61.177.172.143 port 42345:11: [preauth]
Apr 17 10:12:37 craftaro sshd[63630]: Disconnected from authenticating user root 61.177.172.143 port 42345 [preauth]
Apr 17 10:12:37 craftaro sshd[63630]: PAM 2 more authentication failures; logname= uid=0 euid=0 tty=ssh ruser= rhost=61.177.172.143 user=root
Apr 17 10:12:58 craftaro sshd[63632]: pam_unix(sshd:auth): authentication failure; logname= uid=0 euid=0 tty=ssh ruser= rhost=61.177.172.143 user=root
Apr 17 10:13:01 craftaro sshd[63632]: Failed password for root from 61.177.172.143 port 17266 ssh2
Apr 17 10:13:05 craftaro sshd[63632]: message repeated 2 times: [ Failed password for root from 61.177.172.143 port 17266 ssh2]
Apr 17 10:13:05 craftaro sshd[63632]: Received disconnect from 61.177.172.143 port 17266:11: [preauth]
Apr 17 10:13:05 craftaro sshd[63632]: Disconnected from authenticating user root 61.177.172.143 port 17266 [preauth]
Apr 17 10:13:05 craftaro sshd[63632]: PAM 2 more authentication failures; logname= uid=0 euid=0 tty=ssh ruser= rhost=61.177.172.143 user=root
Apr 17 10:13:25 craftaro sshd[63634]: pam_unix(sshd:auth): authentication failure; logname= uid=0 euid=0 tty=ssh ruser= rhost=61.177.172.143 user=root
Apr 17 10:13:27 craftaro sshd[63634]: Failed password for root from 61.177.172.143 port 62683 ssh2
Apr 17 10:13:33 craftaro sshd[63634]: message repeated 2 times: [ Failed password for root from 61.177.172.143 port 62683 ssh2]
Apr 17 10:13:35 craftaro sshd[63634]: Received disconnect from 61.177.172.143 port 62683:11: [preauth]
Apr 17 10:13:35 craftaro sshd[63634]: Disconnected from authenticating user root 61.177.172.143 port 62683 [preauth]
Apr 17 10:13:35 craftaro sshd[63634]: PAM 2 more authentication failures; logname= uid=0 euid=0 tty=ssh ruser= rhost=61.177.172.143 user=root
Apr 17 10:13:55 craftaro sshd[63636]: pam_unix(sshd:auth): authentication failure; logname= uid=0 euid=0 tty=ssh ruser= rhost=61.177.172.143 user=root
Apr 17 10:13:58 craftaro sshd[63636]: Failed password for root from 61.177.172.143 port 44144 ssh2
Apr 17 10:14:03 craftaro sshd[63636]: message repeated 2 times: [ Failed password for root from 61.177.172.143 port 44144 ssh2]
Apr 17 10:14:05 craftaro sshd[63636]: Received disconnect from 61.177.172.143 port 44144:11: [preauth]
Apr 17 10:14:05 craftaro sshd[63636]: Disconnected from authenticating user root 61.177.172.143 port 44144 [preauth]
Apr 17 10:14:05 craftaro sshd[63636]: PAM 2 more authentication failures; logname= uid=0 euid=0 tty=ssh ruser= rhost=61.177.172.143 user=root
Apr 17 10:14:18 craftaro sshd[63639]: pam_unix(sshd:auth): authentication failure; logname= uid=0 euid=0 tty=ssh ruser= rhost=61.177.172.143 user=root
Apr 17 10:14:21 craftaro sshd[63639]: Failed password for root from 61.177.172.143 port 16562 ssh2
Apr 17 10:14:26 craftaro sshd[63639]: message repeated 2 times: [ Failed password for root from 61.177.172.143 port 16562 ssh2]
Apr 17 10:14:28 craftaro sshd[63639]: Received disconnect from 61.177.172.143 port 16562:11: [preauth]
Apr 17 10:14:28 craftaro sshd[63639]: Disconnected from authenticating user root 61.177.172.143 port 16562 [preauth]
Apr 17 10:14:28 craftaro sshd[63639]: PAM 2 more authentication failures; logname= uid=0 euid=0 tty=ssh ruser= rhost=61.177.172.143 user=root
Apr 17 10:14:49 craftaro sshd[63641]: pam_unix(sshd:auth): authentication failure; logname= uid=0 euid=0 tty=ssh ruser= rhost=61.177.172.143 user=root
Apr 17 10:14:52 craftaro sshd[63641]: Failed password for root from 61.177.172.143 port 45104 ssh2
Apr 17 10:14:58 craftaro sshd[63641]: message repeated 2 times: [ Failed password for root from 61.177.172.143 port 45104 ssh2]
Apr 17 10:14:59 craftaro sshd[63641]: Received disconnect from 61.177.172.143 port 45104:11: [preauth]
Apr 17 10:14:59 craftaro sshd[63641]: Disconnected from authenticating user root 61.177.172.143 port 45104 [preauth]
Apr 17 10:14:59 craftaro sshd[63641]: PAM 2 more authentication failures; logname= uid=0 euid=0 tty=ssh ruser= rhost=61.177.172.143 user=root
Apr 17 10:15:18 craftaro sshd[63643]: pam_unix(sshd:auth): authentication failure; logname= uid=0 euid=0 tty=ssh ruser= rhost=61.177.172.143 user=root
Apr 17 10:15:19 craftaro sshd[63643]: Failed password for root from 61.177.172.143 port 61026 ssh2
Apr 17 10:15:26 craftaro sshd[63643]: message repeated 2 times: [ Failed password for root from 61.177.172.143 port 61026 ssh2]
Apr 17 10:15:27 craftaro sshd[63643]: Received disconnect from 61.177.172.143 port 61026:11: [preauth]
Apr 17 10:15:27 craftaro sshd[63643]: Disconnected from authenticating user root 61.177.172.143 port 61026 [preauth]
Apr 17 10:15:27 craftaro sshd[63643]: PAM 2 more authentication failures; logname= uid=0 euid=0 tty=ssh ruser= rhost=61.177.172.143 user=root
Apr 17 10:15:45 craftaro sshd[63645]: pam_unix(sshd:auth): authentication failure; logname= uid=0 euid=0 tty=ssh ruser= rhost=61.177.172.143 user=root
Apr 17 10:15:47 craftaro sshd[63645]: Failed password for root from 61.177.172.143 port 10191 ssh2
Apr 17 10:15:53 craftaro sshd[63645]: message repeated 2 times: [ Failed password for root from 61.177.172.143 port 10191 ssh2]
Apr 17 10:15:55 craftaro sshd[63645]: Received disconnect from 61.177.172.143 port 10191:11: [preauth]
Apr 17 10:15:55 craftaro sshd[63645]: Disconnected from authenticating user root 61.177.172.143 port 10191 [preauth]
Apr 17 10:15:55 craftaro sshd[63645]: PAM 2 more authentication failures; logname= uid=0 euid=0 tty=ssh ruser= rhost=61.177.172.143 user=root
Apr 17 10:16:13 craftaro sshd[63647]: pam_unix(sshd:auth): authentication failure; logname= uid=0 euid=0 tty=ssh ruser= rhost=61.177.172.143 user=root
Apr 17 10:16:15 craftaro sshd[63647]: Failed password for root from 61.177.172.143 port 13739 ssh2
Apr 17 10:16:21 craftaro sshd[63647]: message repeated 2 times: [ Failed password for root from 61.177.172.143 port 13739 ssh2]
Apr 17 10:16:23 craftaro sshd[63647]: Received disconnect from 61.177.172.143 port 13739:11: [preauth]
Apr 17 10:16:23 craftaro sshd[63647]: Disconnected from authenticating user root 61.177.172.143 port 13739 [preauth]
Apr 17 10:16:23 craftaro sshd[63647]: PAM 2 more authentication failures; logname= uid=0 euid=0 tty=ssh ruser= rhost=61.177.172.143 user=root
Apr 17 10:16:45 craftaro sshd[63649]: pam_unix(sshd:auth): authentication failure; logname= uid=0 euid=0 tty=ssh ruser= rhost=61.177.172.143 user=root
Apr 17 10:16:46 craftaro sshd[63649]: Failed password for root from 61.177.172.143 port 42615 ssh2
Apr 17 10:16:53 craftaro sshd[63649]: message repeated 2 times: [ Failed password for root from 61.177.172.143 port 42615 ssh2]
Apr 17 10:16:55 craftaro sshd[63649]: Received disconnect from 61.177.172.143 port 42615:11: [preauth]
Apr 17 10:16:55 craftaro sshd[63649]: Disconnected from authenticating user root 61.177.172.143 port 42615 [preauth]
Apr 17 10:16:55 craftaro sshd[63649]: PAM 2 more authentication failures; logname= uid=0 euid=0 tty=ssh ruser= rhost=61.177.172.143 user=root
Apr 17 10:17:01 craftaro CRON[63651]: pam_unix(cron:session): session opened for user root by (uid=0)
Apr 17 10:17:01 craftaro CRON[63651]: pam_unix(cron:session): session closed for user root
Apr 17 10:17:14 craftaro sshd[63654]: pam_unix(sshd:auth): authentication failure; logname= uid=0 euid=0 tty=ssh ruser= rhost=61.177.172.143 user=root
Apr 17 10:17:16 craftaro sshd[63654]: Failed password for root from 61.177.172.143 port 51851 ssh2
Apr 17 10:17:22 craftaro sshd[63654]: message repeated 2 times: [ Failed password for root from 61.177.172.143 port 51851 ssh2]
Apr 17 10:17:24 craftaro sshd[63654]: Received disconnect from 61.177.172.143 port 51851:11: [preauth]
Apr 17 10:17:24 craftaro sshd[63654]: Disconnected from authenticating user root 61.177.172.143 port 51851 [preauth]
Apr 17 10:17:24 craftaro sshd[63654]: PAM 2 more authentication failures; logname= uid=0 euid=0 tty=ssh ruser= rhost=61.177.172.143 user=root
Apr 17 10:17:46 craftaro sshd[63656]: pam_unix(sshd:auth): authentication failure; logname= uid=0 euid=0 tty=ssh ruser= rhost=61.177.172.143 user=root
Apr 17 10:17:48 craftaro sshd[63656]: Failed password for root from 61.177.172.143 port 32824 ssh2
Apr 17 10:17:54 craftaro sshd[63656]: message repeated 2 times: [ Failed password for root from 61.177.172.143 port 32824 ssh2]
Apr 17 10:17:55 craftaro sshd[63656]: Received disconnect from 61.177.172.143 port 32824:11: [preauth]
Apr 17 10:17:55 craftaro sshd[63656]: Disconnected from authenticating user root 61.177.172.143 port 32824 [preauth]
Apr 17 10:17:55 craftaro sshd[63656]: PAM 2 more authentication failures; logname= uid=0 euid=0 tty=ssh ruser= rhost=61.177.172.143 user=root
Apr 17 10:18:16 craftaro sshd[63658]: pam_unix(sshd:auth): authentication failure; logname= uid=0 euid=0 tty=ssh ruser= rhost=61.177.172.143 user=root
Apr 17 10:18:18 craftaro sshd[63658]: Failed password for root from 61.177.172.143 port 11146 ssh2
Apr 17 10:18:24 craftaro sshd[63658]: message repeated 2 times: [ Failed password for root from 61.177.172.143 port 11146 ssh2]
Apr 17 10:18:26 craftaro sshd[63658]: Received disconnect from 61.177.172.143 port 11146:11: [preauth]
Apr 17 10:18:26 craftaro sshd[63658]: Disconnected from authenticating user root 61.177.172.143 port 11146 [preauth]
Apr 17 10:18:26 craftaro sshd[63658]: PAM 2 more authentication failures; logname= uid=0 euid=0 tty=ssh ruser= rhost=61.177.172.143 user=root
Apr 17 10:18:41 craftaro sshd[63660]: pam_unix(sshd:auth): authentication failure; logname= uid=0 euid=0 tty=ssh ruser= rhost=61.177.172.143 user=root
Apr 17 10:18:43 craftaro sshd[63660]: Failed password for root from 61.177.172.143 port 22028 ssh2
Apr 17 10:18:49 craftaro sshd[63660]: message repeated 2 times: [ Failed password for root from 61.177.172.143 port 22028 ssh2]
Apr 17 10:18:50 craftaro sshd[63660]: Received disconnect from 61.177.172.143 port 22028:11: [preauth]
Apr 17 10:18:50 craftaro sshd[63660]: Disconnected from authenticating user root 61.177.172.143 port 22028 [preauth]
Apr 17 10:18:50 craftaro sshd[63660]: PAM 2 more authentication failures; logname= uid=0 euid=0 tty=ssh ruser= rhost=61.177.172.143 user=root
Apr 17 10:19:10 craftaro sshd[63662]: pam_unix(sshd:auth): authentication failure; logname= uid=0 euid=0 tty=ssh ruser= rhost=61.177.172.143 user=root
Apr 17 10:19:11 craftaro sshd[63662]: Failed password for root from 61.177.172.143 port 40234 ssh2
Apr 17 10:19:18 craftaro sshd[63662]: message repeated 2 times: [ Failed password for root from 61.177.172.143 port 40234 ssh2]
Apr 17 10:19:20 craftaro sshd[63662]: Received disconnect from 61.177.172.143 port 40234:11: [preauth]
Apr 17 10:19:20 craftaro sshd[63662]: Disconnected from authenticating user root 61.177.172.143 port 40234 [preauth]
Apr 17 10:19:20 craftaro sshd[63662]: PAM 2 more authentication failures; logname= uid=0 euid=0 tty=ssh ruser= rhost=61.177.172.143 user=root
Apr 17 10:19:25 craftaro sshd[63664]: pam_unix(sshd:auth): authentication failure; logname= uid=0 euid=0 tty=ssh ruser= rhost=61.177.173.36 user=root
Apr 17 10:19:28 craftaro sshd[63664]: Failed password for root from 61.177.173.36 port 59586 ssh2
Apr 17 10:19:32 craftaro sshd[63664]: message repeated 2 times: [ Failed password for root from 61.177.173.36 port 59586 ssh2]
Apr 17 10:19:33 craftaro sshd[63664]: Received disconnect from 61.177.173.36 port 59586:11: [preauth]
Apr 17 10:19:33 craftaro sshd[63664]: Disconnected from authenticating user root 61.177.173.36 port 59586 [preauth]
Apr 17 10:19:33 craftaro sshd[63664]: PAM 2 more authentication failures; logname= uid=0 euid=0 tty=ssh ruser= rhost=61.177.173.36 user=root
Apr 17 10:19:40 craftaro sshd[63666]: pam_unix(sshd:auth): authentication failure; logname= uid=0 euid=0 tty=ssh ruser= rhost=61.177.173.36 user=root
Apr 17 10:19:40 craftaro sshd[63668]: pam_unix(sshd:auth): authentication failure; logname= uid=0 euid=0 tty=ssh ruser= rhost=61.177.172.143 user=root
Apr 17 10:19:41 craftaro sshd[63666]: Failed password for root from 61.177.173.36 port 55307 ssh2
Apr 17 10:19:42 craftaro sshd[63668]: Failed password for root from 61.177.172.143 port 42016 ssh2
Apr 17 10:19:45 craftaro sshd[63666]: Failed password for root from 61.177.173.36 port 55307 ssh2
Apr 17 10:19:45 craftaro sshd[63668]: Failed password for root from 61.177.172.143 port 42016 ssh2
Apr 17 10:19:48 craftaro sshd[63666]: Failed password for root from 61.177.173.36 port 55307 ssh2
Apr 17 10:19:49 craftaro sshd[63668]: Failed password for root from 61.177.172.143 port 42016 ssh2
Apr 17 10:19:50 craftaro sshd[63668]: Received disconnect from 61.177.172.143 port 42016:11: [preauth]
Apr 17 10:19:50 craftaro sshd[63668]: Disconnected from authenticating user root 61.177.172.143 port 42016 [preauth]
Apr 17 10:19:50 craftaro sshd[63668]: PAM 2 more authentication failures; logname= uid=0 euid=0 tty=ssh ruser= rhost=61.177.172.143 user=root
Apr 17 10:19:51 craftaro sshd[63666]: Received disconnect from 61.177.173.36 port 55307:11: [preauth]
Apr 17 10:19:51 craftaro sshd[63666]: Disconnected from authenticating user root 61.177.173.36 port 55307 [preauth]
Apr 17 10:19:51 craftaro sshd[63666]: PAM 2 more authentication failures; logname= uid=0 euid=0 tty=ssh ruser= rhost=61.177.173.36 user=root
Apr 17 10:19:55 craftaro sshd[63670]: pam_unix(sshd:auth): authentication failure; logname= uid=0 euid=0 tty=ssh ruser= rhost=61.177.173.36 user=root
Apr 17 10:19:57 craftaro sshd[63670]: Failed password for root from 61.177.173.36 port 47007 ssh2
Apr 17 10:20:05 craftaro sshd[63670]: message repeated 2 times: [ Failed password for root from 61.177.173.36 port 47007 ssh2]
Apr 17 10:20:07 craftaro sshd[63670]: Received disconnect from 61.177.173.36 port 47007:11: [preauth]
Apr 17 10:20:07 craftaro sshd[63670]: Disconnected from authenticating user root 61.177.173.36 port 47007 [preauth]
Apr 17 10:20:07 craftaro sshd[63670]: PAM 2 more authentication failures; logname= uid=0 euid=0 tty=ssh ruser= rhost=61.177.173.36 user=root
Apr 17 10:20:09 craftaro sshd[63672]: pam_unix(sshd:auth): authentication failure; logname= uid=0 euid=0 tty=ssh ruser= rhost=61.177.172.143 user=root
Apr 17 10:20:11 craftaro sshd[63672]: Failed password for root from 61.177.172.143 port 58244 ssh2
Apr 17 10:20:17 craftaro sshd[63672]: message repeated 2 times: [ Failed password for root from 61.177.172.143 port 58244 ssh2]
Apr 17 10:20:19 craftaro sshd[63672]: Received disconnect from 61.177.172.143 port 58244:11: [preauth]
Apr 17 10:20:19 craftaro sshd[63672]: Disconnected from authenticating user root 61.177.172.143 port 58244 [preauth]
Apr 17 10:20:19 craftaro sshd[63672]: PAM 2 more authentication failures; logname= uid=0 euid=0 tty=ssh ruser= rhost=61.177.172.143 user=root
Apr 17 10:20:27 craftaro sshd[63674]: pam_unix(sshd:auth): authentication failure; logname= uid=0 euid=0 tty=ssh ruser= rhost=61.177.172.108 user=root
Apr 17 10:20:29 craftaro sshd[63674]: Failed password for root from 61.177.172.108 port 42360 ssh2
Apr 17 10:20:36 craftaro sshd[63674]: message repeated 2 times: [ Failed password for root from 61.177.172.108 port 42360 ssh2]
Apr 17 10:20:38 craftaro sshd[63674]: Received disconnect from 61.177.172.108 port 42360:11: [preauth]
Apr 17 10:20:38 craftaro sshd[63674]: Disconnected from authenticating user root 61.177.172.108 port 42360 [preauth]
Apr 17 10:20:38 craftaro sshd[63674]: PAM 2 more authentication failures; logname= uid=0 euid=0 tty=ssh ruser= rhost=61.177.172.108 user=root
Apr 17 10:20:42 craftaro sshd[63678]: pam_unix(sshd:auth): authentication failure; logname= uid=0 euid=0 tty=ssh ruser= rhost=61.177.172.143 user=root
Apr 17 10:20:43 craftaro sshd[63676]: pam_unix(sshd:auth): authentication failure; logname= uid=0 euid=0 tty=ssh ruser= rhost=61.177.172.108 user=root
Apr 17 10:20:44 craftaro sshd[63678]: Failed password for root from 61.177.172.143 port 45425 ssh2
Apr 17 10:20:45 craftaro sshd[63676]: Failed password for root from 61.177.172.108 port 61697 ssh2
Apr 17 10:20:48 craftaro sshd[63678]: Failed password for root from 61.177.172.143 port 45425 ssh2
Apr 17 10:20:49 craftaro sshd[63676]: Failed password for root from 61.177.172.108 port 61697 ssh2
Apr 17 10:20:52 craftaro sshd[63678]: Failed password for root from 61.177.172.143 port 45425 ssh2
Apr 17 10:20:53 craftaro sshd[63676]: Failed password for root from 61.177.172.108 port 61697 ssh2
Apr 17 10:20:53 craftaro sshd[63678]: Received disconnect from 61.177.172.143 port 45425:11: [preauth]
Apr 17 10:20:53 craftaro sshd[63678]: Disconnected from authenticating user root 61.177.172.143 port 45425 [preauth]
Apr 17 10:20:53 craftaro sshd[63678]: PAM 2 more authentication failures; logname= uid=0 euid=0 tty=ssh ruser= rhost=61.177.172.143 user=root
Apr 17 10:20:54 craftaro sshd[63676]: Received disconnect from 61.177.172.108 port 61697:11: [preauth]
Apr 17 10:20:54 craftaro sshd[63676]: Disconnected from authenticating user root 61.177.172.108 port 61697 [preauth]
Apr 17 10:20:54 craftaro sshd[63676]: PAM 2 more authentication failures; logname= uid=0 euid=0 tty=ssh ruser= rhost=61.177.172.108 user=root
Apr 17 10:20:56 craftaro sshd[63680]: pam_unix(sshd:auth): authentication failure; logname= uid=0 euid=0 tty=ssh ruser= rhost=61.177.172.108 user=root
Apr 17 10:20:58 craftaro sshd[63680]: Failed password for root from 61.177.172.108 port 28385 ssh2
Apr 17 10:21:04 craftaro sshd[63680]: message repeated 2 times: [ Failed password for root from 61.177.172.108 port 28385 ssh2]
Apr 17 10:21:05 craftaro sshd[63680]: Received disconnect from 61.177.172.108 port 28385:11: [preauth]
Apr 17 10:21:05 craftaro sshd[63680]: Disconnected from authenticating user root 61.177.172.108 port 28385 [preauth]
Apr 17 10:21:05 craftaro sshd[63680]: PAM 2 more authentication failures; logname= uid=0 euid=0 tty=ssh ruser= rhost=61.177.172.108 user=root
Apr 17 10:21:08 craftaro sshd[63683]: pam_unix(sshd:auth): authentication failure; logname= uid=0 euid=0 tty=ssh ruser= rhost=61.177.172.143 user=root
Apr 17 10:21:10 craftaro sshd[63683]: Failed password for root from 61.177.172.143 port 35813 ssh2
Apr 17 10:21:17 craftaro sshd[63683]: message repeated 2 times: [ Failed password for root from 61.177.172.143 port 35813 ssh2]
Apr 17 10:21:18 craftaro sshd[63683]: Received disconnect from 61.177.172.143 port 35813:11: [preauth]
Apr 17 10:21:18 craftaro sshd[63683]: Disconnected from authenticating user root 61.177.172.143 port 35813 [preauth]
Apr 17 10:21:18 craftaro sshd[63683]: PAM 2 more authentication failures; logname= uid=0 euid=0 tty=ssh ruser= rhost=61.177.172.143 user=root
Apr 17 10:21:42 craftaro sshd[63685]: pam_unix(sshd:auth): authentication failure; logname= uid=0 euid=0 tty=ssh ruser= rhost=61.177.172.143 user=root
Apr 17 10:21:44 craftaro sshd[63685]: Failed password for root from 61.177.172.143 port 52249 ssh2
Apr 17 10:21:51 craftaro sshd[63685]: message repeated 2 times: [ Failed password for root from 61.177.172.143 port 52249 ssh2]
Apr 17 10:21:52 craftaro sshd[63687]: pam_unix(sshd:auth): authentication failure; logname= uid=0 euid=0 tty=ssh ruser= rhost=61.177.173.51 user=root
Apr 17 10:21:53 craftaro sshd[63685]: Received disconnect from 61.177.172.143 port 52249:11: [preauth]
Apr 17 10:21:53 craftaro sshd[63685]: Disconnected from authenticating user root 61.177.172.143 port 52249 [preauth]
Apr 17 10:21:53 craftaro sshd[63685]: PAM 2 more authentication failures; logname= uid=0 euid=0 tty=ssh ruser= rhost=61.177.172.143 user=root
Apr 17 10:21:53 craftaro sshd[63687]: Failed password for root from 61.177.173.51 port 23191 ssh2
Apr 17 10:22:00 craftaro sshd[63687]: message repeated 2 times: [ Failed password for root from 61.177.173.51 port 23191 ssh2]
Apr 17 10:22:03 craftaro sshd[63687]: Received disconnect from 61.177.173.51 port 23191:11: [preauth]
Apr 17 10:22:03 craftaro sshd[63687]: Disconnected from authenticating user root 61.177.173.51 port 23191 [preauth]
Apr 17 10:22:03 craftaro sshd[63687]: PAM 2 more authentication failures; logname= uid=0 euid=0 tty=ssh ruser= rhost=61.177.173.51 user=root
Apr 17 10:22:06 craftaro sshd[63691]: pam_unix(sshd:auth): authentication failure; logname= uid=0 euid=0 tty=ssh ruser= rhost=61.177.172.143 user=root
Apr 17 10:22:06 craftaro sshd[63689]: pam_unix(sshd:auth): authentication failure; logname= uid=0 euid=0 tty=ssh ruser= rhost=61.177.173.51 user=root
Apr 17 10:22:07 craftaro sshd[63691]: Failed password for root from 61.177.172.143 port 15258 ssh2
Apr 17 10:22:08 craftaro sshd[63689]: Failed password for root from 61.177.173.51 port 62584 ssh2
Apr 17 10:22:11 craftaro sshd[63691]: Failed password for root from 61.177.172.143 port 15258 ssh2
Apr 17 10:22:11 craftaro sshd[63689]: Failed password for root from 61.177.173.51 port 62584 ssh2
Apr 17 10:22:14 craftaro sshd[63691]: Failed password for root from 61.177.172.143 port 15258 ssh2
Apr 17 10:22:15 craftaro sshd[63689]: Failed password for root from 61.177.173.51 port 62584 ssh2
Apr 17 10:22:15 craftaro sshd[63691]: Received disconnect from 61.177.172.143 port 15258:11: [preauth]
Apr 17 10:22:15 craftaro sshd[63691]: Disconnected from authenticating user root 61.177.172.143 port 15258 [preauth]
Apr 17 10:22:15 craftaro sshd[63691]: PAM 2 more authentication failures; logname= uid=0 euid=0 tty=ssh ruser= rhost=61.177.172.143 user=root
Apr 17 10:22:16 craftaro sshd[63689]: Received disconnect from 61.177.173.51 port 62584:11: [preauth]
Apr 17 10:22:16 craftaro sshd[63689]: Disconnected from authenticating user root 61.177.173.51 port 62584 [preauth]
Apr 17 10:22:16 craftaro sshd[63689]: PAM 2 more authentication failures; logname= uid=0 euid=0 tty=ssh ruser= rhost=61.177.173.51 user=root
Apr 17 10:22:32 craftaro sshd[63693]: pam_unix(sshd:auth): authentication failure; logname= uid=0 euid=0 tty=ssh ruser= rhost=61.177.172.143 user=root
Apr 17 10:22:34 craftaro sshd[63693]: Failed password for root from 61.177.172.143 port 62285 ssh2
Apr 17 10:22:41 craftaro sshd[63693]: message repeated 2 times: [ Failed password for root from 61.177.172.143 port 62285 ssh2]
Apr 17 10:22:41 craftaro sshd[63693]: Received disconnect from 61.177.172.143 port 62285:11: [preauth]
Apr 17 10:22:41 craftaro sshd[63693]: Disconnected from authenticating user root 61.177.172.143 port 62285 [preauth]
Apr 17 10:22:41 craftaro sshd[63693]: PAM 2 more authentication failures; logname= uid=0 euid=0 tty=ssh ruser= rhost=61.177.172.143 user=root
Apr 17 10:23:05 craftaro sshd[63695]: pam_unix(sshd:auth): authentication failure; logname= uid=0 euid=0 tty=ssh ruser= rhost=61.177.172.143 user=root
Apr 17 10:23:07 craftaro sshd[63695]: Failed password for root from 61.177.172.143 port 49422 ssh2
Apr 17 10:23:14 craftaro sshd[63695]: message repeated 2 times: [ Failed password for root from 61.177.172.143 port 49422 ssh2]
Apr 17 10:23:15 craftaro sshd[63695]: Received disconnect from 61.177.172.143 port 49422:11: [preauth]
Apr 17 10:23:15 craftaro sshd[63695]: Disconnected from authenticating user root 61.177.172.143 port 49422 [preauth]
Apr 17 10:23:15 craftaro sshd[63695]: PAM 2 more authentication failures; logname= uid=0 euid=0 tty=ssh ruser= rhost=61.177.172.143 user=root
Apr 17 10:23:34 craftaro sshd[63697]: pam_unix(sshd:auth): authentication failure; logname= uid=0 euid=0 tty=ssh ruser= rhost=61.177.172.143 user=root
Apr 17 10:23:36 craftaro sshd[63697]: Failed password for root from 61.177.172.143 port 55312 ssh2
Apr 17 10:23:42 craftaro sshd[63697]: message repeated 2 times: [ Failed password for root from 61.177.172.143 port 55312 ssh2]
Apr 17 10:23:43 craftaro sshd[63697]: Received disconnect from 61.177.172.143 port 55312:11: [preauth]
Apr 17 10:23:43 craftaro sshd[63697]: Disconnected from authenticating user root 61.177.172.143 port 55312 [preauth]
Apr 17 10:23:43 craftaro sshd[63697]: PAM 2 more authentication failures; logname= uid=0 euid=0 tty=ssh ruser= rhost=61.177.172.143 user=root
Apr 17 10:24:03 craftaro sshd[63699]: pam_unix(sshd:auth): authentication failure; logname= uid=0 euid=0 tty=ssh ruser= rhost=61.177.172.143 user=root
Apr 17 10:24:05 craftaro sshd[63699]: Failed password for root from 61.177.172.143 port 57052 ssh2
Apr 17 10:24:12 craftaro sshd[63699]: message repeated 2 times: [ Failed password for root from 61.177.172.143 port 57052 ssh2]
Apr 17 10:24:14 craftaro sshd[63699]: Received disconnect from 61.177.172.143 port 57052:11: [preauth]
Apr 17 10:24:14 craftaro sshd[63699]: Disconnected from authenticating user root 61.177.172.143 port 57052 [preauth]
Apr 17 10:24:14 craftaro sshd[63699]: PAM 2 more authentication failures; logname= uid=0 euid=0 tty=ssh ruser= rhost=61.177.172.143 user=root
Apr 17 10:24:34 craftaro sshd[63701]: pam_unix(sshd:auth): authentication failure; logname= uid=0 euid=0 tty=ssh ruser= rhost=61.177.172.143 user=root
Apr 17 10:24:35 craftaro sshd[63701]: Failed password for root from 61.177.172.143 port 15953 ssh2
Apr 17 10:24:43 craftaro sshd[63701]: message repeated 2 times: [ Failed password for root from 61.177.172.143 port 15953 ssh2]
Apr 17 10:24:44 craftaro sshd[63701]: Received disconnect from 61.177.172.143 port 15953:11: [preauth]
Apr 17 10:24:44 craftaro sshd[63701]: Disconnected from authenticating user root 61.177.172.143 port 15953 [preauth]
Apr 17 10:24:44 craftaro sshd[63701]: PAM 2 more authentication failures; logname= uid=0 euid=0 tty=ssh ruser= rhost=61.177.172.143 user=root
Apr 17 10:24:45 craftaro sshd[63703]: pam_unix(sshd:auth): authentication failure; logname= uid=0 euid=0 tty=ssh ruser= rhost=61.177.172.104 user=root
Apr 17 10:24:47 craftaro sshd[63703]: Failed password for root from 61.177.172.104 port 23816 ssh2
Apr 17 10:24:50 craftaro sshd[63705]: pam_unix(sshd:auth): authentication failure; logname= uid=0 euid=0 tty=ssh ruser= rhost=61.177.173.53 user=root
Apr 17 10:24:50 craftaro sshd[63703]: Failed password for root from 61.177.172.104 port 23816 ssh2
Apr 17 10:24:52 craftaro sshd[63705]: Failed password for root from 61.177.173.53 port 42905 ssh2
Apr 17 10:24:54 craftaro sshd[63703]: Failed password for root from 61.177.172.104 port 23816 ssh2
Apr 17 10:24:55 craftaro sshd[63705]: Failed password for root from 61.177.173.53 port 42905 ssh2
Apr 17 10:24:55 craftaro sshd[63703]: Received disconnect from 61.177.172.104 port 23816:11: [preauth]
Apr 17 10:24:55 craftaro sshd[63703]: Disconnected from authenticating user root 61.177.172.104 port 23816 [preauth]
Apr 17 10:24:55 craftaro sshd[63703]: PAM 2 more authentication failures; logname= uid=0 euid=0 tty=ssh ruser= rhost=61.177.172.104 user=root
Apr 17 10:24:57 craftaro sshd[63707]: pam_unix(sshd:auth): authentication failure; logname= uid=0 euid=0 tty=ssh ruser= rhost=61.177.172.104 user=root
Apr 17 10:24:58 craftaro sshd[63707]: Failed password for root from 61.177.172.104 port 19106 ssh2
Apr 17 10:25:00 craftaro sshd[63705]: Failed password for root from 61.177.173.53 port 42905 ssh2
Apr 17 10:25:01 craftaro sshd[63705]: Received disconnect from 61.177.173.53 port 42905:11: [preauth]
Apr 17 10:25:01 craftaro sshd[63705]: Disconnected from authenticating user root 61.177.173.53 port 42905 [preauth]
Apr 17 10:25:01 craftaro sshd[63705]: PAM 2 more authentication failures; logname= uid=0 euid=0 tty=ssh ruser= rhost=61.177.173.53 user=root
Apr 17 10:25:02 craftaro sshd[63707]: Failed password for root from 61.177.172.104 port 19106 ssh2
Apr 17 10:25:02 craftaro sshd[63709]: pam_unix(sshd:auth): authentication failure; logname= uid=0 euid=0 tty=ssh ruser= rhost=61.177.172.143 user=root
Apr 17 10:25:04 craftaro sshd[63711]: pam_unix(sshd:auth): authentication failure; logname= uid=0 euid=0 tty=ssh ruser= rhost=61.177.173.53 user=root
Apr 17 10:25:05 craftaro sshd[63709]: Failed password for root from 61.177.172.143 port 36457 ssh2
Apr 17 10:25:05 craftaro sshd[63707]: Failed password for root from 61.177.172.104 port 19106 ssh2
Apr 17 10:25:06 craftaro sshd[63711]: Failed password for root from 61.177.173.53 port 21186 ssh2
Apr 17 10:25:06 craftaro sshd[63707]: Received disconnect from 61.177.172.104 port 19106:11: [preauth]
Apr 17 10:25:06 craftaro sshd[63707]: Disconnected from authenticating user root 61.177.172.104 port 19106 [preauth]
Apr 17 10:25:06 craftaro sshd[63707]: PAM 2 more authentication failures; logname= uid=0 euid=0 tty=ssh ruser= rhost=61.177.172.104 user=root
Apr 17 10:25:08 craftaro sshd[63709]: Failed password for root from 61.177.172.143 port 36457 ssh2
Apr 17 10:25:10 craftaro sshd[63713]: pam_unix(sshd:auth): authentication failure; logname= uid=0 euid=0 tty=ssh ruser= rhost=61.177.172.104 user=root
Apr 17 10:25:10 craftaro sshd[63711]: Failed password for root from 61.177.173.53 port 21186 ssh2
Apr 17 10:25:11 craftaro sshd[63709]: Failed password for root from 61.177.172.143 port 36457 ssh2
Apr 17 10:25:11 craftaro sshd[63713]: Failed password for root from 61.177.172.104 port 33527 ssh2
Apr 17 10:25:12 craftaro sshd[63711]: Failed password for root from 61.177.173.53 port 21186 ssh2
Apr 17 10:25:12 craftaro sshd[63711]: Received disconnect from 61.177.173.53 port 21186:11: [preauth]
Apr 17 10:25:12 craftaro sshd[63711]: Disconnected from authenticating user root 61.177.173.53 port 21186 [preauth]
Apr 17 10:25:12 craftaro sshd[63711]: PAM 2 more authentication failures; logname= uid=0 euid=0 tty=ssh ruser= rhost=61.177.173.53 user=root
Apr 17 10:25:13 craftaro sshd[63709]: Received disconnect from 61.177.172.143 port 36457:11: [preauth]
Apr 17 10:25:13 craftaro sshd[63709]: Disconnected from authenticating user root 61.177.172.143 port 36457 [preauth]
Apr 17 10:25:13 craftaro sshd[63709]: PAM 2 more authentication failures; logname= uid=0 euid=0 tty=ssh ruser= rhost=61.177.172.143 user=root
Apr 17 10:25:13 craftaro sshd[63713]: Failed password for root from 61.177.172.104 port 33527 ssh2
Apr 17 10:25:17 craftaro sshd[63713]: Failed password for root from 61.177.172.104 port 33527 ssh2
Apr 17 10:25:19 craftaro sshd[63713]: Received disconnect from 61.177.172.104 port 33527:11: [preauth]
Apr 17 10:25:19 craftaro sshd[63713]: Disconnected from authenticating user root 61.177.172.104 port 33527 [preauth]
Apr 17 10:25:19 craftaro sshd[63713]: PAM 2 more authentication failures; logname= uid=0 euid=0 tty=ssh ruser= rhost=61.177.172.104 user=root
Apr 17 10:25:29 craftaro sshd[63715]: pam_unix(sshd:auth): authentication failure; logname= uid=0 euid=0 tty=ssh ruser= rhost=61.177.172.104 user=root
Apr 17 10:25:30 craftaro sshd[63717]: pam_unix(sshd:auth): authentication failure; logname= uid=0 euid=0 tty=ssh ruser= rhost=61.177.172.143 user=root
Apr 17 10:25:30 craftaro sshd[63715]: Failed password for root from 61.177.172.104 port 60556 ssh2
Apr 17 10:25:31 craftaro sshd[63719]: error: kex_exchange_identification: Connection closed by remote host
Apr 17 10:25:32 craftaro sshd[63720]: Invalid user pi from 176.166.135.18 port 45266
Apr 17 10:25:32 craftaro sshd[63720]: pam_unix(sshd:auth): check pass; user unknown
Apr 17 10:25:32 craftaro sshd[63720]: pam_unix(sshd:auth): authentication failure; logname= uid=0 euid=0 tty=ssh ruser= rhost=176.166.135.18
Apr 17 10:25:33 craftaro sshd[63717]: Failed password for root from 61.177.172.143 port 19289 ssh2
Apr 17 10:25:34 craftaro sshd[63724]: Invalid user pi from 176.166.135.18 port 45276
Apr 17 10:25:34 craftaro sshd[63715]: Failed password for root from 61.177.172.104 port 60556 ssh2
Apr 17 10:25:34 craftaro sshd[63724]: pam_unix(sshd:auth): check pass; user unknown
Apr 17 10:25:34 craftaro sshd[63724]: pam_unix(sshd:auth): authentication failure; logname= uid=0 euid=0 tty=ssh ruser= rhost=176.166.135.18
Apr 17 10:25:35 craftaro sshd[63720]: Failed password for invalid user pi from 176.166.135.18 port 45266 ssh2
Apr 17 10:25:35 craftaro sshd[63717]: Failed password for root from 61.177.172.143 port 19289 ssh2
Apr 17 10:25:36 craftaro sshd[63721]: Invalid user akash from 59.34.130.115 port 51897
Apr 17 10:25:36 craftaro sshd[63724]: Failed password for invalid user pi from 176.166.135.18 port 45276 ssh2
Apr 17 10:25:36 craftaro sshd[63721]: pam_unix(sshd:auth): check pass; user unknown
Apr 17 10:25:36 craftaro sshd[63721]: pam_unix(sshd:auth): authentication failure; logname= uid=0 euid=0 tty=ssh ruser= rhost=59.34.130.115
Apr 17 10:25:37 craftaro sshd[63724]: Connection closed by invalid user pi 176.166.135.18 port 45276 [preauth]
Apr 17 10:25:37 craftaro sshd[63720]: Connection closed by invalid user pi 176.166.135.18 port 45266 [preauth]
Apr 17 10:25:37 craftaro sshd[63715]: Failed password for root from 61.177.172.104 port 60556 ssh2
Apr 17 10:25:38 craftaro sshd[63721]: Failed password for invalid user akash from 59.34.130.115 port 51897 ssh2
Apr 17 10:25:39 craftaro sshd[63715]: Received disconnect from 61.177.172.104 port 60556:11: [preauth]
Apr 17 10:25:39 craftaro sshd[63715]: Disconnected from authenticating user root 61.177.172.104 port 60556 [preauth]
Apr 17 10:25:39 craftaro sshd[63715]: PAM 2 more authentication failures; logname= uid=0 euid=0 tty=ssh ruser= rhost=61.177.172.104 user=root
Apr 17 10:25:40 craftaro sshd[63717]: Failed password for root from 61.177.172.143 port 19289 ssh2
Apr 17 10:25:40 craftaro sshd[63721]: Connection closed by invalid user akash 59.34.130.115 port 51897 [preauth]
Apr 17 10:25:41 craftaro sshd[63717]: Received disconnect from 61.177.172.143 port 19289:11: [preauth]
Apr 17 10:25:41 craftaro sshd[63717]: Disconnected from authenticating user root 61.177.172.143 port 19289 [preauth]
Apr 17 10:25:41 craftaro sshd[63717]: PAM 2 more authentication failures; logname= uid=0 euid=0 tty=ssh ruser= rhost=61.177.172.143 user=root
Apr 17 10:25:47 craftaro sshd[63726]: pam_unix(sshd:auth): authentication failure; logname= uid=0 euid=0 tty=ssh ruser= rhost=61.177.172.104 user=root
Apr 17 10:25:49 craftaro sshd[63726]: Failed password for root from 61.177.172.104 port 33761 ssh2
Apr 17 10:25:56 craftaro sshd[63726]: message repeated 2 times: [ Failed password for root from 61.177.172.104 port 33761 ssh2]
Apr 17 10:25:58 craftaro sshd[63726]: Received disconnect from 61.177.172.104 port 33761:11: [preauth]
Apr 17 10:25:58 craftaro sshd[63726]: Disconnected from authenticating user root 61.177.172.104 port 33761 [preauth]
Apr 17 10:25:58 craftaro sshd[63726]: PAM 2 more authentication failures; logname= uid=0 euid=0 tty=ssh ruser= rhost=61.177.172.104 user=root
Apr 17 10:26:01 craftaro sshd[63728]: pam_unix(sshd:auth): authentication failure; logname= uid=0 euid=0 tty=ssh ruser= rhost=61.177.172.143 user=root
Apr 17 10:26:04 craftaro sshd[63728]: Failed password for root from 61.177.172.143 port 39085 ssh2
Apr 17 10:26:10 craftaro sshd[63728]: message repeated 2 times: [ Failed password for root from 61.177.172.143 port 39085 ssh2]
Apr 17 10:26:12 craftaro sshd[63728]: Received disconnect from 61.177.172.143 port 39085:11: [preauth]
Apr 17 10:26:12 craftaro sshd[63728]: Disconnected from authenticating user root 61.177.172.143 port 39085 [preauth]
Apr 17 10:26:12 craftaro sshd[63728]: PAM 2 more authentication failures; logname= uid=0 euid=0 tty=ssh ruser= rhost=61.177.172.143 user=root
Apr 17 10:26:30 craftaro sshd[63730]: pam_unix(sshd:auth): authentication failure; logname= uid=0 euid=0 tty=ssh ruser= rhost=61.177.172.143 user=root
Apr 17 10:26:32 craftaro sshd[63730]: Failed password for root from 61.177.172.143 port 13730 ssh2
Apr 17 10:26:37 craftaro sshd[63730]: message repeated 2 times: [ Failed password for root from 61.177.172.143 port 13730 ssh2]
Apr 17 10:26:38 craftaro sshd[63730]: Received disconnect from 61.177.172.143 port 13730:11: [preauth]
Apr 17 10:26:38 craftaro sshd[63730]: Disconnected from authenticating user root 61.177.172.143 port 13730 [preauth]
Apr 17 10:26:38 craftaro sshd[63730]: PAM 2 more authentication failures; logname= uid=0 euid=0 tty=ssh ruser= rhost=61.177.172.143 user=root
Apr 17 10:26:58 craftaro sshd[63732]: pam_unix(sshd:auth): authentication failure; logname= uid=0 euid=0 tty=ssh ruser= rhost=61.177.172.143 user=root
Apr 17 10:26:59 craftaro sshd[63732]: Failed password for root from 61.177.172.143 port 21218 ssh2
Apr 17 10:27:04 craftaro sshd[63732]: message repeated 2 times: [ Failed password for root from 61.177.172.143 port 21218 ssh2]
Apr 17 10:27:06 craftaro sshd[63732]: Received disconnect from 61.177.172.143 port 21218:11: [preauth]
Apr 17 10:27:06 craftaro sshd[63732]: Disconnected from authenticating user root 61.177.172.143 port 21218 [preauth]
Apr 17 10:27:06 craftaro sshd[63732]: PAM 2 more authentication failures; logname= uid=0 euid=0 tty=ssh ruser= rhost=61.177.172.143 user=root
Apr 17 10:27:28 craftaro sshd[63734]: pam_unix(sshd:auth): authentication failure; logname= uid=0 euid=0 tty=ssh ruser= rhost=61.177.172.143 user=root
Apr 17 10:27:30 craftaro sshd[63734]: Failed password for root from 61.177.172.143 port 30544 ssh2
Apr 17 10:27:36 craftaro sshd[63734]: message repeated 2 times: [ Failed password for root from 61.177.172.143 port 30544 ssh2]
Apr 17 10:27:37 craftaro sshd[63734]: Received disconnect from 61.177.172.143 port 30544:11: [preauth]
Apr 17 10:27:37 craftaro sshd[63734]: Disconnected from authenticating user root 61.177.172.143 port 30544 [preauth]
Apr 17 10:27:37 craftaro sshd[63734]: PAM 2 more authentication failures; logname= uid=0 euid=0 tty=ssh ruser= rhost=61.177.172.143 user=root
Apr 17 10:27:55 craftaro sshd[63736]: pam_unix(sshd:auth): authentication failure; logname= uid=0 euid=0 tty=ssh ruser= rhost=61.177.172.143 user=root
Apr 17 10:27:57 craftaro sshd[63736]: Failed password for root from 61.177.172.143 port 45216 ssh2
Apr 17 10:28:04 craftaro sshd[63736]: message repeated 2 times: [ Failed password for root from 61.177.172.143 port 45216 ssh2]
Apr 17 10:28:05 craftaro sshd[63736]: Received disconnect from 61.177.172.143 port 45216:11: [preauth]
Apr 17 10:28:05 craftaro sshd[63736]: Disconnected from authenticating user root 61.177.172.143 port 45216 [preauth]
Apr 17 10:28:05 craftaro sshd[63736]: PAM 2 more authentication failures; logname= uid=0 euid=0 tty=ssh ruser= rhost=61.177.172.143 user=root
Apr 17 10:28:18 craftaro sshd[63738]: pam_unix(sshd:auth): authentication failure; logname= uid=0 euid=0 tty=ssh ruser= rhost=61.177.172.90 user=root
Apr 17 10:28:20 craftaro sshd[63738]: Failed password for root from 61.177.172.90 port 42509 ssh2
Apr 17 10:28:23 craftaro sshd[63738]: Failed password for root from 61.177.172.90 port 42509 ssh2
Apr 17 10:28:24 craftaro sshd[63740]: pam_unix(sshd:auth): authentication failure; logname= uid=0 euid=0 tty=ssh ruser= rhost=61.177.172.143 user=root
Apr 17 10:28:26 craftaro sshd[63740]: Failed password for root from 61.177.172.143 port 54282 ssh2
Apr 17 10:28:26 craftaro sshd[63738]: Failed password for root from 61.177.172.90 port 42509 ssh2
Apr 17 10:28:29 craftaro sshd[63738]: Received disconnect from 61.177.172.90 port 42509:11: [preauth]
Apr 17 10:28:29 craftaro sshd[63738]: Disconnected from authenticating user root 61.177.172.90 port 42509 [preauth]
Apr 17 10:28:29 craftaro sshd[63738]: PAM 2 more authentication failures; logname= uid=0 euid=0 tty=ssh ruser= rhost=61.177.172.90 user=root
Apr 17 10:28:29 craftaro sshd[63740]: Failed password for root from 61.177.172.143 port 54282 ssh2
Apr 17 10:28:30 craftaro sshd[63743]: pam_unix(sshd:auth): authentication failure; logname= uid=0 euid=0 tty=ssh ruser= rhost=61.177.172.90 user=root
Apr 17 10:28:32 craftaro sshd[63740]: Failed password for root from 61.177.172.143 port 54282 ssh2
Apr 17 10:28:32 craftaro sshd[63743]: Failed password for root from 61.177.172.90 port 12849 ssh2
Apr 17 10:28:33 craftaro sshd[63740]: Received disconnect from 61.177.172.143 port 54282:11: [preauth]
Apr 17 10:28:33 craftaro sshd[63740]: Disconnected from authenticating user root 61.177.172.143 port 54282 [preauth]
Apr 17 10:28:33 craftaro sshd[63740]: PAM 2 more authentication failures; logname= uid=0 euid=0 tty=ssh ruser= rhost=61.177.172.143 user=root
Apr 17 10:28:36 craftaro sshd[63743]: Failed password for root from 61.177.172.90 port 12849 ssh2
Apr 17 10:28:38 craftaro sshd[63743]: Failed password for root from 61.177.172.90 port 12849 ssh2
Apr 17 10:28:40 craftaro sshd[63743]: Received disconnect from 61.177.172.90 port 12849:11: [preauth]
Apr 17 10:28:40 craftaro sshd[63743]: Disconnected from authenticating user root 61.177.172.90 port 12849 [preauth]
Apr 17 10:28:40 craftaro sshd[63743]: PAM 2 more authentication failures; logname= uid=0 euid=0 tty=ssh ruser= rhost=61.177.172.90 user=root
Apr 17 10:28:41 craftaro sshd[63745]: pam_unix(sshd:auth): authentication failure; logname= uid=0 euid=0 tty=ssh ruser= rhost=61.177.172.90 user=root
Apr 17 10:28:43 craftaro sshd[63745]: Failed password for root from 61.177.172.90 port 28400 ssh2
Apr 17 10:28:49 craftaro sshd[63745]: message repeated 2 times: [ Failed password for root from 61.177.172.90 port 28400 ssh2]
Apr 17 10:28:51 craftaro sshd[63745]: Received disconnect from 61.177.172.90 port 28400:11: [preauth]
Apr 17 10:28:51 craftaro sshd[63745]: Disconnected from authenticating user root 61.177.172.90 port 28400 [preauth]
Apr 17 10:28:51 craftaro sshd[63745]: PAM 2 more authentication failures; logname= uid=0 euid=0 tty=ssh ruser= rhost=61.177.172.90 user=root
Apr 17 10:28:52 craftaro sshd[63747]: pam_unix(sshd:auth): authentication failure; logname= uid=0 euid=0 tty=ssh ruser= rhost=61.177.172.90 user=root
Apr 17 10:28:54 craftaro sshd[63747]: Failed password for root from 61.177.172.90 port 55419 ssh2
Apr 17 10:28:56 craftaro sshd[63749]: pam_unix(sshd:auth): authentication failure; logname= uid=0 euid=0 tty=ssh ruser= rhost=61.177.172.143 user=root
Apr 17 10:28:57 craftaro sshd[63747]: Failed password for root from 61.177.172.90 port 55419 ssh2
Apr 17 10:28:58 craftaro sshd[63749]: Failed password for root from 61.177.172.143 port 32761 ssh2
Apr 17 10:29:01 craftaro sshd[63749]: Failed password for root from 61.177.172.143 port 32761 ssh2
Apr 17 10:29:04 craftaro sshd[63747]: Failed password for root from 61.177.172.90 port 55419 ssh2
Apr 17 10:29:05 craftaro sshd[63749]: Failed password for root from 61.177.172.143 port 32761 ssh2
Apr 17 10:29:05 craftaro sshd[63747]: Received disconnect from 61.177.172.90 port 55419:11: [preauth]
Apr 17 10:29:05 craftaro sshd[63747]: Disconnected from authenticating user root 61.177.172.90 port 55419 [preauth]
Apr 17 10:29:05 craftaro sshd[63747]: PAM 2 more authentication failures; logname= uid=0 euid=0 tty=ssh ruser= rhost=61.177.172.90 user=root
Apr 17 10:29:05 craftaro sshd[63749]: Received disconnect from 61.177.172.143 port 32761:11: [preauth]
Apr 17 10:29:05 craftaro sshd[63749]: Disconnected from authenticating user root 61.177.172.143 port 32761 [preauth]
Apr 17 10:29:05 craftaro sshd[63749]: PAM 2 more authentication failures; logname= uid=0 euid=0 tty=ssh ruser= rhost=61.177.172.143 user=root
Apr 17 10:29:22 craftaro sshd[63751]: pam_unix(sshd:auth): authentication failure; logname= uid=0 euid=0 tty=ssh ruser= rhost=61.177.172.143 user=root
Apr 17 10:29:24 craftaro sshd[63751]: Failed password for root from 61.177.172.143 port 26885 ssh2
Apr 17 10:29:31 craftaro sshd[63751]: message repeated 2 times: [ Failed password for root from 61.177.172.143 port 26885 ssh2]
Apr 17 10:29:32 craftaro sshd[63751]: Received disconnect from 61.177.172.143 port 26885:11: [preauth]
Apr 17 10:29:32 craftaro sshd[63751]: Disconnected from authenticating user root 61.177.172.143 port 26885 [preauth]
Apr 17 10:29:32 craftaro sshd[63751]: PAM 2 more authentication failures; logname= uid=0 euid=0 tty=ssh ruser= rhost=61.177.172.143 user=root
