Apr 17 11:14:43 craftaro sshd[64092]: Failed password for root from 61.177.172.143 port 39007 ssh2
Apr 17 11:14:49 craftaro sshd[64092]: message repeated 2 times: [ Failed password for root from 61.177.172.143 port 39007 ssh2]
Apr 17 11:14:50 craftaro sshd[64092]: Received disconnect from 61.177.172.143 port 39007:11: [preauth]
Apr 17 11:14:50 craftaro sshd[64092]: Disconnected from authenticating user root 61.177.172.143 port 39007 [preauth]
Apr 17 11:14:50 craftaro sshd[64092]: PAM 2 more authentication failures; logname= uid=0 euid=0 tty=ssh ruser= rhost=61.177.172.143 user=root
Apr 17 11:14:51 craftaro sshd[64095]: pam_unix(sshd:auth): authentication failure; logname= uid=0 euid=0 tty=ssh ruser= rhost=61.177.173.36 user=root
Apr 17 11:14:53 craftaro sshd[64095]: Failed password for root from 61.177.173.36 port 54447 ssh2
Apr 17 11:15:00 craftaro sshd[64095]: message repeated 2 times: [ Failed password for root from 61.177.173.36 port 54447 ssh2]
Apr 17 11:15:01 craftaro sshd[64095]: Received disconnect from 61.177.173.36 port 54447:11: [preauth]
Apr 17 11:15:01 craftaro sshd[64095]: Disconnected from authenticating user root 61.177.173.36 port 54447 [preauth]
Apr 17 11:15:01 craftaro sshd[64095]: PAM 2 more authentication failures; logname= uid=0 euid=0 tty=ssh ruser= rhost=61.177.173.36 user=root
Apr 17 11:15:03 craftaro sshd[64097]: pam_unix(sshd:auth): authentication failure; logname= uid=0 euid=0 tty=ssh ruser= rhost=61.177.173.36 user=root
Apr 17 11:15:05 craftaro sshd[64097]: Failed password for root from 61.177.173.36 port 56160 ssh2
Apr 17 11:15:08 craftaro sshd[64097]: Failed password for root from 61.177.173.36 port 56160 ssh2
Apr 17 11:15:10 craftaro sshd[64099]: pam_unix(sshd:auth): authentication failure; logname= uid=0 euid=0 tty=ssh ruser= rhost=61.177.172.143 user=root
Apr 17 11:15:12 craftaro sshd[64097]: Failed password for root from 61.177.173.36 port 56160 ssh2
Apr 17 11:15:12 craftaro sshd[64099]: Failed password for root from 61.177.172.143 port 54023 ssh2
Apr 17 11:15:13 craftaro sshd[64097]: Received disconnect from 61.177.173.36 port 56160:11: [preauth]
Apr 17 11:15:13 craftaro sshd[64097]: Disconnected from authenticating user root 61.177.173.36 port 56160 [preauth]
Apr 17 11:15:13 craftaro sshd[64097]: PAM 2 more authentication failures; logname= uid=0 euid=0 tty=ssh ruser= rhost=61.177.173.36 user=root
Apr 17 11:15:14 craftaro sshd[64101]: pam_unix(sshd:auth): authentication failure; logname= uid=0 euid=0 tty=ssh ruser= rhost=61.177.173.36 user=root
Apr 17 11:15:15 craftaro sshd[64099]: Failed password for root from 61.177.172.143 port 54023 ssh2
Apr 17 11:15:16 craftaro sshd[64101]: Failed password for root from 61.177.173.36 port 60601 ssh2
Apr 17 11:15:19 craftaro sshd[64099]: Failed password for root from 61.177.172.143 port 54023 ssh2
Apr 17 11:15:20 craftaro sshd[64099]: Received disconnect from 61.177.172.143 port 54023:11: [preauth]
Apr 17 11:15:20 craftaro sshd[64099]: Disconnected from authenticating user root 61.177.172.143 port 54023 [preauth]
Apr 17 11:15:20 craftaro sshd[64099]: PAM 2 more authentication failures; logname= uid=0 euid=0 tty=ssh ruser= rhost=61.177.172.143 user=root
Apr 17 11:15:20 craftaro sshd[64101]: Failed password for root from 61.177.173.36 port 60601 ssh2
Apr 17 11:15:24 craftaro sshd[64101]: Failed password for root from 61.177.173.36 port 60601 ssh2
Apr 17 11:15:26 craftaro sshd[64101]: Received disconnect from 61.177.173.36 port 60601:11: [preauth]
Apr 17 11:15:26 craftaro sshd[64101]: Disconnected from authenticating user root 61.177.173.36 port 60601 [preauth]
Apr 17 11:15:26 craftaro sshd[64101]: PAM 2 more authentication failures; logname= uid=0 euid=0 tty=ssh ruser= rhost=61.177.173.36 user=root
Apr 17 11:15:38 craftaro sshd[64103]: pam_unix(sshd:auth): authentication failure; logname= uid=0 euid=0 tty=ssh ruser= rhost=61.177.172.143 user=root
Apr 17 11:15:40 craftaro sshd[64103]: Failed password for root from 61.177.172.143 port 58609 ssh2
Apr 17 11:15:47 craftaro sshd[64103]: message repeated 2 times: [ Failed password for root from 61.177.172.143 port 58609 ssh2]
Apr 17 11:15:48 craftaro sshd[64103]: Received disconnect from 61.177.172.143 port 58609:11: [preauth]
Apr 17 11:15:48 craftaro sshd[64103]: Disconnected from authenticating user root 61.177.172.143 port 58609 [preauth]
Apr 17 11:15:48 craftaro sshd[64103]: PAM 2 more authentication failures; logname= uid=0 euid=0 tty=ssh ruser= rhost=61.177.172.143 user=root
Apr 17 11:16:08 craftaro sshd[64105]: pam_unix(sshd:auth): authentication failure; logname= uid=0 euid=0 tty=ssh ruser= rhost=61.177.172.143 user=root
Apr 17 11:16:10 craftaro sshd[64105]: Failed password for root from 61.177.172.143 port 19036 ssh2
Apr 17 11:16:13 craftaro sshd[64107]: pam_unix(sshd:auth): authentication failure; logname= uid=0 euid=0 tty=ssh ruser= rhost=61.177.173.53 user=root
Apr 17 11:16:14 craftaro sshd[64105]: Failed password for root from 61.177.172.143 port 19036 ssh2
Apr 17 11:16:15 craftaro sshd[64107]: Failed password for root from 61.177.173.53 port 49532 ssh2
Apr 17 11:16:16 craftaro sshd[64105]: Failed password for root from 61.177.172.143 port 19036 ssh2
Apr 17 11:16:17 craftaro sshd[64105]: Received disconnect from 61.177.172.143 port 19036:11: [preauth]
Apr 17 11:16:17 craftaro sshd[64105]: Disconnected from authenticating user root 61.177.172.143 port 19036 [preauth]
Apr 17 11:16:17 craftaro sshd[64105]: PAM 2 more authentication failures; logname= uid=0 euid=0 tty=ssh ruser= rhost=61.177.172.143 user=root
Apr 17 11:16:18 craftaro sshd[64107]: Failed password for root from 61.177.173.53 port 49532 ssh2
Apr 17 11:16:21 craftaro sshd[64107]: Failed password for root from 61.177.173.53 port 49532 ssh2
Apr 17 11:16:22 craftaro sshd[64107]: Received disconnect from 61.177.173.53 port 49532:11: [preauth]
Apr 17 11:16:22 craftaro sshd[64107]: Disconnected from authenticating user root 61.177.173.53 port 49532 [preauth]
Apr 17 11:16:22 craftaro sshd[64107]: PAM 2 more authentication failures; logname= uid=0 euid=0 tty=ssh ruser= rhost=61.177.173.53 user=root
Apr 17 11:16:24 craftaro sshd[64109]: pam_unix(sshd:auth): authentication failure; logname= uid=0 euid=0 tty=ssh ruser= rhost=61.177.173.53 user=root
Apr 17 11:16:26 craftaro sshd[64109]: Failed password for root from 61.177.173.53 port 25212 ssh2
Apr 17 11:16:32 craftaro sshd[64109]: message repeated 2 times: [ Failed password for root from 61.177.173.53 port 25212 ssh2]
Apr 17 11:16:33 craftaro sshd[64109]: Received disconnect from 61.177.173.53 port 25212:11: [preauth]
Apr 17 11:16:33 craftaro sshd[64109]: Disconnected from authenticating user root 61.177.173.53 port 25212 [preauth]
Apr 17 11:16:33 craftaro sshd[64109]: PAM 2 more authentication failures; logname= uid=0 euid=0 tty=ssh ruser= rhost=61.177.173.53 user=root
Apr 17 11:16:38 craftaro sshd[64111]: pam_unix(sshd:auth): authentication failure; logname= uid=0 euid=0 tty=ssh ruser= rhost=61.177.172.143 user=root
Apr 17 11:16:40 craftaro sshd[64111]: Failed password for root from 61.177.172.143 port 36846 ssh2
Apr 17 11:16:46 craftaro sshd[64111]: message repeated 2 times: [ Failed password for root from 61.177.172.143 port 36846 ssh2]
Apr 17 11:16:47 craftaro sshd[64111]: Received disconnect from 61.177.172.143 port 36846:11: [preauth]
Apr 17 11:16:47 craftaro sshd[64111]: Disconnected from authenticating user root 61.177.172.143 port 36846 [preauth]
Apr 17 11:16:47 craftaro sshd[64111]: PAM 2 more authentication failures; logname= uid=0 euid=0 tty=ssh ruser= rhost=61.177.172.143 user=root
Apr 17 11:17:01 craftaro CRON[64113]: pam_unix(cron:session): session opened for user root by (uid=0)
Apr 17 11:17:01 craftaro CRON[64113]: pam_unix(cron:session): session closed for user root
Apr 17 11:17:03 craftaro sshd[64116]: pam_unix(sshd:auth): authentication failure; logname= uid=0 euid=0 tty=ssh ruser= rhost=61.177.172.143 user=root
Apr 17 11:17:04 craftaro sshd[64116]: Failed password for root from 61.177.172.143 port 15654 ssh2
Apr 17 11:17:10 craftaro sshd[64116]: message repeated 2 times: [ Failed password for root from 61.177.172.143 port 15654 ssh2]
Apr 17 11:17:11 craftaro sshd[64116]: Received disconnect from 61.177.172.143 port 15654:11: [preauth]
Apr 17 11:17:11 craftaro sshd[64116]: Disconnected from authenticating user root 61.177.172.143 port 15654 [preauth]
Apr 17 11:17:11 craftaro sshd[64116]: PAM 2 more authentication failures; logname= uid=0 euid=0 tty=ssh ruser= rhost=61.177.172.143 user=root
Apr 17 11:17:19 craftaro sshd[64118]: pam_unix(sshd:auth): authentication failure; logname= uid=0 euid=0 tty=ssh ruser= rhost=61.177.173.37 user=root
Apr 17 11:17:21 craftaro sshd[64118]: Failed password for root from 61.177.173.37 port 25510 ssh2
Apr 17 11:17:27 craftaro sshd[64118]: message repeated 2 times: [ Failed password for root from 61.177.173.37 port 25510 ssh2]
Apr 17 11:17:27 craftaro sshd[64118]: Received disconnect from 61.177.173.37 port 25510:11: [preauth]
Apr 17 11:17:27 craftaro sshd[64118]: Disconnected from authenticating user root 61.177.173.37 port 25510 [preauth]
Apr 17 11:17:27 craftaro sshd[64118]: PAM 2 more authentication failures; logname= uid=0 euid=0 tty=ssh ruser= rhost=61.177.173.37 user=root
Apr 17 11:17:29 craftaro sshd[64120]: pam_unix(sshd:auth): authentication failure; logname= uid=0 euid=0 tty=ssh ruser= rhost=61.177.173.37 user=root
Apr 17 11:17:31 craftaro sshd[64120]: Failed password for root from 61.177.173.37 port 25533 ssh2
Apr 17 11:17:33 craftaro sshd[64120]: Failed password for root from 61.177.173.37 port 25533 ssh2
Apr 17 11:17:36 craftaro sshd[64122]: pam_unix(sshd:auth): authentication failure; logname= uid=0 euid=0 tty=ssh ruser= rhost=61.177.172.143 user=root
Apr 17 11:17:37 craftaro sshd[64120]: Failed password for root from 61.177.173.37 port 25533 ssh2
Apr 17 11:17:38 craftaro sshd[64120]: Received disconnect from 61.177.173.37 port 25533:11: [preauth]
Apr 17 11:17:38 craftaro sshd[64120]: Disconnected from authenticating user root 61.177.173.37 port 25533 [preauth]
Apr 17 11:17:38 craftaro sshd[64120]: PAM 2 more authentication failures; logname= uid=0 euid=0 tty=ssh ruser= rhost=61.177.173.37 user=root
Apr 17 11:17:38 craftaro sshd[64122]: Failed password for root from 61.177.172.143 port 59074 ssh2
Apr 17 11:17:39 craftaro sshd[64124]: pam_unix(sshd:auth): authentication failure; logname= uid=0 euid=0 tty=ssh ruser= rhost=61.177.173.37 user=root
Apr 17 11:17:41 craftaro sshd[64122]: Failed password for root from 61.177.172.143 port 59074 ssh2
Apr 17 11:17:41 craftaro sshd[64124]: Failed password for root from 61.177.173.37 port 46224 ssh2
Apr 17 11:17:44 craftaro sshd[64124]: Failed password for root from 61.177.173.37 port 46224 ssh2
Apr 17 11:17:45 craftaro sshd[64122]: Failed password for root from 61.177.172.143 port 59074 ssh2
Apr 17 11:17:45 craftaro sshd[64122]: Received disconnect from 61.177.172.143 port 59074:11: [preauth]
Apr 17 11:17:46 craftaro sshd[64122]: Disconnected from authenticating user root 61.177.172.143 port 59074 [preauth]
Apr 17 11:17:46 craftaro sshd[64122]: PAM 2 more authentication failures; logname= uid=0 euid=0 tty=ssh ruser= rhost=61.177.172.143 user=root
Apr 17 11:17:47 craftaro sshd[64124]: Failed password for root from 61.177.173.37 port 46224 ssh2
Apr 17 11:17:49 craftaro sshd[64124]: Received disconnect from 61.177.173.37 port 46224:11: [preauth]
Apr 17 11:17:49 craftaro sshd[64124]: Disconnected from authenticating user root 61.177.173.37 port 46224 [preauth]
Apr 17 11:17:49 craftaro sshd[64124]: PAM 2 more authentication failures; logname= uid=0 euid=0 tty=ssh ruser= rhost=61.177.173.37 user=root
Apr 17 11:17:50 craftaro sshd[64126]: pam_unix(sshd:auth): authentication failure; logname= uid=0 euid=0 tty=ssh ruser= rhost=61.177.173.37 user=root
Apr 17 11:17:52 craftaro sshd[64126]: Failed password for root from 61.177.173.37 port 62009 ssh2
Apr 17 11:17:58 craftaro sshd[64126]: message repeated 2 times: [ Failed password for root from 61.177.173.37 port 62009 ssh2]
Apr 17 11:17:58 craftaro sshd[64126]: Received disconnect from 61.177.173.37 port 62009:11: [preauth]
Apr 17 11:17:58 craftaro sshd[64126]: Disconnected from authenticating user root 61.177.173.37 port 62009 [preauth]
Apr 17 11:17:58 craftaro sshd[64126]: PAM 2 more authentication failures; logname= uid=0 euid=0 tty=ssh ruser= rhost=61.177.173.37 user=root
Apr 17 11:18:00 craftaro sshd[64128]: pam_unix(sshd:auth): authentication failure; logname= uid=0 euid=0 tty=ssh ruser= rhost=61.177.173.37 user=root
Apr 17 11:18:02 craftaro sshd[64128]: Failed password for root from 61.177.173.37 port 12617 ssh2
Apr 17 11:18:04 craftaro sshd[64128]: Failed password for root from 61.177.173.37 port 12617 ssh2
Apr 17 11:18:07 craftaro sshd[64130]: pam_unix(sshd:auth): authentication failure; logname= uid=0 euid=0 tty=ssh ruser= rhost=61.177.172.143 user=root
Apr 17 11:18:08 craftaro sshd[64128]: Failed password for root from 61.177.173.37 port 12617 ssh2
Apr 17 11:18:09 craftaro sshd[64130]: Failed password for root from 61.177.172.143 port 35179 ssh2
Apr 17 11:18:09 craftaro sshd[64128]: Received disconnect from 61.177.173.37 port 12617:11: [preauth]
Apr 17 11:18:09 craftaro sshd[64128]: Disconnected from authenticating user root 61.177.173.37 port 12617 [preauth]
Apr 17 11:18:09 craftaro sshd[64128]: PAM 2 more authentication failures; logname= uid=0 euid=0 tty=ssh ruser= rhost=61.177.173.37 user=root
Apr 17 11:18:12 craftaro sshd[64130]: Failed password for root from 61.177.172.143 port 35179 ssh2
Apr 17 11:18:15 craftaro sshd[64130]: Failed password for root from 61.177.172.143 port 35179 ssh2
Apr 17 11:18:17 craftaro sshd[64130]: Received disconnect from 61.177.172.143 port 35179:11: [preauth]
Apr 17 11:18:17 craftaro sshd[64130]: Disconnected from authenticating user root 61.177.172.143 port 35179 [preauth]
Apr 17 11:18:17 craftaro sshd[64130]: PAM 2 more authentication failures; logname= uid=0 euid=0 tty=ssh ruser= rhost=61.177.172.143 user=root
Apr 17 11:18:35 craftaro sshd[64132]: pam_unix(sshd:auth): authentication failure; logname= uid=0 euid=0 tty=ssh ruser= rhost=61.177.172.143 user=root
Apr 17 11:18:37 craftaro sshd[64132]: Failed password for root from 61.177.172.143 port 41315 ssh2
Apr 17 11:18:43 craftaro sshd[64132]: message repeated 2 times: [ Failed password for root from 61.177.172.143 port 41315 ssh2]
Apr 17 11:18:44 craftaro sshd[64132]: Received disconnect from 61.177.172.143 port 41315:11: [preauth]
Apr 17 11:18:44 craftaro sshd[64132]: Disconnected from authenticating user root 61.177.172.143 port 41315 [preauth]
Apr 17 11:18:44 craftaro sshd[64132]: PAM 2 more authentication failures; logname= uid=0 euid=0 tty=ssh ruser= rhost=61.177.172.143 user=root
Apr 17 11:19:01 craftaro sshd[64134]: pam_unix(sshd:auth): authentication failure; logname= uid=0 euid=0 tty=ssh ruser= rhost=61.177.172.143 user=root
Apr 17 11:19:02 craftaro sshd[64134]: Failed password for root from 61.177.172.143 port 30943 ssh2
Apr 17 11:19:09 craftaro sshd[64134]: message repeated 2 times: [ Failed password for root from 61.177.172.143 port 30943 ssh2]
Apr 17 11:19:10 craftaro sshd[64134]: Received disconnect from 61.177.172.143 port 30943:11: [preauth]
Apr 17 11:19:10 craftaro sshd[64134]: Disconnected from authenticating user root 61.177.172.143 port 30943 [preauth]
Apr 17 11:19:10 craftaro sshd[64134]: PAM 2 more authentication failures; logname= uid=0 euid=0 tty=ssh ruser= rhost=61.177.172.143 user=root
Apr 17 11:19:29 craftaro sshd[64136]: pam_unix(sshd:auth): authentication failure; logname= uid=0 euid=0 tty=ssh ruser= rhost=61.177.172.143 user=root
Apr 17 11:19:31 craftaro sshd[64136]: Failed password for root from 61.177.172.143 port 39943 ssh2
Apr 17 11:19:38 craftaro sshd[64136]: message repeated 2 times: [ Failed password for root from 61.177.172.143 port 39943 ssh2]
Apr 17 11:19:39 craftaro sshd[64136]: Received disconnect from 61.177.172.143 port 39943:11: [preauth]
Apr 17 11:19:39 craftaro sshd[64136]: Disconnected from authenticating user root 61.177.172.143 port 39943 [preauth]
Apr 17 11:19:39 craftaro sshd[64136]: PAM 2 more authentication failures; logname= uid=0 euid=0 tty=ssh ruser= rhost=61.177.172.143 user=root
Apr 17 11:19:59 craftaro sshd[64138]: pam_unix(sshd:auth): authentication failure; logname= uid=0 euid=0 tty=ssh ruser= rhost=61.177.172.143 user=root
Apr 17 11:20:01 craftaro sshd[64138]: Failed password for root from 61.177.172.143 port 59715 ssh2
Apr 17 11:20:07 craftaro sshd[64138]: message repeated 2 times: [ Failed password for root from 61.177.172.143 port 59715 ssh2]
Apr 17 11:20:09 craftaro sshd[64138]: Received disconnect from 61.177.172.143 port 59715:11: [preauth]
Apr 17 11:20:09 craftaro sshd[64138]: Disconnected from authenticating user root 61.177.172.143 port 59715 [preauth]
Apr 17 11:20:09 craftaro sshd[64138]: PAM 2 more authentication failures; logname= uid=0 euid=0 tty=ssh ruser= rhost=61.177.172.143 user=root
Apr 17 11:20:26 craftaro sshd[64140]: pam_unix(sshd:auth): authentication failure; logname= uid=0 euid=0 tty=ssh ruser= rhost=61.177.172.143 user=root
Apr 17 11:20:28 craftaro sshd[64140]: Failed password for root from 61.177.172.143 port 55085 ssh2
Apr 17 11:20:34 craftaro sshd[64140]: message repeated 2 times: [ Failed password for root from 61.177.172.143 port 55085 ssh2]
Apr 17 11:20:36 craftaro sshd[64140]: Received disconnect from 61.177.172.143 port 55085:11: [preauth]
Apr 17 11:20:36 craftaro sshd[64140]: Disconnected from authenticating user root 61.177.172.143 port 55085 [preauth]
Apr 17 11:20:36 craftaro sshd[64140]: PAM 2 more authentication failures; logname= uid=0 euid=0 tty=ssh ruser= rhost=61.177.172.143 user=root
Apr 17 11:21:00 craftaro sshd[64142]: pam_unix(sshd:auth): authentication failure; logname= uid=0 euid=0 tty=ssh ruser= rhost=61.177.172.143 user=root
Apr 17 11:21:02 craftaro sshd[64142]: Failed password for root from 61.177.172.143 port 44900 ssh2
Apr 17 11:21:08 craftaro sshd[64142]: message repeated 2 times: [ Failed password for root from 61.177.172.143 port 44900 ssh2]
Apr 17 11:21:09 craftaro sshd[64142]: Received disconnect from 61.177.172.143 port 44900:11: [preauth]
Apr 17 11:21:09 craftaro sshd[64142]: Disconnected from authenticating user root 61.177.172.143 port 44900 [preauth]
Apr 17 11:21:09 craftaro sshd[64142]: PAM 2 more authentication failures; logname= uid=0 euid=0 tty=ssh ruser= rhost=61.177.172.143 user=root
Apr 17 11:21:25 craftaro sshd[64145]: pam_unix(sshd:auth): authentication failure; logname= uid=0 euid=0 tty=ssh ruser= rhost=61.177.172.143 user=root
Apr 17 11:21:28 craftaro sshd[64145]: Failed password for root from 61.177.172.143 port 25864 ssh2
Apr 17 11:21:33 craftaro sshd[64145]: message repeated 2 times: [ Failed password for root from 61.177.172.143 port 25864 ssh2]
Apr 17 11:21:35 craftaro sshd[64145]: Received disconnect from 61.177.172.143 port 25864:11: [preauth]
Apr 17 11:21:35 craftaro sshd[64145]: Disconnected from authenticating user root 61.177.172.143 port 25864 [preauth]
Apr 17 11:21:35 craftaro sshd[64145]: PAM 2 more authentication failures; logname= uid=0 euid=0 tty=ssh ruser= rhost=61.177.172.143 user=root
Apr 17 11:21:55 craftaro sshd[64147]: pam_unix(sshd:auth): authentication failure; logname= uid=0 euid=0 tty=ssh ruser= rhost=61.177.172.143 user=root
Apr 17 11:21:57 craftaro sshd[64147]: Failed password for root from 61.177.172.143 port 39280 ssh2
Apr 17 11:22:04 craftaro sshd[64147]: message repeated 2 times: [ Failed password for root from 61.177.172.143 port 39280 ssh2]
Apr 17 11:22:05 craftaro sshd[64147]: Received disconnect from 61.177.172.143 port 39280:11: [preauth]
Apr 17 11:22:05 craftaro sshd[64147]: Disconnected from authenticating user root 61.177.172.143 port 39280 [preauth]
Apr 17 11:22:05 craftaro sshd[64147]: PAM 2 more authentication failures; logname= uid=0 euid=0 tty=ssh ruser= rhost=61.177.172.143 user=root
Apr 17 11:22:25 craftaro sshd[64149]: pam_unix(sshd:auth): authentication failure; logname= uid=0 euid=0 tty=ssh ruser= rhost=61.177.173.51 user=root
Apr 17 11:22:26 craftaro sshd[64151]: pam_unix(sshd:auth): authentication failure; logname= uid=0 euid=0 tty=ssh ruser= rhost=61.177.172.143 user=root
Apr 17 11:22:27 craftaro sshd[64149]: Failed password for root from 61.177.173.51 port 18194 ssh2
Apr 17 11:22:28 craftaro sshd[64151]: Failed password for root from 61.177.172.143 port 10121 ssh2
Apr 17 11:22:30 craftaro sshd[64149]: Failed password for root from 61.177.173.51 port 18194 ssh2
Apr 17 11:22:32 craftaro sshd[64151]: Failed password for root from 61.177.172.143 port 10121 ssh2
Apr 17 11:22:33 craftaro sshd[64149]: Failed password for root from 61.177.173.51 port 18194 ssh2
Apr 17 11:22:34 craftaro sshd[64149]: Received disconnect from 61.177.173.51 port 18194:11: [preauth]
Apr 17 11:22:34 craftaro sshd[64149]: Disconnected from authenticating user root 61.177.173.51 port 18194 [preauth]
Apr 17 11:22:34 craftaro sshd[64149]: PAM 2 more authentication failures; logname= uid=0 euid=0 tty=ssh ruser= rhost=61.177.173.51 user=root
Apr 17 11:22:35 craftaro sshd[64151]: Failed password for root from 61.177.172.143 port 10121 ssh2
Apr 17 11:22:35 craftaro sshd[64153]: pam_unix(sshd:auth): authentication failure; logname= uid=0 euid=0 tty=ssh ruser= rhost=61.177.173.51 user=root
Apr 17 11:22:36 craftaro sshd[64151]: Received disconnect from 61.177.172.143 port 10121:11: [preauth]
Apr 17 11:22:36 craftaro sshd[64151]: Disconnected from authenticating user root 61.177.172.143 port 10121 [preauth]
Apr 17 11:22:36 craftaro sshd[64151]: PAM 2 more authentication failures; logname= uid=0 euid=0 tty=ssh ruser= rhost=61.177.172.143 user=root
Apr 17 11:22:38 craftaro sshd[64153]: Failed password for root from 61.177.173.51 port 32721 ssh2
Apr 17 11:22:44 craftaro sshd[64153]: message repeated 2 times: [ Failed password for root from 61.177.173.51 port 32721 ssh2]
Apr 17 11:22:45 craftaro sshd[64153]: Received disconnect from 61.177.173.51 port 32721:11: [preauth]
Apr 17 11:22:45 craftaro sshd[64153]: Disconnected from authenticating user root 61.177.173.51 port 32721 [preauth]
Apr 17 11:22:45 craftaro sshd[64153]: PAM 2 more authentication failures; logname= uid=0 euid=0 tty=ssh ruser= rhost=61.177.173.51 user=root
Apr 17 11:22:54 craftaro sshd[64155]: pam_unix(sshd:auth): authentication failure; logname= uid=0 euid=0 tty=ssh ruser= rhost=61.177.172.143 user=root
Apr 17 11:22:56 craftaro sshd[64155]: Failed password for root from 61.177.172.143 port 61732 ssh2
Apr 17 11:23:02 craftaro sshd[64155]: message repeated 2 times: [ Failed password for root from 61.177.172.143 port 61732 ssh2]
Apr 17 11:23:03 craftaro sshd[64155]: Received disconnect from 61.177.172.143 port 61732:11: [preauth]
Apr 17 11:23:03 craftaro sshd[64155]: Disconnected from authenticating user root 61.177.172.143 port 61732 [preauth]
Apr 17 11:23:03 craftaro sshd[64155]: PAM 2 more authentication failures; logname= uid=0 euid=0 tty=ssh ruser= rhost=61.177.172.143 user=root
Apr 17 11:23:25 craftaro sshd[64157]: pam_unix(sshd:auth): authentication failure; logname= uid=0 euid=0 tty=ssh ruser= rhost=61.177.172.143 user=root
Apr 17 11:23:27 craftaro sshd[64157]: Failed password for root from 61.177.172.143 port 30901 ssh2
Apr 17 11:23:34 craftaro sshd[64157]: message repeated 2 times: [ Failed password for root from 61.177.172.143 port 30901 ssh2]
Apr 17 11:23:35 craftaro sshd[64157]: Received disconnect from 61.177.172.143 port 30901:11: [preauth]
Apr 17 11:23:35 craftaro sshd[64157]: Disconnected from authenticating user root 61.177.172.143 port 30901 [preauth]
Apr 17 11:23:35 craftaro sshd[64157]: PAM 2 more authentication failures; logname= uid=0 euid=0 tty=ssh ruser= rhost=61.177.172.143 user=root
Apr 17 11:23:53 craftaro sshd[64159]: pam_unix(sshd:auth): authentication failure; logname= uid=0 euid=0 tty=ssh ruser= rhost=61.177.172.143 user=root
Apr 17 11:23:54 craftaro sshd[64159]: Failed password for root from 61.177.172.143 port 35275 ssh2
Apr 17 11:24:01 craftaro sshd[64159]: message repeated 2 times: [ Failed password for root from 61.177.172.143 port 35275 ssh2]
Apr 17 11:24:03 craftaro sshd[64159]: Received disconnect from 61.177.172.143 port 35275:11: [preauth]
Apr 17 11:24:03 craftaro sshd[64159]: Disconnected from authenticating user root 61.177.172.143 port 35275 [preauth]
Apr 17 11:24:03 craftaro sshd[64159]: PAM 2 more authentication failures; logname= uid=0 euid=0 tty=ssh ruser= rhost=61.177.172.143 user=root
Apr 17 11:24:23 craftaro sshd[64161]: pam_unix(sshd:auth): authentication failure; logname= uid=0 euid=0 tty=ssh ruser= rhost=61.177.172.143 user=root
Apr 17 11:24:25 craftaro sshd[64161]: Failed password for root from 61.177.172.143 port 56785 ssh2
Apr 17 11:24:31 craftaro sshd[64161]: message repeated 2 times: [ Failed password for root from 61.177.172.143 port 56785 ssh2]
Apr 17 11:24:33 craftaro sshd[64161]: Received disconnect from 61.177.172.143 port 56785:11: [preauth]
Apr 17 11:24:33 craftaro sshd[64161]: Disconnected from authenticating user root 61.177.172.143 port 56785 [preauth]
Apr 17 11:24:33 craftaro sshd[64161]: PAM 2 more authentication failures; logname= uid=0 euid=0 tty=ssh ruser= rhost=61.177.172.143 user=root
Apr 17 11:24:48 craftaro sshd[64163]: pam_unix(sshd:auth): authentication failure; logname= uid=0 euid=0 tty=ssh ruser= rhost=61.177.172.143 user=root
Apr 17 11:24:50 craftaro sshd[64163]: Failed password for root from 61.177.172.143 port 39773 ssh2
Apr 17 11:24:57 craftaro sshd[64163]: message repeated 2 times: [ Failed password for root from 61.177.172.143 port 39773 ssh2]
Apr 17 11:24:58 craftaro sshd[64163]: Received disconnect from 61.177.172.143 port 39773:11: [preauth]
Apr 17 11:24:58 craftaro sshd[64163]: Disconnected from authenticating user root 61.177.172.143 port 39773 [preauth]
Apr 17 11:24:58 craftaro sshd[64163]: PAM 2 more authentication failures; logname= uid=0 euid=0 tty=ssh ruser= rhost=61.177.172.143 user=root
Apr 17 11:25:11 craftaro sshd[64165]: pam_unix(sshd:auth): authentication failure; logname= uid=0 euid=0 tty=ssh ruser= rhost=61.177.172.90 user=root
Apr 17 11:25:13 craftaro sshd[64165]: Failed password for root from 61.177.172.90 port 23635 ssh2
Apr 17 11:25:18 craftaro sshd[64165]: message repeated 2 times: [ Failed password for root from 61.177.172.90 port 23635 ssh2]
Apr 17 11:25:19 craftaro sshd[64165]: Received disconnect from 61.177.172.90 port 23635:11: [preauth]
Apr 17 11:25:19 craftaro sshd[64165]: Disconnected from authenticating user root 61.177.172.90 port 23635 [preauth]
Apr 17 11:25:19 craftaro sshd[64165]: PAM 2 more authentication failures; logname= uid=0 euid=0 tty=ssh ruser= rhost=61.177.172.90 user=root
Apr 17 11:25:20 craftaro sshd[64167]: pam_unix(sshd:auth): authentication failure; logname= uid=0 euid=0 tty=ssh ruser= rhost=61.177.172.143 user=root
Apr 17 11:25:21 craftaro sshd[64169]: pam_unix(sshd:auth): authentication failure; logname= uid=0 euid=0 tty=ssh ruser= rhost=61.177.172.90 user=root
Apr 17 11:25:21 craftaro sshd[64167]: Failed password for root from 61.177.172.143 port 16086 ssh2
Apr 17 11:25:22 craftaro sshd[64169]: Failed password for root from 61.177.172.90 port 34670 ssh2
Apr 17 11:25:24 craftaro sshd[64167]: Failed password for root from 61.177.172.143 port 16086 ssh2
Apr 17 11:25:26 craftaro sshd[64169]: Failed password for root from 61.177.172.90 port 34670 ssh2
Apr 17 11:25:28 craftaro sshd[64167]: Failed password for root from 61.177.172.143 port 16086 ssh2
Apr 17 11:25:28 craftaro sshd[64169]: Failed password for root from 61.177.172.90 port 34670 ssh2
Apr 17 11:25:29 craftaro sshd[64167]: Received disconnect from 61.177.172.143 port 16086:11: [preauth]
Apr 17 11:25:29 craftaro sshd[64167]: Disconnected from authenticating user root 61.177.172.143 port 16086 [preauth]
Apr 17 11:25:29 craftaro sshd[64167]: PAM 2 more authentication failures; logname= uid=0 euid=0 tty=ssh ruser= rhost=61.177.172.143 user=root
Apr 17 11:25:30 craftaro sshd[64169]: Received disconnect from 61.177.172.90 port 34670:11: [preauth]
Apr 17 11:25:30 craftaro sshd[64169]: Disconnected from authenticating user root 61.177.172.90 port 34670 [preauth]
Apr 17 11:25:30 craftaro sshd[64169]: PAM 2 more authentication failures; logname= uid=0 euid=0 tty=ssh ruser= rhost=61.177.172.90 user=root
Apr 17 11:25:32 craftaro sshd[64171]: pam_unix(sshd:auth): authentication failure; logname= uid=0 euid=0 tty=ssh ruser= rhost=61.177.172.90 user=root
Apr 17 11:25:34 craftaro sshd[64171]: Failed password for root from 61.177.172.90 port 39581 ssh2
Apr 17 11:25:40 craftaro sshd[64171]: message repeated 2 times: [ Failed password for root from 61.177.172.90 port 39581 ssh2]
Apr 17 11:25:41 craftaro sshd[64171]: Received disconnect from 61.177.172.90 port 39581:11: [preauth]
Apr 17 11:25:41 craftaro sshd[64171]: Disconnected from authenticating user root 61.177.172.90 port 39581 [preauth]
Apr 17 11:25:41 craftaro sshd[64171]: PAM 2 more authentication failures; logname= uid=0 euid=0 tty=ssh ruser= rhost=61.177.172.90 user=root
Apr 17 11:25:43 craftaro sshd[64173]: pam_unix(sshd:auth): authentication failure; logname= uid=0 euid=0 tty=ssh ruser= rhost=61.177.172.90 user=root
Apr 17 11:25:45 craftaro sshd[64173]: Failed password for root from 61.177.172.90 port 53068 ssh2
Apr 17 11:25:47 craftaro sshd[64173]: Failed password for root from 61.177.172.90 port 53068 ssh2
Apr 17 11:25:48 craftaro sshd[64175]: pam_unix(sshd:auth): authentication failure; logname= uid=0 euid=0 tty=ssh ruser= rhost=61.177.172.143 user=root
Apr 17 11:25:51 craftaro sshd[64175]: Failed password for root from 61.177.172.143 port 27922 ssh2
Apr 17 11:25:51 craftaro sshd[64173]: Failed password for root from 61.177.172.90 port 53068 ssh2
Apr 17 11:25:52 craftaro sshd[64173]: Received disconnect from 61.177.172.90 port 53068:11: [preauth]
Apr 17 11:25:52 craftaro sshd[64173]: Disconnected from authenticating user root 61.177.172.90 port 53068 [preauth]
Apr 17 11:25:52 craftaro sshd[64173]: PAM 2 more authentication failures; logname= uid=0 euid=0 tty=ssh ruser= rhost=61.177.172.90 user=root
Apr 17 11:25:54 craftaro sshd[64175]: Failed password for root from 61.177.172.143 port 27922 ssh2
Apr 17 11:25:57 craftaro sshd[64175]: Failed password for root from 61.177.172.143 port 27922 ssh2
Apr 17 11:25:58 craftaro sshd[64175]: Received disconnect from 61.177.172.143 port 27922:11: [preauth]
Apr 17 11:25:58 craftaro sshd[64175]: Disconnected from authenticating user root 61.177.172.143 port 27922 [preauth]
Apr 17 11:25:58 craftaro sshd[64175]: PAM 2 more authentication failures; logname= uid=0 euid=0 tty=ssh ruser= rhost=61.177.172.143 user=root
Apr 17 11:26:18 craftaro sshd[64177]: pam_unix(sshd:auth): authentication failure; logname= uid=0 euid=0 tty=ssh ruser= rhost=61.177.172.143 user=root
Apr 17 11:26:20 craftaro sshd[64177]: Failed password for root from 61.177.172.143 port 43402 ssh2
Apr 17 11:26:26 craftaro sshd[64177]: message repeated 2 times: [ Failed password for root from 61.177.172.143 port 43402 ssh2]
Apr 17 11:26:28 craftaro sshd[64177]: Received disconnect from 61.177.172.143 port 43402:11: [preauth]
Apr 17 11:26:28 craftaro sshd[64177]: Disconnected from authenticating user root 61.177.172.143 port 43402 [preauth]
Apr 17 11:26:28 craftaro sshd[64177]: PAM 2 more authentication failures; logname= uid=0 euid=0 tty=ssh ruser= rhost=61.177.172.143 user=root
Apr 17 11:26:49 craftaro sshd[64179]: pam_unix(sshd:auth): authentication failure; logname= uid=0 euid=0 tty=ssh ruser= rhost=61.177.172.143 user=root
Apr 17 11:26:51 craftaro sshd[64179]: Failed password for root from 61.177.172.143 port 13041 ssh2
Apr 17 11:26:57 craftaro sshd[64179]: message repeated 2 times: [ Failed password for root from 61.177.172.143 port 13041 ssh2]
Apr 17 11:26:58 craftaro sshd[64179]: Received disconnect from 61.177.172.143 port 13041:11: [preauth]
Apr 17 11:26:58 craftaro sshd[64179]: Disconnected from authenticating user root 61.177.172.143 port 13041 [preauth]
Apr 17 11:26:58 craftaro sshd[64179]: PAM 2 more authentication failures; logname= uid=0 euid=0 tty=ssh ruser= rhost=61.177.172.143 user=root
Apr 17 11:27:16 craftaro sshd[64182]: pam_unix(sshd:auth): authentication failure; logname= uid=0 euid=0 tty=ssh ruser= rhost=61.177.172.143 user=root
Apr 17 11:27:18 craftaro sshd[64182]: Failed password for root from 61.177.172.143 port 61766 ssh2
Apr 17 11:27:24 craftaro sshd[64182]: message repeated 2 times: [ Failed password for root from 61.177.172.143 port 61766 ssh2]
Apr 17 11:27:25 craftaro sshd[64182]: Received disconnect from 61.177.172.143 port 61766:11: [preauth]
Apr 17 11:27:25 craftaro sshd[64182]: Disconnected from authenticating user root 61.177.172.143 port 61766 [preauth]
Apr 17 11:27:25 craftaro sshd[64182]: PAM 2 more authentication failures; logname= uid=0 euid=0 tty=ssh ruser= rhost=61.177.172.143 user=root
Apr 17 11:27:45 craftaro sshd[64184]: pam_unix(sshd:auth): authentication failure; logname= uid=0 euid=0 tty=ssh ruser= rhost=61.177.172.143 user=root
Apr 17 11:27:47 craftaro sshd[64184]: Failed password for root from 61.177.172.143 port 19807 ssh2
Apr 17 11:27:53 craftaro sshd[64184]: message repeated 2 times: [ Failed password for root from 61.177.172.143 port 19807 ssh2]
Apr 17 11:27:55 craftaro sshd[64184]: Received disconnect from 61.177.172.143 port 19807:11: [preauth]
Apr 17 11:27:55 craftaro sshd[64184]: Disconnected from authenticating user root 61.177.172.143 port 19807 [preauth]
Apr 17 11:27:55 craftaro sshd[64184]: PAM 2 more authentication failures; logname= uid=0 euid=0 tty=ssh ruser= rhost=61.177.172.143 user=root
Apr 17 11:28:15 craftaro sshd[64186]: pam_unix(sshd:auth): authentication failure; logname= uid=0 euid=0 tty=ssh ruser= rhost=61.177.172.143 user=root
Apr 17 11:28:17 craftaro sshd[64186]: Failed password for root from 61.177.172.143 port 33601 ssh2
Apr 17 11:28:23 craftaro sshd[64186]: message repeated 2 times: [ Failed password for root from 61.177.172.143 port 33601 ssh2]
Apr 17 11:28:24 craftaro sshd[64186]: Received disconnect from 61.177.172.143 port 33601:11: [preauth]
Apr 17 11:28:24 craftaro sshd[64186]: Disconnected from authenticating user root 61.177.172.143 port 33601 [preauth]
Apr 17 11:28:24 craftaro sshd[64186]: PAM 2 more authentication failures; logname= uid=0 euid=0 tty=ssh ruser= rhost=61.177.172.143 user=root
Apr 17 11:28:44 craftaro sshd[64188]: pam_unix(sshd:auth): authentication failure; logname= uid=0 euid=0 tty=ssh ruser= rhost=61.177.172.143 user=root
Apr 17 11:28:45 craftaro sshd[64188]: Failed password for root from 61.177.172.143 port 43615 ssh2
Apr 17 11:28:52 craftaro sshd[64188]: message repeated 2 times: [ Failed password for root from 61.177.172.143 port 43615 ssh2]
Apr 17 11:28:53 craftaro sshd[64188]: Received disconnect from 61.177.172.143 port 43615:11: [preauth]
Apr 17 11:28:53 craftaro sshd[64188]: Disconnected from authenticating user root 61.177.172.143 port 43615 [preauth]
Apr 17 11:28:53 craftaro sshd[64188]: PAM 2 more authentication failures; logname= uid=0 euid=0 tty=ssh ruser= rhost=61.177.172.143 user=root
Apr 17 11:29:14 craftaro sshd[64190]: pam_unix(sshd:auth): authentication failure; logname= uid=0 euid=0 tty=ssh ruser= rhost=61.177.172.143 user=root
Apr 17 11:29:16 craftaro sshd[64190]: Failed password for root from 61.177.172.143 port 12212 ssh2
Apr 17 11:29:22 craftaro sshd[64190]: message repeated 2 times: [ Failed password for root from 61.177.172.143 port 12212 ssh2]
Apr 17 11:29:23 craftaro sshd[64190]: Received disconnect from 61.177.172.143 port 12212:11: [preauth]
Apr 17 11:29:23 craftaro sshd[64190]: Disconnected from authenticating user root 61.177.172.143 port 12212 [preauth]
Apr 17 11:29:23 craftaro sshd[64190]: PAM 2 more authentication failures; logname= uid=0 euid=0 tty=ssh ruser= rhost=61.177.172.143 user=root
Apr 17 11:29:41 craftaro sshd[64192]: pam_unix(sshd:auth): authentication failure; logname= uid=0 euid=0 tty=ssh ruser= rhost=61.177.172.143 user=root
Apr 17 11:29:43 craftaro sshd[64192]: Failed password for root from 61.177.172.143 port 60653 ssh2
Apr 17 11:29:48 craftaro sshd[64192]: message repeated 2 times: [ Failed password for root from 61.177.172.143 port 60653 ssh2]
Apr 17 11:29:49 craftaro sshd[64192]: Received disconnect from 61.177.172.143 port 60653:11: [preauth]
Apr 17 11:29:49 craftaro sshd[64192]: Disconnected from authenticating user root 61.177.172.143 port 60653 [preauth]
Apr 17 11:29:49 craftaro sshd[64192]: PAM 2 more authentication failures; logname= uid=0 euid=0 tty=ssh ruser= rhost=61.177.172.143 user=root
Apr 17 11:30:10 craftaro sshd[64194]: pam_unix(sshd:auth): authentication failure; logname= uid=0 euid=0 tty=ssh ruser= rhost=61.177.172.143 user=root
Apr 17 11:30:12 craftaro sshd[64194]: Failed password for root from 61.177.172.143 port 18640 ssh2
Apr 17 11:30:18 craftaro sshd[64194]: message repeated 2 times: [ Failed password for root from 61.177.172.143 port 18640 ssh2]
Apr 17 11:30:19 craftaro sshd[64194]: Received disconnect from 61.177.172.143 port 18640:11: [preauth]
Apr 17 11:30:19 craftaro sshd[64194]: Disconnected from authenticating user root 61.177.172.143 port 18640 [preauth]
Apr 17 11:30:19 craftaro sshd[64194]: PAM 2 more authentication failures; logname= uid=0 euid=0 tty=ssh ruser= rhost=61.177.172.143 user=root
Apr 17 11:30:39 craftaro sshd[64196]: pam_unix(sshd:auth): authentication failure; logname= uid=0 euid=0 tty=ssh ruser= rhost=61.177.172.143 user=root
Apr 17 11:30:41 craftaro sshd[64196]: Failed password for root from 61.177.172.143 port 32426 ssh2
Apr 17 11:30:47 craftaro sshd[64196]: message repeated 2 times: [ Failed password for root from 61.177.172.143 port 32426 ssh2]
Apr 17 11:30:48 craftaro sshd[64196]: Received disconnect from 61.177.172.143 port 32426:11: [preauth]
Apr 17 11:30:48 craftaro sshd[64196]: Disconnected from authenticating user root 61.177.172.143 port 32426 [preauth]
Apr 17 11:30:48 craftaro sshd[64196]: PAM 2 more authentication failures; logname= uid=0 euid=0 tty=ssh ruser= rhost=61.177.172.143 user=root
Apr 17 11:31:06 craftaro sshd[64199]: error: kex_exchange_identification: Connection closed by remote host
Apr 17 11:31:07 craftaro sshd[64206]: Invalid user huxd from 115.248.50.84 port 41782
Apr 17 11:31:07 craftaro sshd[64202]: Invalid user kibana from 115.248.50.84 port 41756
Apr 17 11:31:07 craftaro sshd[64205]: Invalid user bottos from 115.248.50.84 port 41774
Apr 17 11:31:07 craftaro sshd[64211]: Invalid user hassan from 115.248.50.84 port 41802
Apr 17 11:31:07 craftaro sshd[64204]: Invalid user wanggk from 115.248.50.84 port 41742
Apr 17 11:31:07 craftaro sshd[64212]: Invalid user oracle from 115.248.50.84 port 41748
Apr 17 11:31:07 craftaro sshd[64226]: Invalid user zhukov from 115.248.50.84 port 41780
Apr 17 11:31:07 craftaro sshd[64225]: Invalid user chendh from 115.248.50.84 port 41762
Apr 17 11:31:07 craftaro sshd[64201]: Invalid user ajeet from 115.248.50.84 port 41760
Apr 17 11:31:07 craftaro sshd[64207]: Invalid user teamspeak from 115.248.50.84 port 41771
Apr 17 11:31:07 craftaro sshd[64210]: Invalid user teamspeak3 from 115.248.50.84 port 41806
Apr 17 11:31:07 craftaro sshd[64233]: Invalid user szerver from 115.248.50.84 port 41758
Apr 17 11:31:07 craftaro sshd[64224]: Invalid user xingxiong from 115.248.50.84 port 41732
Apr 17 11:31:07 craftaro sshd[64209]: Invalid user administracion from 115.248.50.84 port 41800
Apr 17 11:31:07 craftaro sshd[64214]: Invalid user yanghao from 115.248.50.84 port 41740
Apr 17 11:31:07 craftaro sshd[64237]: Invalid user zej from 115.248.50.84 port 41792
Apr 17 11:31:07 craftaro sshd[64203]: Invalid user xujiayuan from 115.248.50.84 port 41764
Apr 17 11:31:07 craftaro sshd[64213]: Invalid user hlrp from 115.248.50.84 port 41798
Apr 17 11:31:07 craftaro sshd[64235]: Invalid user zabbix from 115.248.50.84 port 41786
Apr 17 11:31:07 craftaro sshd[64200]: Invalid user cyber from 115.248.50.84 port 41770
Apr 17 11:31:07 craftaro sshd[64208]: Invalid user xyun from 115.248.50.84 port 41788
Apr 17 11:31:07 craftaro sshd[64239]: Invalid user mindy from 115.248.50.84 port 41734
Apr 17 11:31:07 craftaro sshd[64236]: Invalid user wangfn from 115.248.50.84 port 41750
Apr 17 11:31:07 craftaro sshd[64241]: Invalid user lab_user from 115.248.50.84 port 41738
Apr 17 11:31:07 craftaro sshd[64242]: Invalid user kongj from 115.248.50.84 port 41794
Apr 17 11:31:07 craftaro sshd[64240]: Invalid user fengje from 115.248.50.84 port 41746
Apr 17 11:31:07 craftaro sshd[64234]: Invalid user marketing from 115.248.50.84 port 41744
Apr 17 11:31:07 craftaro sshd[64202]: pam_unix(sshd:auth): check pass; user unknown
Apr 17 11:31:07 craftaro sshd[64202]: pam_unix(sshd:auth): authentication failure; logname= uid=0 euid=0 tty=ssh ruser= rhost=115.248.50.84
Apr 17 11:31:07 craftaro sshd[64206]: pam_unix(sshd:auth): check pass; user unknown
Apr 17 11:31:07 craftaro sshd[64206]: pam_unix(sshd:auth): authentication failure; logname= uid=0 euid=0 tty=ssh ruser= rhost=115.248.50.84
Apr 17 11:31:07 craftaro sshd[64205]: pam_unix(sshd:auth): check pass; user unknown
Apr 17 11:31:07 craftaro sshd[64205]: pam_unix(sshd:auth): authentication failure; logname= uid=0 euid=0 tty=ssh ruser= rhost=115.248.50.84
Apr 17 11:31:07 craftaro sshd[64211]: pam_unix(sshd:auth): check pass; user unknown
Apr 17 11:31:07 craftaro sshd[64211]: pam_unix(sshd:auth): authentication failure; logname= uid=0 euid=0 tty=ssh ruser= rhost=115.248.50.84
Apr 17 11:31:07 craftaro sshd[64204]: pam_unix(sshd:auth): check pass; user unknown
Apr 17 11:31:07 craftaro sshd[64204]: pam_unix(sshd:auth): authentication failure; logname= uid=0 euid=0 tty=ssh ruser= rhost=115.248.50.84
Apr 17 11:31:07 craftaro sshd[64212]: pam_unix(sshd:auth): check pass; user unknown
Apr 17 11:31:07 craftaro sshd[64212]: pam_unix(sshd:auth): authentication failure; logname= uid=0 euid=0 tty=ssh ruser= rhost=115.248.50.84
Apr 17 11:31:07 craftaro sshd[64226]: pam_unix(sshd:auth): check pass; user unknown
Apr 17 11:31:07 craftaro sshd[64226]: pam_unix(sshd:auth): authentication failure; logname= uid=0 euid=0 tty=ssh ruser= rhost=115.248.50.84
Apr 17 11:31:07 craftaro sshd[64225]: pam_unix(sshd:auth): check pass; user unknown
Apr 17 11:31:07 craftaro sshd[64225]: pam_unix(sshd:auth): authentication failure; logname= uid=0 euid=0 tty=ssh ruser= rhost=115.248.50.84
Apr 17 11:31:07 craftaro sshd[64207]: pam_unix(sshd:auth): check pass; user unknown
Apr 17 11:31:07 craftaro sshd[64207]: pam_unix(sshd:auth): authentication failure; logname= uid=0 euid=0 tty=ssh ruser= rhost=115.248.50.84
Apr 17 11:31:07 craftaro sshd[64224]: pam_unix(sshd:auth): check pass; user unknown
Apr 17 11:31:07 craftaro sshd[64224]: pam_unix(sshd:auth): authentication failure; logname= uid=0 euid=0 tty=ssh ruser= rhost=115.248.50.84
Apr 17 11:31:07 craftaro sshd[64210]: pam_unix(sshd:auth): check pass; user unknown
Apr 17 11:31:07 craftaro sshd[64210]: pam_unix(sshd:auth): authentication failure; logname= uid=0 euid=0 tty=ssh ruser= rhost=115.248.50.84
Apr 17 11:31:07 craftaro sshd[64235]: pam_unix(sshd:auth): check pass; user unknown
Apr 17 11:31:07 craftaro sshd[64201]: pam_unix(sshd:auth): check pass; user unknown
Apr 17 11:31:07 craftaro sshd[64235]: pam_unix(sshd:auth): authentication failure; logname= uid=0 euid=0 tty=ssh ruser= rhost=115.248.50.84
Apr 17 11:31:07 craftaro sshd[64201]: pam_unix(sshd:auth): authentication failure; logname= uid=0 euid=0 tty=ssh ruser= rhost=115.248.50.84
Apr 17 11:31:07 craftaro sshd[64203]: pam_unix(sshd:auth): check pass; user unknown
Apr 17 11:31:07 craftaro sshd[64203]: pam_unix(sshd:auth): authentication failure; logname= uid=0 euid=0 tty=ssh ruser= rhost=115.248.50.84
Apr 17 11:31:07 craftaro sshd[64209]: pam_unix(sshd:auth): check pass; user unknown
Apr 17 11:31:07 craftaro sshd[64209]: pam_unix(sshd:auth): authentication failure; logname= uid=0 euid=0 tty=ssh ruser= rhost=115.248.50.84
Apr 17 11:31:07 craftaro sshd[64233]: pam_unix(sshd:auth): check pass; user unknown
Apr 17 11:31:07 craftaro sshd[64233]: pam_unix(sshd:auth): authentication failure; logname= uid=0 euid=0 tty=ssh ruser= rhost=115.248.50.84
Apr 17 11:31:07 craftaro sshd[64213]: pam_unix(sshd:auth): check pass; user unknown
Apr 17 11:31:07 craftaro sshd[64213]: pam_unix(sshd:auth): authentication failure; logname= uid=0 euid=0 tty=ssh ruser= rhost=115.248.50.84
Apr 17 11:31:07 craftaro sshd[64239]: pam_unix(sshd:auth): check pass; user unknown
Apr 17 11:31:07 craftaro sshd[64239]: pam_unix(sshd:auth): authentication failure; logname= uid=0 euid=0 tty=ssh ruser= rhost=115.248.50.84
Apr 17 11:31:07 craftaro sshd[64241]: pam_unix(sshd:auth): check pass; user unknown
Apr 17 11:31:07 craftaro sshd[64241]: pam_unix(sshd:auth): authentication failure; logname= uid=0 euid=0 tty=ssh ruser= rhost=115.248.50.84
Apr 17 11:31:07 craftaro sshd[64237]: pam_unix(sshd:auth): check pass; user unknown
Apr 17 11:31:07 craftaro sshd[64237]: pam_unix(sshd:auth): authentication failure; logname= uid=0 euid=0 tty=ssh ruser= rhost=115.248.50.84
Apr 17 11:31:07 craftaro sshd[64234]: pam_unix(sshd:auth): check pass; user unknown
Apr 17 11:31:07 craftaro sshd[64234]: pam_unix(sshd:auth): authentication failure; logname= uid=0 euid=0 tty=ssh ruser= rhost=115.248.50.84
Apr 17 11:31:07 craftaro sshd[64236]: pam_unix(sshd:auth): check pass; user unknown
Apr 17 11:31:07 craftaro sshd[64236]: pam_unix(sshd:auth): authentication failure; logname= uid=0 euid=0 tty=ssh ruser= rhost=115.248.50.84
Apr 17 11:31:07 craftaro sshd[64200]: pam_unix(sshd:auth): check pass; user unknown
Apr 17 11:31:07 craftaro sshd[64240]: pam_unix(sshd:auth): check pass; user unknown
Apr 17 11:31:07 craftaro sshd[64200]: pam_unix(sshd:auth): authentication failure; logname= uid=0 euid=0 tty=ssh ruser= rhost=115.248.50.84
Apr 17 11:31:07 craftaro sshd[64240]: pam_unix(sshd:auth): authentication failure; logname= uid=0 euid=0 tty=ssh ruser= rhost=115.248.50.84
Apr 17 11:31:07 craftaro sshd[64242]: pam_unix(sshd:auth): check pass; user unknown
Apr 17 11:31:07 craftaro sshd[64242]: pam_unix(sshd:auth): authentication failure; logname= uid=0 euid=0 tty=ssh ruser= rhost=115.248.50.84
Apr 17 11:31:07 craftaro sshd[64208]: pam_unix(sshd:auth): check pass; user unknown
Apr 17 11:31:07 craftaro sshd[64208]: pam_unix(sshd:auth): authentication failure; logname= uid=0 euid=0 tty=ssh ruser= rhost=115.248.50.84
Apr 17 11:31:07 craftaro sshd[64214]: pam_unix(sshd:auth): check pass; user unknown
Apr 17 11:31:07 craftaro sshd[64214]: pam_unix(sshd:auth): authentication failure; logname= uid=0 euid=0 tty=ssh ruser= rhost=115.248.50.84
Apr 17 11:31:09 craftaro sshd[64202]: Failed password for invalid user kibana from 115.248.50.84 port 41756 ssh2
Apr 17 11:31:09 craftaro sshd[64206]: Failed password for invalid user huxd from 115.248.50.84 port 41782 ssh2
Apr 17 11:31:09 craftaro sshd[64205]: Failed password for invalid user bottos from 115.248.50.84 port 41774 ssh2
Apr 17 11:31:09 craftaro sshd[64211]: Failed password for invalid user hassan from 115.248.50.84 port 41802 ssh2
Apr 17 11:31:09 craftaro sshd[64204]: Failed password for invalid user wanggk from 115.248.50.84 port 41742 ssh2
Apr 17 11:31:09 craftaro sshd[64212]: Failed password for invalid user oracle from 115.248.50.84 port 41748 ssh2
Apr 17 11:31:09 craftaro sshd[64226]: Failed password for invalid user zhukov from 115.248.50.84 port 41780 ssh2
Apr 17 11:31:09 craftaro sshd[64225]: Failed password for invalid user chendh from 115.248.50.84 port 41762 ssh2
Apr 17 11:31:09 craftaro sshd[64207]: Failed password for invalid user teamspeak from 115.248.50.84 port 41771 ssh2
Apr 17 11:31:09 craftaro sshd[64224]: Failed password for invalid user xingxiong from 115.248.50.84 port 41732 ssh2
Apr 17 11:31:09 craftaro sshd[64210]: Failed password for invalid user teamspeak3 from 115.248.50.84 port 41806 ssh2
Apr 17 11:31:09 craftaro sshd[64235]: Failed password for invalid user zabbix from 115.248.50.84 port 41786 ssh2
Apr 17 11:31:09 craftaro sshd[64201]: Failed password for invalid user ajeet from 115.248.50.84 port 41760 ssh2
Apr 17 11:31:09 craftaro sshd[64203]: Failed password for invalid user xujiayuan from 115.248.50.84 port 41764 ssh2
Apr 17 11:31:09 craftaro sshd[64209]: Failed password for invalid user administracion from 115.248.50.84 port 41800 ssh2
Apr 17 11:31:09 craftaro sshd[64233]: Failed password for invalid user szerver from 115.248.50.84 port 41758 ssh2
Apr 17 11:31:09 craftaro sshd[64213]: Failed password for invalid user hlrp from 115.248.50.84 port 41798 ssh2
Apr 17 11:31:09 craftaro sshd[64239]: Failed password for invalid user mindy from 115.248.50.84 port 41734 ssh2
Apr 17 11:31:09 craftaro sshd[64241]: Failed password for invalid user lab_user from 115.248.50.84 port 41738 ssh2
Apr 17 11:31:09 craftaro sshd[64237]: Failed password for invalid user zej from 115.248.50.84 port 41792 ssh2
Apr 17 11:31:09 craftaro sshd[64234]: Failed password for invalid user marketing from 115.248.50.84 port 41744 ssh2
Apr 17 11:31:09 craftaro sshd[64236]: Failed password for invalid user wangfn from 115.248.50.84 port 41750 ssh2
Apr 17 11:31:09 craftaro sshd[64240]: Failed password for invalid user fengje from 115.248.50.84 port 41746 ssh2
Apr 17 11:31:09 craftaro sshd[64200]: Failed password for invalid user cyber from 115.248.50.84 port 41770 ssh2
Apr 17 11:31:09 craftaro sshd[64242]: Failed password for invalid user kongj from 115.248.50.84 port 41794 ssh2
Apr 17 11:31:09 craftaro sshd[64208]: Failed password for invalid user xyun from 115.248.50.84 port 41788 ssh2
Apr 17 11:31:09 craftaro sshd[64214]: Failed password for invalid user yanghao from 115.248.50.84 port 41740 ssh2
Apr 17 11:31:09 craftaro sshd[64206]: Connection closed by invalid user huxd 115.248.50.84 port 41782 [preauth]
Apr 17 11:31:09 craftaro sshd[64202]: Connection closed by invalid user kibana 115.248.50.84 port 41756 [preauth]
