Apr 17 07:26:58 craftaro sshd[62289]: pam_unix(sshd:auth): authentication failure; logname= uid=0 euid=0 tty=ssh ruser= rhost=61.177.172.143 user=root
Apr 17 07:26:59 craftaro sshd[62287]: Failed password for root from 61.177.173.47 port 60929 ssh2
Apr 17 07:27:00 craftaro sshd[62289]: Failed password for root from 61.177.172.143 port 17886 ssh2
Apr 17 07:27:03 craftaro sshd[62287]: Failed password for root from 61.177.173.47 port 60929 ssh2
Apr 17 07:27:04 craftaro sshd[62287]: Received disconnect from 61.177.173.47 port 60929:11: [preauth]
Apr 17 07:27:04 craftaro sshd[62287]: Disconnected from authenticating user root 61.177.173.47 port 60929 [preauth]
Apr 17 07:27:04 craftaro sshd[62287]: PAM 2 more authentication failures; logname= uid=0 euid=0 tty=ssh ruser= rhost=61.177.173.47 user=root
Apr 17 07:27:04 craftaro sshd[62289]: Failed password for root from 61.177.172.143 port 17886 ssh2
Apr 17 07:27:05 craftaro sshd[62291]: pam_unix(sshd:auth): authentication failure; logname= uid=0 euid=0 tty=ssh ruser= rhost=61.177.173.47 user=root
Apr 17 07:27:07 craftaro sshd[62289]: Failed password for root from 61.177.172.143 port 17886 ssh2
Apr 17 07:27:08 craftaro sshd[62291]: Failed password for root from 61.177.173.47 port 19127 ssh2
Apr 17 07:27:08 craftaro sshd[62289]: Received disconnect from 61.177.172.143 port 17886:11: [preauth]
Apr 17 07:27:08 craftaro sshd[62289]: Disconnected from authenticating user root 61.177.172.143 port 17886 [preauth]
Apr 17 07:27:08 craftaro sshd[62289]: PAM 2 more authentication failures; logname= uid=0 euid=0 tty=ssh ruser= rhost=61.177.172.143 user=root
Apr 17 07:27:10 craftaro sshd[62291]: Failed password for root from 61.177.173.47 port 19127 ssh2
Apr 17 07:27:12 craftaro sshd[62291]: Failed password for root from 61.177.173.47 port 19127 ssh2
Apr 17 07:27:13 craftaro sshd[62291]: Received disconnect from 61.177.173.47 port 19127:11: [preauth]
Apr 17 07:27:13 craftaro sshd[62291]: Disconnected from authenticating user root 61.177.173.47 port 19127 [preauth]
Apr 17 07:27:13 craftaro sshd[62291]: PAM 2 more authentication failures; logname= uid=0 euid=0 tty=ssh ruser= rhost=61.177.173.47 user=root
Apr 17 07:27:20 craftaro sshd[62293]: pam_unix(sshd:auth): authentication failure; logname= uid=0 euid=0 tty=ssh ruser= rhost=61.177.172.143 user=root
Apr 17 07:27:22 craftaro sshd[62293]: Failed password for root from 61.177.172.143 port 17427 ssh2
Apr 17 07:27:28 craftaro sshd[62293]: message repeated 2 times: [ Failed password for root from 61.177.172.143 port 17427 ssh2]
Apr 17 07:27:30 craftaro sshd[62293]: Received disconnect from 61.177.172.143 port 17427:11: [preauth]
Apr 17 07:27:30 craftaro sshd[62293]: Disconnected from authenticating user root 61.177.172.143 port 17427 [preauth]
Apr 17 07:27:30 craftaro sshd[62293]: PAM 2 more authentication failures; logname= uid=0 euid=0 tty=ssh ruser= rhost=61.177.172.143 user=root
Apr 17 07:27:36 craftaro sshd[62295]: pam_unix(sshd:auth): authentication failure; logname= uid=0 euid=0 tty=ssh ruser= rhost=61.177.172.124 user=root
Apr 17 07:27:36 craftaro sshd[62297]: pam_unix(sshd:auth): authentication failure; logname= uid=0 euid=0 tty=ssh ruser= rhost=61.177.173.50 user=root
Apr 17 07:27:38 craftaro sshd[62295]: Failed password for root from 61.177.172.124 port 11594 ssh2
Apr 17 07:27:39 craftaro sshd[62297]: Failed password for root from 61.177.173.50 port 26323 ssh2
Apr 17 07:27:41 craftaro sshd[62295]: Failed password for root from 61.177.172.124 port 11594 ssh2
Apr 17 07:27:41 craftaro sshd[62297]: Failed password for root from 61.177.173.50 port 26323 ssh2
Apr 17 07:27:43 craftaro sshd[62299]: pam_unix(sshd:auth): authentication failure; logname= uid=0 euid=0 tty=ssh ruser= rhost=61.177.172.143 user=root
Apr 17 07:27:44 craftaro sshd[62295]: Failed password for root from 61.177.172.124 port 11594 ssh2
Apr 17 07:27:45 craftaro sshd[62297]: Failed password for root from 61.177.173.50 port 26323 ssh2
Apr 17 07:27:45 craftaro sshd[62299]: Failed password for root from 61.177.172.143 port 20122 ssh2
Apr 17 07:27:45 craftaro sshd[62295]: Received disconnect from 61.177.172.124 port 11594:11: [preauth]
Apr 17 07:27:45 craftaro sshd[62295]: Disconnected from authenticating user root 61.177.172.124 port 11594 [preauth]
Apr 17 07:27:45 craftaro sshd[62295]: PAM 2 more authentication failures; logname= uid=0 euid=0 tty=ssh ruser= rhost=61.177.172.124 user=root
Apr 17 07:27:46 craftaro sshd[62297]: Received disconnect from 61.177.173.50 port 26323:11: [preauth]
Apr 17 07:27:46 craftaro sshd[62297]: Disconnected from authenticating user root 61.177.173.50 port 26323 [preauth]
Apr 17 07:27:46 craftaro sshd[62297]: PAM 2 more authentication failures; logname= uid=0 euid=0 tty=ssh ruser= rhost=61.177.173.50 user=root
Apr 17 07:27:47 craftaro sshd[62303]: pam_unix(sshd:auth): authentication failure; logname= uid=0 euid=0 tty=ssh ruser= rhost=61.177.173.50 user=root
Apr 17 07:27:47 craftaro sshd[62301]: pam_unix(sshd:auth): authentication failure; logname= uid=0 euid=0 tty=ssh ruser= rhost=61.177.172.124 user=root
Apr 17 07:27:48 craftaro sshd[62299]: Failed password for root from 61.177.172.143 port 20122 ssh2
Apr 17 07:27:50 craftaro sshd[62303]: Failed password for root from 61.177.173.50 port 39710 ssh2
Apr 17 07:27:50 craftaro sshd[62301]: Failed password for root from 61.177.172.124 port 24623 ssh2
Apr 17 07:27:52 craftaro sshd[62299]: Failed password for root from 61.177.172.143 port 20122 ssh2
Apr 17 07:27:52 craftaro sshd[62303]: Failed password for root from 61.177.173.50 port 39710 ssh2
Apr 17 07:27:52 craftaro sshd[62301]: Failed password for root from 61.177.172.124 port 24623 ssh2
Apr 17 07:27:52 craftaro sshd[62299]: Received disconnect from 61.177.172.143 port 20122:11: [preauth]
Apr 17 07:27:52 craftaro sshd[62299]: Disconnected from authenticating user root 61.177.172.143 port 20122 [preauth]
Apr 17 07:27:52 craftaro sshd[62299]: PAM 2 more authentication failures; logname= uid=0 euid=0 tty=ssh ruser= rhost=61.177.172.143 user=root
Apr 17 07:27:55 craftaro sshd[62303]: Failed password for root from 61.177.173.50 port 39710 ssh2
Apr 17 07:27:56 craftaro sshd[62301]: Failed password for root from 61.177.172.124 port 24623 ssh2
Apr 17 07:27:57 craftaro sshd[62303]: Received disconnect from 61.177.173.50 port 39710:11: [preauth]
Apr 17 07:27:57 craftaro sshd[62303]: Disconnected from authenticating user root 61.177.173.50 port 39710 [preauth]
Apr 17 07:27:57 craftaro sshd[62303]: PAM 2 more authentication failures; logname= uid=0 euid=0 tty=ssh ruser= rhost=61.177.173.50 user=root
Apr 17 07:27:57 craftaro sshd[62301]: Received disconnect from 61.177.172.124 port 24623:11: [preauth]
Apr 17 07:27:57 craftaro sshd[62301]: Disconnected from authenticating user root 61.177.172.124 port 24623 [preauth]
Apr 17 07:27:57 craftaro sshd[62301]: PAM 2 more authentication failures; logname= uid=0 euid=0 tty=ssh ruser= rhost=61.177.172.124 user=root
Apr 17 07:27:58 craftaro sshd[62305]: pam_unix(sshd:auth): authentication failure; logname= uid=0 euid=0 tty=ssh ruser= rhost=61.177.172.124 user=root
Apr 17 07:28:01 craftaro sshd[62305]: Failed password for root from 61.177.172.124 port 43420 ssh2
Apr 17 07:28:02 craftaro sshd[62307]: pam_unix(sshd:auth): authentication failure; logname= uid=0 euid=0 tty=ssh ruser= rhost=61.177.172.143 user=root
Apr 17 07:28:03 craftaro sshd[62307]: Failed password for root from 61.177.172.143 port 54826 ssh2
Apr 17 07:28:04 craftaro sshd[62305]: Failed password for root from 61.177.172.124 port 43420 ssh2
Apr 17 07:28:05 craftaro sshd[62307]: Failed password for root from 61.177.172.143 port 54826 ssh2
Apr 17 07:28:06 craftaro sshd[62305]: Failed password for root from 61.177.172.124 port 43420 ssh2
Apr 17 07:28:08 craftaro sshd[62305]: Received disconnect from 61.177.172.124 port 43420:11: [preauth]
Apr 17 07:28:08 craftaro sshd[62305]: Disconnected from authenticating user root 61.177.172.124 port 43420 [preauth]
Apr 17 07:28:08 craftaro sshd[62305]: PAM 2 more authentication failures; logname= uid=0 euid=0 tty=ssh ruser= rhost=61.177.172.124 user=root
Apr 17 07:28:09 craftaro sshd[62307]: Failed password for root from 61.177.172.143 port 54826 ssh2
Apr 17 07:28:09 craftaro sshd[62309]: pam_unix(sshd:auth): authentication failure; logname= uid=0 euid=0 tty=ssh ruser= rhost=61.177.172.124 user=root
Apr 17 07:28:10 craftaro sshd[62307]: Received disconnect from 61.177.172.143 port 54826:11: [preauth]
Apr 17 07:28:10 craftaro sshd[62307]: Disconnected from authenticating user root 61.177.172.143 port 54826 [preauth]
Apr 17 07:28:10 craftaro sshd[62307]: PAM 2 more authentication failures; logname= uid=0 euid=0 tty=ssh ruser= rhost=61.177.172.143 user=root
Apr 17 07:28:11 craftaro sshd[62309]: Failed password for root from 61.177.172.124 port 13976 ssh2
Apr 17 07:28:17 craftaro sshd[62309]: message repeated 2 times: [ Failed password for root from 61.177.172.124 port 13976 ssh2]
Apr 17 07:28:19 craftaro sshd[62309]: Received disconnect from 61.177.172.124 port 13976:11: [preauth]
Apr 17 07:28:19 craftaro sshd[62309]: Disconnected from authenticating user root 61.177.172.124 port 13976 [preauth]
Apr 17 07:28:19 craftaro sshd[62309]: PAM 2 more authentication failures; logname= uid=0 euid=0 tty=ssh ruser= rhost=61.177.172.124 user=root
Apr 17 07:28:21 craftaro sshd[62311]: Connection closed by 71.6.232.24 port 34262 [preauth]
Apr 17 07:28:23 craftaro sshd[62313]: pam_unix(sshd:auth): authentication failure; logname= uid=0 euid=0 tty=ssh ruser= rhost=61.177.172.143 user=root
Apr 17 07:28:25 craftaro sshd[62313]: Failed password for root from 61.177.172.143 port 46363 ssh2
Apr 17 07:28:31 craftaro sshd[62313]: message repeated 2 times: [ Failed password for root from 61.177.172.143 port 46363 ssh2]
Apr 17 07:28:32 craftaro sshd[62313]: Received disconnect from 61.177.172.143 port 46363:11: [preauth]
Apr 17 07:28:32 craftaro sshd[62313]: Disconnected from authenticating user root 61.177.172.143 port 46363 [preauth]
Apr 17 07:28:32 craftaro sshd[62313]: PAM 2 more authentication failures; logname= uid=0 euid=0 tty=ssh ruser= rhost=61.177.172.143 user=root
Apr 17 07:28:44 craftaro sshd[62315]: pam_unix(sshd:auth): authentication failure; logname= uid=0 euid=0 tty=ssh ruser= rhost=61.177.172.143 user=root
Apr 17 07:28:47 craftaro sshd[62315]: Failed password for root from 61.177.172.143 port 47994 ssh2
Apr 17 07:28:52 craftaro sshd[62315]: message repeated 2 times: [ Failed password for root from 61.177.172.143 port 47994 ssh2]
Apr 17 07:28:52 craftaro sshd[62315]: Received disconnect from 61.177.172.143 port 47994:11: [preauth]
Apr 17 07:28:52 craftaro sshd[62315]: Disconnected from authenticating user root 61.177.172.143 port 47994 [preauth]
Apr 17 07:28:52 craftaro sshd[62315]: PAM 2 more authentication failures; logname= uid=0 euid=0 tty=ssh ruser= rhost=61.177.172.143 user=root
Apr 17 07:29:03 craftaro sshd[62317]: pam_unix(sshd:auth): authentication failure; logname= uid=0 euid=0 tty=ssh ruser= rhost=61.177.172.143 user=root
Apr 17 07:29:05 craftaro sshd[62317]: Failed password for root from 61.177.172.143 port 28383 ssh2
Apr 17 07:29:10 craftaro sshd[62317]: message repeated 2 times: [ Failed password for root from 61.177.172.143 port 28383 ssh2]
Apr 17 07:29:11 craftaro sshd[62317]: Received disconnect from 61.177.172.143 port 28383:11: [preauth]
Apr 17 07:29:11 craftaro sshd[62317]: Disconnected from authenticating user root 61.177.172.143 port 28383 [preauth]
Apr 17 07:29:11 craftaro sshd[62317]: PAM 2 more authentication failures; logname= uid=0 euid=0 tty=ssh ruser= rhost=61.177.172.143 user=root
Apr 17 07:29:24 craftaro sshd[62319]: pam_unix(sshd:auth): authentication failure; logname= uid=0 euid=0 tty=ssh ruser= rhost=61.177.172.143 user=root
Apr 17 07:29:26 craftaro sshd[62319]: Failed password for root from 61.177.172.143 port 21460 ssh2
Apr 17 07:29:32 craftaro sshd[62319]: message repeated 2 times: [ Failed password for root from 61.177.172.143 port 21460 ssh2]
Apr 17 07:29:33 craftaro sshd[62319]: Received disconnect from 61.177.172.143 port 21460:11: [preauth]
Apr 17 07:29:33 craftaro sshd[62319]: Disconnected from authenticating user root 61.177.172.143 port 21460 [preauth]
Apr 17 07:29:33 craftaro sshd[62319]: PAM 2 more authentication failures; logname= uid=0 euid=0 tty=ssh ruser= rhost=61.177.172.143 user=root
Apr 17 07:29:44 craftaro sshd[62321]: pam_unix(sshd:auth): authentication failure; logname= uid=0 euid=0 tty=ssh ruser= rhost=61.177.172.143 user=root
Apr 17 07:29:45 craftaro sshd[62321]: Failed password for root from 61.177.172.143 port 13057 ssh2
Apr 17 07:29:52 craftaro sshd[62321]: message repeated 2 times: [ Failed password for root from 61.177.172.143 port 13057 ssh2]
Apr 17 07:29:53 craftaro sshd[62321]: Received disconnect from 61.177.172.143 port 13057:11: [preauth]
Apr 17 07:29:53 craftaro sshd[62321]: Disconnected from authenticating user root 61.177.172.143 port 13057 [preauth]
Apr 17 07:29:53 craftaro sshd[62321]: PAM 2 more authentication failures; logname= uid=0 euid=0 tty=ssh ruser= rhost=61.177.172.143 user=root
Apr 17 07:30:05 craftaro sshd[62323]: pam_unix(sshd:auth): authentication failure; logname= uid=0 euid=0 tty=ssh ruser= rhost=61.177.172.143 user=root
Apr 17 07:30:08 craftaro sshd[62323]: Failed password for root from 61.177.172.143 port 11000 ssh2
Apr 17 07:30:14 craftaro sshd[62323]: message repeated 2 times: [ Failed password for root from 61.177.172.143 port 11000 ssh2]
Apr 17 07:30:15 craftaro sshd[62323]: Received disconnect from 61.177.172.143 port 11000:11: [preauth]
Apr 17 07:30:15 craftaro sshd[62323]: Disconnected from authenticating user root 61.177.172.143 port 11000 [preauth]
Apr 17 07:30:15 craftaro sshd[62323]: PAM 2 more authentication failures; logname= uid=0 euid=0 tty=ssh ruser= rhost=61.177.172.143 user=root
Apr 17 07:30:24 craftaro sshd[62326]: pam_unix(sshd:auth): authentication failure; logname= uid=0 euid=0 tty=ssh ruser= rhost=61.177.172.143 user=root
Apr 17 07:30:26 craftaro sshd[62326]: Failed password for root from 61.177.172.143 port 44472 ssh2
Apr 17 07:30:33 craftaro sshd[62326]: message repeated 2 times: [ Failed password for root from 61.177.172.143 port 44472 ssh2]
Apr 17 07:30:34 craftaro sshd[62326]: Received disconnect from 61.177.172.143 port 44472:11: [preauth]
Apr 17 07:30:34 craftaro sshd[62326]: Disconnected from authenticating user root 61.177.172.143 port 44472 [preauth]
Apr 17 07:30:34 craftaro sshd[62326]: PAM 2 more authentication failures; logname= uid=0 euid=0 tty=ssh ruser= rhost=61.177.172.143 user=root
Apr 17 07:30:46 craftaro sshd[62328]: pam_unix(sshd:auth): authentication failure; logname= uid=0 euid=0 tty=ssh ruser= rhost=61.177.172.143 user=root
Apr 17 07:30:48 craftaro sshd[62328]: Failed password for root from 61.177.172.143 port 47827 ssh2
Apr 17 07:30:55 craftaro sshd[62328]: message repeated 2 times: [ Failed password for root from 61.177.172.143 port 47827 ssh2]
Apr 17 07:30:56 craftaro sshd[62328]: Received disconnect from 61.177.172.143 port 47827:11: [preauth]
Apr 17 07:30:56 craftaro sshd[62328]: Disconnected from authenticating user root 61.177.172.143 port 47827 [preauth]
Apr 17 07:30:56 craftaro sshd[62328]: PAM 2 more authentication failures; logname= uid=0 euid=0 tty=ssh ruser= rhost=61.177.172.143 user=root
Apr 17 07:31:07 craftaro sshd[62331]: pam_unix(sshd:auth): authentication failure; logname= uid=0 euid=0 tty=ssh ruser= rhost=61.177.172.143 user=root
Apr 17 07:31:10 craftaro sshd[62331]: Failed password for root from 61.177.172.143 port 40962 ssh2
Apr 17 07:31:16 craftaro sshd[62331]: message repeated 2 times: [ Failed password for root from 61.177.172.143 port 40962 ssh2]
Apr 17 07:31:17 craftaro sshd[62331]: Received disconnect from 61.177.172.143 port 40962:11: [preauth]
Apr 17 07:31:17 craftaro sshd[62331]: Disconnected from authenticating user root 61.177.172.143 port 40962 [preauth]
Apr 17 07:31:17 craftaro sshd[62331]: PAM 2 more authentication failures; logname= uid=0 euid=0 tty=ssh ruser= rhost=61.177.172.143 user=root
Apr 17 07:31:28 craftaro sshd[62333]: pam_unix(sshd:auth): authentication failure; logname= uid=0 euid=0 tty=ssh ruser= rhost=61.177.172.143 user=root
Apr 17 07:31:30 craftaro sshd[62333]: Failed password for root from 61.177.172.143 port 30859 ssh2
Apr 17 07:31:31 craftaro sshd[62335]: pam_unix(sshd:auth): authentication failure; logname= uid=0 euid=0 tty=ssh ruser= rhost=61.177.172.114 user=root
Apr 17 07:31:34 craftaro sshd[62335]: Failed password for root from 61.177.172.114 port 35189 ssh2
Apr 17 07:31:34 craftaro sshd[62333]: Failed password for root from 61.177.172.143 port 30859 ssh2
Apr 17 07:31:36 craftaro sshd[62335]: Failed password for root from 61.177.172.114 port 35189 ssh2
Apr 17 07:31:36 craftaro sshd[62333]: Failed password for root from 61.177.172.143 port 30859 ssh2
Apr 17 07:31:37 craftaro sshd[62333]: Received disconnect from 61.177.172.143 port 30859:11: [preauth]
Apr 17 07:31:37 craftaro sshd[62333]: Disconnected from authenticating user root 61.177.172.143 port 30859 [preauth]
Apr 17 07:31:37 craftaro sshd[62333]: PAM 2 more authentication failures; logname= uid=0 euid=0 tty=ssh ruser= rhost=61.177.172.143 user=root
Apr 17 07:31:40 craftaro sshd[62335]: Failed password for root from 61.177.172.114 port 35189 ssh2
Apr 17 07:31:40 craftaro sshd[62335]: Received disconnect from 61.177.172.114 port 35189:11: [preauth]
Apr 17 07:31:40 craftaro sshd[62335]: Disconnected from authenticating user root 61.177.172.114 port 35189 [preauth]
Apr 17 07:31:40 craftaro sshd[62335]: PAM 2 more authentication failures; logname= uid=0 euid=0 tty=ssh ruser= rhost=61.177.172.114 user=root
Apr 17 07:31:42 craftaro sshd[62337]: pam_unix(sshd:auth): authentication failure; logname= uid=0 euid=0 tty=ssh ruser= rhost=61.177.172.114 user=root
Apr 17 07:31:44 craftaro sshd[62337]: Failed password for root from 61.177.172.114 port 33636 ssh2
Apr 17 07:31:50 craftaro sshd[62337]: message repeated 2 times: [ Failed password for root from 61.177.172.114 port 33636 ssh2]
Apr 17 07:31:51 craftaro sshd[62339]: pam_unix(sshd:auth): authentication failure; logname= uid=0 euid=0 tty=ssh ruser= rhost=61.177.172.143 user=root
Apr 17 07:31:52 craftaro sshd[62337]: Received disconnect from 61.177.172.114 port 33636:11: [preauth]
Apr 17 07:31:52 craftaro sshd[62337]: Disconnected from authenticating user root 61.177.172.114 port 33636 [preauth]
Apr 17 07:31:52 craftaro sshd[62337]: PAM 2 more authentication failures; logname= uid=0 euid=0 tty=ssh ruser= rhost=61.177.172.114 user=root
Apr 17 07:31:53 craftaro sshd[62339]: Failed password for root from 61.177.172.143 port 40502 ssh2
Apr 17 07:31:59 craftaro sshd[62339]: message repeated 2 times: [ Failed password for root from 61.177.172.143 port 40502 ssh2]
Apr 17 07:32:00 craftaro sshd[62339]: Received disconnect from 61.177.172.143 port 40502:11: [preauth]
Apr 17 07:32:00 craftaro sshd[62339]: Disconnected from authenticating user root 61.177.172.143 port 40502 [preauth]
Apr 17 07:32:00 craftaro sshd[62339]: PAM 2 more authentication failures; logname= uid=0 euid=0 tty=ssh ruser= rhost=61.177.172.143 user=root
Apr 17 07:32:12 craftaro sshd[62343]: pam_unix(sshd:auth): authentication failure; logname= uid=0 euid=0 tty=ssh ruser= rhost=61.177.172.143 user=root
Apr 17 07:32:14 craftaro sshd[62343]: Failed password for root from 61.177.172.143 port 31491 ssh2
Apr 17 07:32:15 craftaro sshd[62345]: pam_unix(sshd:auth): authentication failure; logname= uid=0 euid=0 tty=ssh ruser= rhost=61.177.172.114 user=root
Apr 17 07:32:17 craftaro sshd[62343]: Failed password for root from 61.177.172.143 port 31491 ssh2
Apr 17 07:32:17 craftaro sshd[62345]: Failed password for root from 61.177.172.114 port 34023 ssh2
Apr 17 07:32:20 craftaro sshd[62343]: Failed password for root from 61.177.172.143 port 31491 ssh2
Apr 17 07:32:20 craftaro sshd[62345]: Failed password for root from 61.177.172.114 port 34023 ssh2
Apr 17 07:32:21 craftaro sshd[62343]: Received disconnect from 61.177.172.143 port 31491:11: [preauth]
Apr 17 07:32:21 craftaro sshd[62343]: Disconnected from authenticating user root 61.177.172.143 port 31491 [preauth]
Apr 17 07:32:21 craftaro sshd[62343]: PAM 2 more authentication failures; logname= uid=0 euid=0 tty=ssh ruser= rhost=61.177.172.143 user=root
Apr 17 07:32:23 craftaro sshd[62345]: Failed password for root from 61.177.172.114 port 34023 ssh2
Apr 17 07:32:25 craftaro sshd[62345]: Received disconnect from 61.177.172.114 port 34023:11: [preauth]
Apr 17 07:32:25 craftaro sshd[62345]: Disconnected from authenticating user root 61.177.172.114 port 34023 [preauth]
Apr 17 07:32:25 craftaro sshd[62345]: PAM 2 more authentication failures; logname= uid=0 euid=0 tty=ssh ruser= rhost=61.177.172.114 user=root
Apr 17 07:32:27 craftaro sshd[62347]: pam_unix(sshd:auth): authentication failure; logname= uid=0 euid=0 tty=ssh ruser= rhost=61.177.172.114 user=root
Apr 17 07:32:30 craftaro sshd[62347]: Failed password for root from 61.177.172.114 port 51528 ssh2
Apr 17 07:32:33 craftaro sshd[62347]: Failed password for root from 61.177.172.114 port 51528 ssh2
Apr 17 07:32:34 craftaro sshd[62349]: pam_unix(sshd:auth): authentication failure; logname= uid=0 euid=0 tty=ssh ruser= rhost=61.177.172.143 user=root
Apr 17 07:32:36 craftaro sshd[62347]: Failed password for root from 61.177.172.114 port 51528 ssh2
Apr 17 07:32:37 craftaro sshd[62349]: Failed password for root from 61.177.172.143 port 32202 ssh2
Apr 17 07:32:37 craftaro sshd[62347]: Received disconnect from 61.177.172.114 port 51528:11: [preauth]
Apr 17 07:32:37 craftaro sshd[62347]: Disconnected from authenticating user root 61.177.172.114 port 51528 [preauth]
Apr 17 07:32:37 craftaro sshd[62347]: PAM 2 more authentication failures; logname= uid=0 euid=0 tty=ssh ruser= rhost=61.177.172.114 user=root
Apr 17 07:32:39 craftaro sshd[62349]: Failed password for root from 61.177.172.143 port 32202 ssh2
Apr 17 07:32:43 craftaro sshd[62349]: Failed password for root from 61.177.172.143 port 32202 ssh2
Apr 17 07:32:44 craftaro sshd[62349]: Received disconnect from 61.177.172.143 port 32202:11: [preauth]
Apr 17 07:32:44 craftaro sshd[62349]: Disconnected from authenticating user root 61.177.172.143 port 32202 [preauth]
Apr 17 07:32:44 craftaro sshd[62349]: PAM 2 more authentication failures; logname= uid=0 euid=0 tty=ssh ruser= rhost=61.177.172.143 user=root
Apr 17 07:32:54 craftaro sshd[62351]: pam_unix(sshd:auth): authentication failure; logname= uid=0 euid=0 tty=ssh ruser= rhost=61.177.172.143 user=root
Apr 17 07:32:56 craftaro sshd[62351]: Failed password for root from 61.177.172.143 port 12769 ssh2
Apr 17 07:33:02 craftaro sshd[62351]: message repeated 2 times: [ Failed password for root from 61.177.172.143 port 12769 ssh2]
Apr 17 07:33:03 craftaro sshd[62351]: Received disconnect from 61.177.172.143 port 12769:11: [preauth]
Apr 17 07:33:03 craftaro sshd[62351]: Disconnected from authenticating user root 61.177.172.143 port 12769 [preauth]
Apr 17 07:33:03 craftaro sshd[62351]: PAM 2 more authentication failures; logname= uid=0 euid=0 tty=ssh ruser= rhost=61.177.172.143 user=root
Apr 17 07:33:16 craftaro sshd[62353]: pam_unix(sshd:auth): authentication failure; logname= uid=0 euid=0 tty=ssh ruser= rhost=61.177.172.143 user=root
Apr 17 07:33:18 craftaro sshd[62353]: Failed password for root from 61.177.172.143 port 16374 ssh2
Apr 17 07:33:24 craftaro sshd[62353]: message repeated 2 times: [ Failed password for root from 61.177.172.143 port 16374 ssh2]
Apr 17 07:33:26 craftaro sshd[62353]: Received disconnect from 61.177.172.143 port 16374:11: [preauth]
Apr 17 07:33:26 craftaro sshd[62353]: Disconnected from authenticating user root 61.177.172.143 port 16374 [preauth]
Apr 17 07:33:26 craftaro sshd[62353]: PAM 2 more authentication failures; logname= uid=0 euid=0 tty=ssh ruser= rhost=61.177.172.143 user=root
Apr 17 07:33:37 craftaro sshd[62355]: pam_unix(sshd:auth): authentication failure; logname= uid=0 euid=0 tty=ssh ruser= rhost=61.177.172.143 user=root
Apr 17 07:33:39 craftaro sshd[62355]: Failed password for root from 61.177.172.143 port 58980 ssh2
Apr 17 07:33:45 craftaro sshd[62355]: message repeated 2 times: [ Failed password for root from 61.177.172.143 port 58980 ssh2]
Apr 17 07:33:46 craftaro sshd[62355]: Received disconnect from 61.177.172.143 port 58980:11: [preauth]
Apr 17 07:33:46 craftaro sshd[62355]: Disconnected from authenticating user root 61.177.172.143 port 58980 [preauth]
Apr 17 07:33:46 craftaro sshd[62355]: PAM 2 more authentication failures; logname= uid=0 euid=0 tty=ssh ruser= rhost=61.177.172.143 user=root
Apr 17 07:33:58 craftaro sshd[62357]: pam_unix(sshd:auth): authentication failure; logname= uid=0 euid=0 tty=ssh ruser= rhost=61.177.172.143 user=root
Apr 17 07:33:59 craftaro sshd[62357]: Failed password for root from 61.177.172.143 port 51375 ssh2
Apr 17 07:34:06 craftaro sshd[62357]: message repeated 2 times: [ Failed password for root from 61.177.172.143 port 51375 ssh2]
Apr 17 07:34:07 craftaro sshd[62357]: Received disconnect from 61.177.172.143 port 51375:11: [preauth]
Apr 17 07:34:07 craftaro sshd[62357]: Disconnected from authenticating user root 61.177.172.143 port 51375 [preauth]
Apr 17 07:34:07 craftaro sshd[62357]: PAM 2 more authentication failures; logname= uid=0 euid=0 tty=ssh ruser= rhost=61.177.172.143 user=root
Apr 17 07:34:19 craftaro sshd[62359]: pam_unix(sshd:auth): authentication failure; logname= uid=0 euid=0 tty=ssh ruser= rhost=61.177.172.143 user=root
Apr 17 07:34:21 craftaro sshd[62359]: Failed password for root from 61.177.172.143 port 47060 ssh2
Apr 17 07:34:28 craftaro sshd[62359]: message repeated 2 times: [ Failed password for root from 61.177.172.143 port 47060 ssh2]
Apr 17 07:34:28 craftaro sshd[62359]: Received disconnect from 61.177.172.143 port 47060:11: [preauth]
Apr 17 07:34:28 craftaro sshd[62359]: Disconnected from authenticating user root 61.177.172.143 port 47060 [preauth]
Apr 17 07:34:28 craftaro sshd[62359]: PAM 2 more authentication failures; logname= uid=0 euid=0 tty=ssh ruser= rhost=61.177.172.143 user=root
Apr 17 07:34:39 craftaro sshd[62361]: pam_unix(sshd:auth): authentication failure; logname= uid=0 euid=0 tty=ssh ruser= rhost=61.177.172.143 user=root
Apr 17 07:34:41 craftaro sshd[62361]: Failed password for root from 61.177.172.143 port 34571 ssh2
Apr 17 07:34:48 craftaro sshd[62361]: message repeated 2 times: [ Failed password for root from 61.177.172.143 port 34571 ssh2]
Apr 17 07:34:49 craftaro sshd[62361]: Received disconnect from 61.177.172.143 port 34571:11: [preauth]
Apr 17 07:34:49 craftaro sshd[62361]: Disconnected from authenticating user root 61.177.172.143 port 34571 [preauth]
Apr 17 07:34:49 craftaro sshd[62361]: PAM 2 more authentication failures; logname= uid=0 euid=0 tty=ssh ruser= rhost=61.177.172.143 user=root
Apr 17 07:35:00 craftaro sshd[62363]: pam_unix(sshd:auth): authentication failure; logname= uid=0 euid=0 tty=ssh ruser= rhost=61.177.172.143 user=root
Apr 17 07:35:02 craftaro sshd[62363]: Failed password for root from 61.177.172.143 port 23152 ssh2
Apr 17 07:35:07 craftaro sshd[62363]: message repeated 2 times: [ Failed password for root from 61.177.172.143 port 23152 ssh2]
Apr 17 07:35:08 craftaro sshd[62363]: Received disconnect from 61.177.172.143 port 23152:11: [preauth]
Apr 17 07:35:08 craftaro sshd[62363]: Disconnected from authenticating user root 61.177.172.143 port 23152 [preauth]
Apr 17 07:35:08 craftaro sshd[62363]: PAM 2 more authentication failures; logname= uid=0 euid=0 tty=ssh ruser= rhost=61.177.172.143 user=root
Apr 17 07:35:21 craftaro sshd[62365]: pam_unix(sshd:auth): authentication failure; logname= uid=0 euid=0 tty=ssh ruser= rhost=61.177.172.143 user=root
Apr 17 07:35:23 craftaro sshd[62365]: Failed password for root from 61.177.172.143 port 17363 ssh2
Apr 17 07:35:29 craftaro sshd[62365]: message repeated 2 times: [ Failed password for root from 61.177.172.143 port 17363 ssh2]
Apr 17 07:35:29 craftaro sshd[62365]: Received disconnect from 61.177.172.143 port 17363:11: [preauth]
Apr 17 07:35:29 craftaro sshd[62365]: Disconnected from authenticating user root 61.177.172.143 port 17363 [preauth]
Apr 17 07:35:29 craftaro sshd[62365]: PAM 2 more authentication failures; logname= uid=0 euid=0 tty=ssh ruser= rhost=61.177.172.143 user=root
Apr 17 07:35:41 craftaro sshd[62367]: pam_unix(sshd:auth): authentication failure; logname= uid=0 euid=0 tty=ssh ruser= rhost=61.177.172.143 user=root
Apr 17 07:35:43 craftaro sshd[62367]: Failed password for root from 61.177.172.143 port 63741 ssh2
Apr 17 07:35:50 craftaro sshd[62367]: message repeated 2 times: [ Failed password for root from 61.177.172.143 port 63741 ssh2]
Apr 17 07:35:51 craftaro sshd[62367]: Received disconnect from 61.177.172.143 port 63741:11: [preauth]
Apr 17 07:35:51 craftaro sshd[62367]: Disconnected from authenticating user root 61.177.172.143 port 63741 [preauth]
Apr 17 07:35:51 craftaro sshd[62367]: PAM 2 more authentication failures; logname= uid=0 euid=0 tty=ssh ruser= rhost=61.177.172.143 user=root
Apr 17 07:36:03 craftaro sshd[62369]: pam_unix(sshd:auth): authentication failure; logname= uid=0 euid=0 tty=ssh ruser= rhost=61.177.172.143 user=root
Apr 17 07:36:05 craftaro sshd[62369]: Failed password for root from 61.177.172.143 port 63096 ssh2
Apr 17 07:36:11 craftaro sshd[62369]: message repeated 2 times: [ Failed password for root from 61.177.172.143 port 63096 ssh2]
Apr 17 07:36:13 craftaro sshd[62369]: Received disconnect from 61.177.172.143 port 63096:11: [preauth]
Apr 17 07:36:13 craftaro sshd[62369]: Disconnected from authenticating user root 61.177.172.143 port 63096 [preauth]
Apr 17 07:36:13 craftaro sshd[62369]: PAM 2 more authentication failures; logname= uid=0 euid=0 tty=ssh ruser= rhost=61.177.172.143 user=root
Apr 17 07:36:24 craftaro sshd[62371]: pam_unix(sshd:auth): authentication failure; logname= uid=0 euid=0 tty=ssh ruser= rhost=61.177.172.143 user=root
Apr 17 07:36:26 craftaro sshd[62371]: Failed password for root from 61.177.172.143 port 53711 ssh2
Apr 17 07:36:33 craftaro sshd[62371]: message repeated 2 times: [ Failed password for root from 61.177.172.143 port 53711 ssh2]
Apr 17 07:36:33 craftaro sshd[62371]: Received disconnect from 61.177.172.143 port 53711:11: [preauth]
Apr 17 07:36:33 craftaro sshd[62371]: Disconnected from authenticating user root 61.177.172.143 port 53711 [preauth]
Apr 17 07:36:33 craftaro sshd[62371]: PAM 2 more authentication failures; logname= uid=0 euid=0 tty=ssh ruser= rhost=61.177.172.143 user=root
Apr 17 07:36:44 craftaro sshd[62373]: pam_unix(sshd:auth): authentication failure; logname= uid=0 euid=0 tty=ssh ruser= rhost=61.177.172.143 user=root
Apr 17 07:36:46 craftaro sshd[62373]: Failed password for root from 61.177.172.143 port 43668 ssh2
Apr 17 07:36:52 craftaro sshd[62373]: message repeated 2 times: [ Failed password for root from 61.177.172.143 port 43668 ssh2]
Apr 17 07:36:54 craftaro sshd[62373]: Received disconnect from 61.177.172.143 port 43668:11: [preauth]
Apr 17 07:36:54 craftaro sshd[62373]: Disconnected from authenticating user root 61.177.172.143 port 43668 [preauth]
Apr 17 07:36:54 craftaro sshd[62373]: PAM 2 more authentication failures; logname= uid=0 euid=0 tty=ssh ruser= rhost=61.177.172.143 user=root
Apr 17 07:37:05 craftaro sshd[62375]: pam_unix(sshd:auth): authentication failure; logname= uid=0 euid=0 tty=ssh ruser= rhost=61.177.172.143 user=root
Apr 17 07:37:08 craftaro sshd[62375]: Failed password for root from 61.177.172.143 port 34483 ssh2
Apr 17 07:37:14 craftaro sshd[62375]: message repeated 2 times: [ Failed password for root from 61.177.172.143 port 34483 ssh2]
Apr 17 07:37:15 craftaro sshd[62375]: Received disconnect from 61.177.172.143 port 34483:11: [preauth]
Apr 17 07:37:15 craftaro sshd[62375]: Disconnected from authenticating user root 61.177.172.143 port 34483 [preauth]
Apr 17 07:37:15 craftaro sshd[62375]: PAM 2 more authentication failures; logname= uid=0 euid=0 tty=ssh ruser= rhost=61.177.172.143 user=root
Apr 17 07:37:26 craftaro sshd[62377]: pam_unix(sshd:auth): authentication failure; logname= uid=0 euid=0 tty=ssh ruser= rhost=61.177.172.143 user=root
Apr 17 07:37:28 craftaro sshd[62377]: Failed password for root from 61.177.172.143 port 22232 ssh2
Apr 17 07:37:34 craftaro sshd[62377]: message repeated 2 times: [ Failed password for root from 61.177.172.143 port 22232 ssh2]
Apr 17 07:37:35 craftaro sshd[62377]: Received disconnect from 61.177.172.143 port 22232:11: [preauth]
Apr 17 07:37:35 craftaro sshd[62377]: Disconnected from authenticating user root 61.177.172.143 port 22232 [preauth]
Apr 17 07:37:35 craftaro sshd[62377]: PAM 2 more authentication failures; logname= uid=0 euid=0 tty=ssh ruser= rhost=61.177.172.143 user=root
Apr 17 07:37:46 craftaro sshd[62379]: pam_unix(sshd:auth): authentication failure; logname= uid=0 euid=0 tty=ssh ruser= rhost=61.177.172.143 user=root
Apr 17 07:37:47 craftaro sshd[62379]: Failed password for root from 61.177.172.143 port 56050 ssh2
Apr 17 07:37:54 craftaro sshd[62379]: message repeated 2 times: [ Failed password for root from 61.177.172.143 port 56050 ssh2]
Apr 17 07:37:55 craftaro sshd[62381]: pam_unix(sshd:auth): authentication failure; logname= uid=0 euid=0 tty=ssh ruser= rhost=61.177.172.108 user=root
Apr 17 07:37:55 craftaro sshd[62379]: Received disconnect from 61.177.172.143 port 56050:11: [preauth]
Apr 17 07:37:55 craftaro sshd[62379]: Disconnected from authenticating user root 61.177.172.143 port 56050 [preauth]
Apr 17 07:37:55 craftaro sshd[62379]: PAM 2 more authentication failures; logname= uid=0 euid=0 tty=ssh ruser= rhost=61.177.172.143 user=root
Apr 17 07:37:57 craftaro sshd[62381]: Failed password for root from 61.177.172.108 port 23371 ssh2
Apr 17 07:38:04 craftaro sshd[62381]: message repeated 2 times: [ Failed password for root from 61.177.172.108 port 23371 ssh2]
Apr 17 07:38:04 craftaro sshd[62381]: Received disconnect from 61.177.172.108 port 23371:11: [preauth]
Apr 17 07:38:04 craftaro sshd[62381]: Disconnected from authenticating user root 61.177.172.108 port 23371 [preauth]
Apr 17 07:38:04 craftaro sshd[62381]: PAM 2 more authentication failures; logname= uid=0 euid=0 tty=ssh ruser= rhost=61.177.172.108 user=root
Apr 17 07:38:06 craftaro sshd[62383]: pam_unix(sshd:auth): authentication failure; logname= uid=0 euid=0 tty=ssh ruser= rhost=61.177.172.108 user=root
Apr 17 07:38:08 craftaro sshd[62385]: pam_unix(sshd:auth): authentication failure; logname= uid=0 euid=0 tty=ssh ruser= rhost=61.177.172.143 user=root
Apr 17 07:38:08 craftaro sshd[62383]: Failed password for root from 61.177.172.108 port 36352 ssh2
Apr 17 07:38:09 craftaro sshd[62385]: Failed password for root from 61.177.172.143 port 57145 ssh2
Apr 17 07:38:11 craftaro sshd[62383]: Failed password for root from 61.177.172.108 port 36352 ssh2
Apr 17 07:38:13 craftaro sshd[62385]: Failed password for root from 61.177.172.143 port 57145 ssh2
Apr 17 07:38:14 craftaro sshd[62383]: Failed password for root from 61.177.172.108 port 36352 ssh2
Apr 17 07:38:15 craftaro sshd[62383]: Received disconnect from 61.177.172.108 port 36352:11: [preauth]
Apr 17 07:38:15 craftaro sshd[62383]: Disconnected from authenticating user root 61.177.172.108 port 36352 [preauth]
Apr 17 07:38:15 craftaro sshd[62383]: PAM 2 more authentication failures; logname= uid=0 euid=0 tty=ssh ruser= rhost=61.177.172.108 user=root
Apr 17 07:38:16 craftaro sshd[62385]: Failed password for root from 61.177.172.143 port 57145 ssh2
Apr 17 07:38:17 craftaro sshd[62387]: pam_unix(sshd:auth): authentication failure; logname= uid=0 euid=0 tty=ssh ruser= rhost=61.177.172.108 user=root
Apr 17 07:38:17 craftaro sshd[62385]: Received disconnect from 61.177.172.143 port 57145:11: [preauth]
Apr 17 07:38:17 craftaro sshd[62385]: Disconnected from authenticating user root 61.177.172.143 port 57145 [preauth]
Apr 17 07:38:17 craftaro sshd[62385]: PAM 2 more authentication failures; logname= uid=0 euid=0 tty=ssh ruser= rhost=61.177.172.143 user=root
Apr 17 07:38:18 craftaro sshd[62387]: Failed password for root from 61.177.172.108 port 41411 ssh2
Apr 17 07:38:26 craftaro sshd[62387]: message repeated 2 times: [ Failed password for root from 61.177.172.108 port 41411 ssh2]
Apr 17 07:38:27 craftaro sshd[62387]: Received disconnect from 61.177.172.108 port 41411:11: [preauth]
Apr 17 07:38:27 craftaro sshd[62387]: Disconnected from authenticating user root 61.177.172.108 port 41411 [preauth]
Apr 17 07:38:27 craftaro sshd[62387]: PAM 2 more authentication failures; logname= uid=0 euid=0 tty=ssh ruser= rhost=61.177.172.108 user=root
Apr 17 07:38:27 craftaro sshd[62389]: pam_unix(sshd:auth): authentication failure; logname= uid=0 euid=0 tty=ssh ruser= rhost=61.177.172.143 user=root
Apr 17 07:38:29 craftaro sshd[62389]: Failed password for root from 61.177.172.143 port 39224 ssh2
Apr 17 07:38:36 craftaro sshd[62389]: message repeated 2 times: [ Failed password for root from 61.177.172.143 port 39224 ssh2]
Apr 17 07:38:37 craftaro sshd[62389]: Received disconnect from 61.177.172.143 port 39224:11: [preauth]
Apr 17 07:38:37 craftaro sshd[62389]: Disconnected from authenticating user root 61.177.172.143 port 39224 [preauth]
Apr 17 07:38:37 craftaro sshd[62389]: PAM 2 more authentication failures; logname= uid=0 euid=0 tty=ssh ruser= rhost=61.177.172.143 user=root
Apr 17 07:38:50 craftaro sshd[62391]: pam_unix(sshd:auth): authentication failure; logname= uid=0 euid=0 tty=ssh ruser= rhost=61.177.172.143 user=root
Apr 17 07:38:52 craftaro sshd[62391]: Failed password for root from 61.177.172.143 port 37297 ssh2
Apr 17 07:38:54 craftaro sshd[62393]: pam_unix(sshd:auth): authentication failure; logname= uid=0 euid=0 tty=ssh ruser= rhost=61.177.173.50 user=root
Apr 17 07:38:56 craftaro sshd[62391]: Failed password for root from 61.177.172.143 port 37297 ssh2
Apr 17 07:38:56 craftaro sshd[62393]: Failed password for root from 61.177.173.50 port 26001 ssh2
Apr 17 07:38:58 craftaro sshd[62391]: Failed password for root from 61.177.172.143 port 37297 ssh2
Apr 17 07:38:59 craftaro sshd[62391]: Received disconnect from 61.177.172.143 port 37297:11: [preauth]
Apr 17 07:38:59 craftaro sshd[62391]: Disconnected from authenticating user root 61.177.172.143 port 37297 [preauth]
Apr 17 07:38:59 craftaro sshd[62391]: PAM 2 more authentication failures; logname= uid=0 euid=0 tty=ssh ruser= rhost=61.177.172.143 user=root
Apr 17 07:38:59 craftaro sshd[62393]: Failed password for root from 61.177.173.50 port 26001 ssh2
Apr 17 07:39:02 craftaro sshd[62393]: Failed password for root from 61.177.173.50 port 26001 ssh2
Apr 17 07:39:03 craftaro sshd[62393]: Received disconnect from 61.177.173.50 port 26001:11: [preauth]
Apr 17 07:39:03 craftaro sshd[62393]: Disconnected from authenticating user root 61.177.173.50 port 26001 [preauth]
Apr 17 07:39:03 craftaro sshd[62393]: PAM 2 more authentication failures; logname= uid=0 euid=0 tty=ssh ruser= rhost=61.177.173.50 user=root
Apr 17 07:39:05 craftaro sshd[62395]: pam_unix(sshd:auth): authentication failure; logname= uid=0 euid=0 tty=ssh ruser= rhost=61.177.173.50 user=root
Apr 17 07:39:08 craftaro sshd[62395]: Failed password for root from 61.177.173.50 port 35954 ssh2
Apr 17 07:39:11 craftaro sshd[62395]: Failed password for root from 61.177.173.50 port 35954 ssh2
Apr 17 07:39:12 craftaro sshd[62397]: pam_unix(sshd:auth): authentication failure; logname= uid=0 euid=0 tty=ssh ruser= rhost=61.177.172.143 user=root
Apr 17 07:39:13 craftaro sshd[62395]: Failed password for root from 61.177.173.50 port 35954 ssh2
Apr 17 07:39:14 craftaro sshd[62397]: Failed password for root from 61.177.172.143 port 32270 ssh2
Apr 17 07:39:14 craftaro sshd[62395]: Received disconnect from 61.177.173.50 port 35954:11: [preauth]
Apr 17 07:39:14 craftaro sshd[62395]: Disconnected from authenticating user root 61.177.173.50 port 35954 [preauth]
Apr 17 07:39:14 craftaro sshd[62395]: PAM 2 more authentication failures; logname= uid=0 euid=0 tty=ssh ruser= rhost=61.177.173.50 user=root
Apr 17 07:39:17 craftaro sshd[62397]: Failed password for root from 61.177.172.143 port 32270 ssh2
Apr 17 07:39:20 craftaro sshd[62397]: Failed password for root from 61.177.172.143 port 32270 ssh2
Apr 17 07:39:21 craftaro sshd[62397]: Received disconnect from 61.177.172.143 port 32270:11: [preauth]
Apr 17 07:39:21 craftaro sshd[62397]: Disconnected from authenticating user root 61.177.172.143 port 32270 [preauth]
Apr 17 07:39:21 craftaro sshd[62397]: PAM 2 more authentication failures; logname= uid=0 euid=0 tty=ssh ruser= rhost=61.177.172.143 user=root
Apr 17 07:39:30 craftaro sshd[62399]: pam_unix(sshd:auth): authentication failure; logname= uid=0 euid=0 tty=ssh ruser= rhost=61.177.172.143 user=root
Apr 17 07:39:32 craftaro sshd[62399]: Failed password for root from 61.177.172.143 port 10183 ssh2
Apr 17 07:39:38 craftaro sshd[62399]: message repeated 2 times: [ Failed password for root from 61.177.172.143 port 10183 ssh2]
Apr 17 07:39:38 craftaro sshd[62399]: Received disconnect from 61.177.172.143 port 10183:11: [preauth]
Apr 17 07:39:38 craftaro sshd[62399]: Disconnected from authenticating user root 61.177.172.143 port 10183 [preauth]
Apr 17 07:39:38 craftaro sshd[62399]: PAM 2 more authentication failures; logname= uid=0 euid=0 tty=ssh ruser= rhost=61.177.172.143 user=root
Apr 17 07:39:54 craftaro sshd[62401]: pam_unix(sshd:auth): authentication failure; logname= uid=0 euid=0 tty=ssh ruser= rhost=61.177.172.143 user=root
Apr 17 07:39:56 craftaro sshd[62401]: Failed password for root from 61.177.172.143 port 17862 ssh2
Apr 17 07:40:01 craftaro sshd[62401]: message repeated 2 times: [ Failed password for root from 61.177.172.143 port 17862 ssh2]
Apr 17 07:40:02 craftaro sshd[62401]: Received disconnect from 61.177.172.143 port 17862:11: [preauth]
Apr 17 07:40:02 craftaro sshd[62401]: Disconnected from authenticating user root 61.177.172.143 port 17862 [preauth]
Apr 17 07:40:02 craftaro sshd[62401]: PAM 2 more authentication failures; logname= uid=0 euid=0 tty=ssh ruser= rhost=61.177.172.143 user=root
Apr 17 07:40:13 craftaro sshd[62403]: pam_unix(sshd:auth): authentication failure; logname= uid=0 euid=0 tty=ssh ruser= rhost=61.177.172.143 user=root
Apr 17 07:40:14 craftaro sshd[62403]: Failed password for root from 61.177.172.143 port 50300 ssh2
Apr 17 07:40:15 craftaro sshd[62405]: error: kex_exchange_identification: Connection closed by remote host
Apr 17 07:40:17 craftaro sshd[62420]: Invalid user jdeployer from 114.95.144.100 port 43012
Apr 17 07:40:17 craftaro sshd[62423]: Invalid user usr from 114.95.144.100 port 43034
Apr 17 07:40:17 craftaro sshd[62420]: pam_unix(sshd:auth): check pass; user unknown
Apr 17 07:40:17 craftaro sshd[62420]: pam_unix(sshd:auth): authentication failure; logname= uid=0 euid=0 tty=ssh ruser= rhost=114.95.144.100
Apr 17 07:40:17 craftaro sshd[62423]: pam_unix(sshd:auth): check pass; user unknown
Apr 17 07:40:17 craftaro sshd[62423]: pam_unix(sshd:auth): authentication failure; logname= uid=0 euid=0 tty=ssh ruser= rhost=114.95.144.100
Apr 17 07:40:19 craftaro sshd[62403]: Failed password for root from 61.177.172.143 port 50300 ssh2
Apr 17 07:40:20 craftaro sshd[62420]: Failed password for invalid user jdeployer from 114.95.144.100 port 43012 ssh2
Apr 17 07:40:20 craftaro sshd[62423]: Failed password for invalid user usr from 114.95.144.100 port 43034 ssh2
Apr 17 07:40:21 craftaro sshd[62403]: Failed password for root from 61.177.172.143 port 50300 ssh2
Apr 17 07:40:21 craftaro sshd[62423]: Connection closed by invalid user usr 114.95.144.100 port 43034 [preauth]
Apr 17 07:40:22 craftaro sshd[62420]: Connection closed by invalid user jdeployer 114.95.144.100 port 43012 [preauth]
Apr 17 07:40:22 craftaro sshd[62403]: Received disconnect from 61.177.172.143 port 50300:11: [preauth]
Apr 17 07:40:22 craftaro sshd[62403]: Disconnected from authenticating user root 61.177.172.143 port 50300 [preauth]
Apr 17 07:40:22 craftaro sshd[62403]: PAM 2 more authentication failures; logname= uid=0 euid=0 tty=ssh ruser= rhost=61.177.172.143 user=root
Apr 17 07:40:56 craftaro sshd[62434]: pam_unix(sshd:auth): authentication failure; logname= uid=0 euid=0 tty=ssh ruser= rhost=61.177.172.143 user=root
Apr 17 07:40:56 craftaro sshd[62436]: pam_unix(sshd:auth): authentication failure; logname= uid=0 euid=0 tty=ssh ruser= rhost=61.177.173.48 user=root
Apr 17 07:40:58 craftaro sshd[62434]: Failed password for root from 61.177.172.143 port 47390 ssh2
Apr 17 07:40:58 craftaro sshd[62436]: Failed password for root from 61.177.173.48 port 25564 ssh2
Apr 17 07:41:01 craftaro sshd[62434]: Failed password for root from 61.177.172.143 port 47390 ssh2
Apr 17 07:41:01 craftaro sshd[62436]: Failed password for root from 61.177.173.48 port 25564 ssh2
Apr 17 07:41:04 craftaro sshd[62434]: Failed password for root from 61.177.172.143 port 47390 ssh2
Apr 17 07:41:04 craftaro sshd[62436]: Failed password for root from 61.177.173.48 port 25564 ssh2
Apr 17 07:41:05 craftaro sshd[62434]: Received disconnect from 61.177.172.143 port 47390:11: [preauth]
Apr 17 07:41:05 craftaro sshd[62434]: Disconnected from authenticating user root 61.177.172.143 port 47390 [preauth]
Apr 17 07:41:05 craftaro sshd[62434]: PAM 2 more authentication failures; logname= uid=0 euid=0 tty=ssh ruser= rhost=61.177.172.143 user=root
Apr 17 07:41:05 craftaro sshd[62436]: Received disconnect from 61.177.173.48 port 25564:11: [preauth]
Apr 17 07:41:05 craftaro sshd[62436]: Disconnected from authenticating user root 61.177.173.48 port 25564 [preauth]
Apr 17 07:41:05 craftaro sshd[62436]: PAM 2 more authentication failures; logname= uid=0 euid=0 tty=ssh ruser= rhost=61.177.173.48 user=root
Apr 17 07:41:08 craftaro sshd[62439]: pam_unix(sshd:auth): authentication failure; logname= uid=0 euid=0 tty=ssh ruser= rhost=61.177.173.48 user=root
Apr 17 07:41:09 craftaro sshd[62439]: Failed password for root from 61.177.173.48 port 46316 ssh2
Apr 17 07:41:16 craftaro sshd[62439]: message repeated 2 times: [ Failed password for root from 61.177.173.48 port 46316 ssh2]
Apr 17 07:41:17 craftaro sshd[62439]: Received disconnect from 61.177.173.48 port 46316:11: [preauth]
Apr 17 07:41:17 craftaro sshd[62439]: Disconnected from authenticating user root 61.177.173.48 port 46316 [preauth]
Apr 17 07:41:17 craftaro sshd[62439]: PAM 2 more authentication failures; logname= uid=0 euid=0 tty=ssh ruser= rhost=61.177.173.48 user=root
Apr 17 07:41:19 craftaro sshd[62441]: pam_unix(sshd:auth): authentication failure; logname= uid=0 euid=0 tty=ssh ruser= rhost=61.177.173.48 user=root
Apr 17 07:41:20 craftaro sshd[62441]: Failed password for root from 61.177.173.48 port 30166 ssh2
Apr 17 07:41:27 craftaro sshd[62441]: message repeated 2 times: [ Failed password for root from 61.177.173.48 port 30166 ssh2]
Apr 17 07:41:28 craftaro sshd[62441]: Received disconnect from 61.177.173.48 port 30166:11: [preauth]
Apr 17 07:41:28 craftaro sshd[62441]: Disconnected from authenticating user root 61.177.173.48 port 30166 [preauth]
Apr 17 07:41:28 craftaro sshd[62441]: PAM 2 more authentication failures; logname= uid=0 euid=0 tty=ssh ruser= rhost=61.177.173.48 user=root
Apr 17 07:42:00 craftaro sshd[62443]: pam_unix(sshd:auth): authentication failure; logname= uid=0 euid=0 tty=ssh ruser= rhost=61.177.172.143 user=root
Apr 17 07:42:02 craftaro sshd[62443]: Failed password for root from 61.177.172.143 port 35113 ssh2
Apr 17 07:42:07 craftaro sshd[62443]: message repeated 2 times: [ Failed password for root from 61.177.172.143 port 35113 ssh2]
Apr 17 07:42:09 craftaro sshd[62443]: Received disconnect from 61.177.172.143 port 35113:11: [preauth]
Apr 17 07:42:09 craftaro sshd[62443]: Disconnected from authenticating user root 61.177.172.143 port 35113 [preauth]
Apr 17 07:42:09 craftaro sshd[62443]: PAM 2 more authentication failures; logname= uid=0 euid=0 tty=ssh ruser= rhost=61.177.172.143 user=root
Apr 17 07:42:18 craftaro sshd[62445]: pam_unix(sshd:auth): authentication failure; logname= uid=0 euid=0 tty=ssh ruser= rhost=61.177.172.143 user=root
Apr 17 07:42:20 craftaro sshd[62445]: Failed password for root from 61.177.172.143 port 14168 ssh2
Apr 17 07:42:27 craftaro sshd[62445]: message repeated 2 times: [ Failed password for root from 61.177.172.143 port 14168 ssh2]
Apr 17 07:42:28 craftaro sshd[62445]: Received disconnect from 61.177.172.143 port 14168:11: [preauth]
Apr 17 07:42:28 craftaro sshd[62445]: Disconnected from authenticating user root 61.177.172.143 port 14168 [preauth]
Apr 17 07:42:28 craftaro sshd[62445]: PAM 2 more authentication failures; logname= uid=0 euid=0 tty=ssh ruser= rhost=61.177.172.143 user=root
Apr 17 07:42:29 craftaro sshd[62447]: error: kex_exchange_identification: Connection closed by remote host
Apr 17 07:42:41 craftaro sshd[62448]: pam_unix(sshd:auth): authentication failure; logname= uid=0 euid=0 tty=ssh ruser= rhost=61.177.172.143 user=root
Apr 17 07:42:43 craftaro sshd[62448]: Failed password for root from 61.177.172.143 port 20635 ssh2
Apr 17 07:42:50 craftaro sshd[62448]: message repeated 2 times: [ Failed password for root from 61.177.172.143 port 20635 ssh2]
Apr 17 07:42:50 craftaro sshd[62448]: Received disconnect from 61.177.172.143 port 20635:11: [preauth]
Apr 17 07:42:50 craftaro sshd[62448]: Disconnected from authenticating user root 61.177.172.143 port 20635 [preauth]
Apr 17 07:42:50 craftaro sshd[62448]: PAM 2 more authentication failures; logname= uid=0 euid=0 tty=ssh ruser= rhost=61.177.172.143 user=root
Apr 17 07:43:03 craftaro sshd[62450]: pam_unix(sshd:auth): authentication failure; logname= uid=0 euid=0 tty=ssh ruser= rhost=61.177.172.143 user=root
Apr 17 07:43:05 craftaro sshd[62450]: Failed password for root from 61.177.172.143 port 22220 ssh2
Apr 17 07:43:11 craftaro sshd[62450]: message repeated 2 times: [ Failed password for root from 61.177.172.143 port 22220 ssh2]
Apr 17 07:43:12 craftaro sshd[62450]: Received disconnect from 61.177.172.143 port 22220:11: [preauth]
